Current File : //home/gulsvnnd/access-logs/pointspadhaka.com.gulshanthaispadhaka.com-ssl_log
66.249.72.100 - - [22/Jun/2025:01:28:19 -0400] "POST /get-message-notify HTTP/1.1" 200 19475 "https://pointspadhaka.com/store.php?shopdetail/240470535" "Mozilla/5.0 (Linux; Android 6.0.1; Nexus 5X Build/MMB29P) AppleWebKit/537.36 (KHTML, like Gecko) Chrome/137.0.7151.68 Mobile Safari/537.36 (compatible; Googlebot/2.1; +http://www.google.com/bot.html)"
85.208.96.206 - - [22/Jun/2025:01:28:44 -0400] "GET /4169021852.htm HTTP/1.1" 404 22702 "-" "Mozilla/5.0 (compatible; SemrushBot/7~bl; +http://www.semrush.com/bot.html)"
123.187.240.242 - - [22/Jun/2025:01:28:53 -0400] "GET / HTTP/1.1" 200 39400 "http://www.pointspadhaka.com" "Mozilla/5.0 (iPhone; CPU iPhone OS 13_2_3 like Mac OS X) AppleWebKit/605.1.15 (KHTML, like Gecko) Version/13.0.3 Mobile/15E148 Safari/604.1"
66.249.72.100 - - [22/Jun/2025:01:28:59 -0400] "GET /store.php?shopdetail/93181435 HTTP/1.1" 200 20000 "-" "Mozilla/5.0 (Linux; Android 6.0.1; Nexus 5X Build/MMB29P) AppleWebKit/537.36 (KHTML, like Gecko) Chrome/137.0.7151.103 Mobile Safari/537.36 (compatible; GoogleOther)"
66.249.72.100 - - [22/Jun/2025:01:29:00 -0400] "GET /store.php?shopdetail/19829835 HTTP/1.1" 200 20593 "-" "Mozilla/5.0 (Linux; Android 6.0.1; Nexus 5X Build/MMB29P) AppleWebKit/537.36 (KHTML, like Gecko) Chrome/137.0.7151.103 Mobile Safari/537.36 (compatible; GoogleOther)"
66.29.137.138 - - [22/Jun/2025:01:29:13 -0400] "POST /wp-cron.php?doing_wp_cron=1750570153.2174000740051269531250 HTTP/1.1" 200 0 "-" "WordPress/6.8.1; https://pointspadhaka.com"
85.208.96.209 - - [22/Jun/2025:01:29:12 -0400] "GET /4169034774.htm HTTP/1.1" 404 22702 "-" "Mozilla/5.0 (compatible; SemrushBot/7~bl; +http://www.semrush.com/bot.html)"
66.249.72.100 - - [22/Jun/2025:01:29:14 -0400] "GET /91448149091.htm HTTP/1.1" 200 21048 "-" "Mozilla/5.0 (Linux; Android 6.0.1; Nexus 5X Build/MMB29P) AppleWebKit/537.36 (KHTML, like Gecko) Chrome/137.0.7151.103 Mobile Safari/537.36 (compatible; Googlebot/2.1; +http://www.google.com/bot.html)"
185.191.171.6 - - [22/Jun/2025:01:29:20 -0400] "GET /4169080288.htm HTTP/1.1" 404 22708 "-" "Mozilla/5.0 (compatible; SemrushBot/7~bl; +http://www.semrush.com/bot.html)"
85.208.96.194 - - [22/Jun/2025:01:29:23 -0400] "GET /4973288448.htm HTTP/1.1" 404 22708 "-" "Mozilla/5.0 (compatible; SemrushBot/7~bl; +http://www.semrush.com/bot.html)"
52.167.144.222 - - [22/Jun/2025:01:29:27 -0400] "GET /shopdetail/22787035 HTTP/1.1" 200 19877 "-" "Mozilla/5.0 AppleWebKit/537.36 (KHTML, like Gecko; compatible; bingbot/2.0; +http://www.bing.com/bingbot.htm) Chrome/116.0.1938.76 Safari/537.36"
85.208.96.207 - - [22/Jun/2025:01:29:27 -0400] "GET /4973251866.htm HTTP/1.1" 404 22702 "-" "Mozilla/5.0 (compatible; SemrushBot/7~bl; +http://www.semrush.com/bot.html)"
85.208.96.211 - - [22/Jun/2025:01:29:31 -0400] "GET /4973252257.htm HTTP/1.1" 404 22702 "-" "Mozilla/5.0 (compatible; SemrushBot/7~bl; +http://www.semrush.com/bot.html)"
85.208.96.197 - - [22/Jun/2025:01:29:43 -0400] "GET /4934979866.htm HTTP/1.1" 404 22702 "-" "Mozilla/5.0 (compatible; SemrushBot/7~bl; +http://www.semrush.com/bot.html)"
66.29.137.138 - - [22/Jun/2025:01:30:04 -0400] "POST /wp-cron.php?doing_wp_cron=1750570204.3714380264282226562500 HTTP/1.1" 200 0 "-" "WordPress/6.8.1; https://pointspadhaka.com"
66.249.72.100 - - [22/Jun/2025:01:30:04 -0400] "GET /store.php?shopdetail/92407235 HTTP/1.1" 200 20910 "-" "Mozilla/5.0 (Linux; Android 6.0.1; Nexus 5X Build/MMB29P) AppleWebKit/537.36 (KHTML, like Gecko) Chrome/137.0.7151.103 Mobile Safari/537.36 (compatible; GoogleOther)"
85.208.96.196 - - [22/Jun/2025:01:30:02 -0400] "GET /4169081987.htm HTTP/1.1" 404 22702 "-" "Mozilla/5.0 (compatible; SemrushBot/7~bl; +http://www.semrush.com/bot.html)"
85.208.96.196 - - [22/Jun/2025:01:30:11 -0400] "GET /1480542871.htm HTTP/1.1" 404 22702 "-" "Mozilla/5.0 (compatible; SemrushBot/7~bl; +http://www.semrush.com/bot.html)"
85.208.96.204 - - [22/Jun/2025:01:30:14 -0400] "GET /3461319543.htm HTTP/1.1" 404 22702 "-" "Mozilla/5.0 (compatible; SemrushBot/7~bl; +http://www.semrush.com/bot.html)"
66.249.72.100 - - [22/Jun/2025:01:30:24 -0400] "POST /get-message-notify HTTP/1.1" 200 19475 "https://pointspadhaka.com/store.php?shopdetail/19829835" "Mozilla/5.0 (Linux; Android 6.0.1; Nexus 5X Build/MMB29P) AppleWebKit/537.36 (KHTML, like Gecko) Chrome/137.0.7151.68 Mobile Safari/537.36 (compatible; Googlebot/2.1; +http://www.google.com/bot.html)"
185.191.171.14 - - [22/Jun/2025:01:30:43 -0400] "GET /4934956986.htm HTTP/1.1" 404 22702 "-" "Mozilla/5.0 (compatible; SemrushBot/7~bl; +http://www.semrush.com/bot.html)"
85.208.96.196 - - [22/Jun/2025:01:30:48 -0400] "GET /4934941876.htm HTTP/1.1" 404 22702 "-" "Mozilla/5.0 (compatible; SemrushBot/7~bl; +http://www.semrush.com/bot.html)"
66.249.72.100 - - [22/Jun/2025:01:30:59 -0400] "GET /store.php?shopdetail/109731635 HTTP/1.1" 200 20588 "-" "Mozilla/5.0 (Linux; Android 6.0.1; Nexus 5X Build/MMB29P) AppleWebKit/537.36 (KHTML, like Gecko) Chrome/137.0.7151.103 Mobile Safari/537.36 (compatible; GoogleOther)"
66.29.137.138 - - [22/Jun/2025:01:31:23 -0400] "POST /wp-cron.php?doing_wp_cron=1750570283.4230821132659912109375 HTTP/1.1" 200 0 "-" "WordPress/6.8.1; https://pointspadhaka.com"
85.208.96.196 - - [22/Jun/2025:01:31:22 -0400] "GET /4169086554.htm HTTP/1.1" 404 22702 "-" "Mozilla/5.0 (compatible; SemrushBot/7~bl; +http://www.semrush.com/bot.html)"
85.208.96.205 - - [22/Jun/2025:01:31:27 -0400] "GET /4973256010.htm HTTP/1.1" 404 22702 "-" "Mozilla/5.0 (compatible; SemrushBot/7~bl; +http://www.semrush.com/bot.html)"
85.208.96.196 - - [22/Jun/2025:01:31:30 -0400] "GET /4934923598.htm HTTP/1.1" 404 22702 "-" "Mozilla/5.0 (compatible; SemrushBot/7~bl; +http://www.semrush.com/bot.html)"
85.208.96.200 - - [22/Jun/2025:01:31:44 -0400] "GET /4973211391.htm HTTP/1.1" 404 22702 "-" "Mozilla/5.0 (compatible; SemrushBot/7~bl; +http://www.semrush.com/bot.html)"
51.222.253.15 - - [22/Jun/2025:01:31:52 -0400] "GET /service/massages/ HTTP/1.1" 200 21986 "-" "Mozilla/5.0 (compatible; AhrefsBot/7.0; +http://ahrefs.com/robot/)"
85.208.96.206 - - [22/Jun/2025:01:31:52 -0400] "GET /3461342763.htm HTTP/1.1" 404 22702 "-" "Mozilla/5.0 (compatible; SemrushBot/7~bl; +http://www.semrush.com/bot.html)"
66.249.72.101 - - [22/Jun/2025:01:32:04 -0400] "GET /store.php?shopdetail/193111835 HTTP/1.1" 200 20228 "-" "Mozilla/5.0 (Linux; Android 6.0.1; Nexus 5X Build/MMB29P) AppleWebKit/537.36 (KHTML, like Gecko) Chrome/137.0.7151.103 Mobile Safari/537.36 (compatible; Googlebot/2.1; +http://www.google.com/bot.html)"
66.249.72.102 - - [22/Jun/2025:01:32:07 -0400] "POST /get-message-notify HTTP/1.1" 200 19475 "https://pointspadhaka.com/store.php?shopdetail/109731635" "Mozilla/5.0 (Linux; Android 6.0.1; Nexus 5X Build/MMB29P) AppleWebKit/537.36 (KHTML, like Gecko) Chrome/137.0.7151.68 Mobile Safari/537.36 (compatible; Googlebot/2.1; +http://www.google.com/bot.html)"
66.249.72.101 - - [22/Jun/2025:01:32:09 -0400] "GET /store.php?shopdetail/255221835 HTTP/1.1" 200 20090 "-" "Mozilla/5.0 (Linux; Android 6.0.1; Nexus 5X Build/MMB29P) AppleWebKit/537.36 (KHTML, like Gecko) Chrome/137.0.7151.103 Mobile Safari/537.36 (compatible; GoogleOther)"
66.29.137.138 - - [22/Jun/2025:01:32:12 -0400] "POST /wp-cron.php?doing_wp_cron=1750570332.5216989517211914062500 HTTP/1.1" 200 0 "-" "WordPress/6.8.1; https://pointspadhaka.com"
185.191.171.13 - - [22/Jun/2025:01:32:11 -0400] "GET /4973264974.htm HTTP/1.1" 404 22702 "-" "Mozilla/5.0 (compatible; SemrushBot/7~bl; +http://www.semrush.com/bot.html)"
185.191.171.7 - - [22/Jun/2025:01:32:32 -0400] "GET /4973236540.htm HTTP/1.1" 404 22702 "-" "Mozilla/5.0 (compatible; SemrushBot/7~bl; +http://www.semrush.com/bot.html)"
66.249.72.100 - - [22/Jun/2025:01:32:38 -0400] "GET /3120075582.htm HTTP/1.1" 200 19516 "-" "Mozilla/5.0 (Linux; Android 6.0.1; Nexus 5X Build/MMB29P) AppleWebKit/537.36 (KHTML, like Gecko) Chrome/137.0.7151.103 Mobile Safari/537.36 (compatible; Googlebot/2.1; +http://www.google.com/bot.html)"
66.249.72.100 - - [22/Jun/2025:01:32:40 -0400] "GET /3120043735.htm HTTP/1.1" 200 21346 "-" "Mozilla/5.0 (Linux; Android 6.0.1; Nexus 5X Build/MMB29P) AppleWebKit/537.36 (KHTML, like Gecko) Chrome/137.0.7151.103 Mobile Safari/537.36 (compatible; Googlebot/2.1; +http://www.google.com/bot.html)"
85.208.96.208 - - [22/Jun/2025:01:32:40 -0400] "GET /3461372205.htm HTTP/1.1" 404 22702 "-" "Mozilla/5.0 (compatible; SemrushBot/7~bl; +http://www.semrush.com/bot.html)"
66.249.72.100 - - [22/Jun/2025:01:32:42 -0400] "GET /4934947212.htm HTTP/1.1" 200 21077 "-" "Mozilla/5.0 (Linux; Android 6.0.1; Nexus 5X Build/MMB29P) AppleWebKit/537.36 (KHTML, like Gecko) Chrome/137.0.7151.103 Mobile Safari/537.36 (compatible; Googlebot/2.1; +http://www.google.com/bot.html)"
66.249.72.100 - - [22/Jun/2025:01:32:43 -0400] "GET /31200140858.htm HTTP/1.1" 200 20564 "-" "Mozilla/5.0 (Linux; Android 6.0.1; Nexus 5X Build/MMB29P) AppleWebKit/537.36 (KHTML, like Gecko) Chrome/137.0.7151.103 Mobile Safari/537.36 (compatible; Googlebot/2.1; +http://www.google.com/bot.html)"
66.249.72.100 - - [22/Jun/2025:01:32:44 -0400] "GET /34613126432.htm HTTP/1.1" 200 20312 "-" "Mozilla/5.0 (Linux; Android 6.0.1; Nexus 5X Build/MMB29P) AppleWebKit/537.36 (KHTML, like Gecko) Chrome/137.0.7151.103 Mobile Safari/537.36 (compatible; Googlebot/2.1; +http://www.google.com/bot.html)"
66.249.72.100 - - [22/Jun/2025:01:32:44 -0400] "GET /31200144251.htm HTTP/1.1" 200 19884 "-" "Mozilla/5.0 (Linux; Android 6.0.1; Nexus 5X Build/MMB29P) AppleWebKit/537.36 (KHTML, like Gecko) Chrome/137.0.7151.103 Mobile Safari/537.36 (compatible; Googlebot/2.1; +http://www.google.com/bot.html)"
66.249.72.100 - - [22/Jun/2025:01:32:46 -0400] "GET /63644164231.htm HTTP/1.1" 200 19302 "-" "Mozilla/5.0 (Linux; Android 6.0.1; Nexus 5X Build/MMB29P) AppleWebKit/537.36 (KHTML, like Gecko) Chrome/137.0.7151.103 Mobile Safari/537.36 (compatible; Googlebot/2.1; +http://www.google.com/bot.html)"
66.249.72.100 - - [22/Jun/2025:01:32:47 -0400] "GET /item/00990308249.html HTTP/1.1" 200 20000 "-" "Mozilla/5.0 (Linux; Android 6.0.1; Nexus 5X Build/MMB29P) AppleWebKit/537.36 (KHTML, like Gecko) Chrome/137.0.7151.103 Mobile Safari/537.36 (compatible; Googlebot/2.1; +http://www.google.com/bot.html)"
66.249.72.100 - - [22/Jun/2025:01:32:49 -0400] "GET /91448314911.htm HTTP/1.1" 200 20096 "-" "Mozilla/5.0 (Linux; Android 6.0.1; Nexus 5X Build/MMB29P) AppleWebKit/537.36 (KHTML, like Gecko) Chrome/137.0.7151.103 Mobile Safari/537.36 (compatible; Googlebot/2.1; +http://www.google.com/bot.html)"
66.249.72.100 - - [22/Jun/2025:01:32:50 -0400] "GET /5264139038.htm HTTP/1.1" 200 19487 "-" "Mozilla/5.0 (Linux; Android 6.0.1; Nexus 5X Build/MMB29P) AppleWebKit/537.36 (KHTML, like Gecko) Chrome/137.0.7151.103 Mobile Safari/537.36 (compatible; Googlebot/2.1; +http://www.google.com/bot.html)"
66.249.72.101 - - [22/Jun/2025:01:32:52 -0400] "GET /store.php?shopdetail/323414835 HTTP/1.1" 200 19926 "-" "Mozilla/5.0 (Linux; Android 6.0.1; Nexus 5X Build/MMB29P) AppleWebKit/537.36 (KHTML, like Gecko) Chrome/137.0.7151.103 Mobile Safari/537.36 (compatible; Googlebot/2.1; +http://www.google.com/bot.html)"
66.249.72.100 - - [22/Jun/2025:01:32:53 -0400] "GET /70820106854.htm HTTP/1.1" 200 19221 "-" "Mozilla/5.0 (Linux; Android 6.0.1; Nexus 5X Build/MMB29P) AppleWebKit/537.36 (KHTML, like Gecko) Chrome/137.0.7151.103 Mobile Safari/537.36 (compatible; Googlebot/2.1; +http://www.google.com/bot.html)"
66.249.72.101 - - [22/Jun/2025:01:32:54 -0400] "GET /91448220660.htm HTTP/1.1" 200 19902 "-" "Mozilla/5.0 (Linux; Android 6.0.1; Nexus 5X Build/MMB29P) AppleWebKit/537.36 (KHTML, like Gecko) Chrome/137.0.7151.103 Mobile Safari/537.36 (compatible; Googlebot/2.1; +http://www.google.com/bot.html)"
66.249.72.101 - - [22/Jun/2025:01:32:57 -0400] "GET /item/0018135383.html HTTP/1.1" 200 20619 "-" "Mozilla/5.0 (Linux; Android 6.0.1; Nexus 5X Build/MMB29P) AppleWebKit/537.36 (KHTML, like Gecko) Chrome/137.0.7151.103 Mobile Safari/537.36 (compatible; Googlebot/2.1; +http://www.google.com/bot.html)"
66.249.72.101 - - [22/Jun/2025:01:32:58 -0400] "GET /saiga/saiga.php?item/113417.html HTTP/1.1" 200 20888 "-" "Mozilla/5.0 (Linux; Android 6.0.1; Nexus 5X Build/MMB29P) AppleWebKit/537.36 (KHTML, like Gecko) Chrome/137.0.7151.103 Mobile Safari/537.36 (compatible; Googlebot/2.1; +http://www.google.com/bot.html)"
66.249.72.100 - - [22/Jun/2025:01:33:00 -0400] "GET /70820272077.htm HTTP/1.1" 200 19915 "-" "Mozilla/5.0 (Linux; Android 6.0.1; Nexus 5X Build/MMB29P) AppleWebKit/537.36 (KHTML, like Gecko) Chrome/137.0.7151.103 Mobile Safari/537.36 (compatible; Googlebot/2.1; +http://www.google.com/bot.html)"
66.249.72.100 - - [22/Jun/2025:01:33:02 -0400] "GET /63644172236.htm HTTP/1.1" 200 19688 "-" "Mozilla/5.0 (Linux; Android 6.0.1; Nexus 5X Build/MMB29P) AppleWebKit/537.36 (KHTML, like Gecko) Chrome/137.0.7151.103 Mobile Safari/537.36 (compatible; Googlebot/2.1; +http://www.google.com/bot.html)"
66.249.72.100 - - [22/Jun/2025:01:33:04 -0400] "GET /70820167215.htm HTTP/1.1" 200 20194 "-" "Mozilla/5.0 (Linux; Android 6.0.1; Nexus 5X Build/MMB29P) AppleWebKit/537.36 (KHTML, like Gecko) Chrome/137.0.7151.103 Mobile Safari/537.36 (compatible; Googlebot/2.1; +http://www.google.com/bot.html)"
66.249.72.100 - - [22/Jun/2025:01:33:06 -0400] "GET /saiga/saiga.php?item/180028.html HTTP/1.1" 200 19617 "-" "Mozilla/5.0 (Linux; Android 6.0.1; Nexus 5X Build/MMB29P) AppleWebKit/537.36 (KHTML, like Gecko) Chrome/137.0.7151.103 Mobile Safari/537.36 (compatible; Googlebot/2.1; +http://www.google.com/bot.html)"
66.249.72.100 - - [22/Jun/2025:01:33:07 -0400] "GET /91448322154.htm HTTP/1.1" 200 20550 "-" "Mozilla/5.0 (Linux; Android 6.0.1; Nexus 5X Build/MMB29P) AppleWebKit/537.36 (KHTML, like Gecko) Chrome/137.0.7151.103 Mobile Safari/537.36 (compatible; Googlebot/2.1; +http://www.google.com/bot.html)"
66.249.72.100 - - [22/Jun/2025:01:33:07 -0400] "GET /63644192014.htm HTTP/1.1" 200 20284 "-" "Mozilla/5.0 (Linux; Android 6.0.1; Nexus 5X Build/MMB29P) AppleWebKit/537.36 (KHTML, like Gecko) Chrome/137.0.7151.103 Mobile Safari/537.36 (compatible; Googlebot/2.1; +http://www.google.com/bot.html)"
66.249.72.100 - - [22/Jun/2025:01:33:08 -0400] "GET /91448171403.htm HTTP/1.1" 200 19898 "-" "Mozilla/5.0 (Linux; Android 6.0.1; Nexus 5X Build/MMB29P) AppleWebKit/537.36 (KHTML, like Gecko) Chrome/137.0.7151.103 Mobile Safari/537.36 (compatible; Googlebot/2.1; +http://www.google.com/bot.html)"
66.29.137.138 - - [22/Jun/2025:01:33:10 -0400] "POST /wp-cron.php?doing_wp_cron=1750570390.0841860771179199218750 HTTP/1.1" 200 0 "-" "WordPress/6.8.1; https://pointspadhaka.com"
185.191.171.15 - - [22/Jun/2025:01:33:09 -0400] "GET /4169044366.htm HTTP/1.1" 404 22702 "-" "Mozilla/5.0 (compatible; SemrushBot/7~bl; +http://www.semrush.com/bot.html)"
66.249.72.100 - - [22/Jun/2025:01:33:11 -0400] "GET /3120094737.htm HTTP/1.1" 200 19509 "-" "Mozilla/5.0 (Linux; Android 6.0.1; Nexus 5X Build/MMB29P) AppleWebKit/537.36 (KHTML, like Gecko) Chrome/137.0.7151.103 Mobile Safari/537.36 (compatible; Googlebot/2.1; +http://www.google.com/bot.html)"
66.249.72.100 - - [22/Jun/2025:01:33:11 -0400] "POST /get-message-notify HTTP/1.1" 200 19475 "https://pointspadhaka.com/saiga/saiga.php?item/180028.html" "Mozilla/5.0 (Linux; Android 6.0.1; Nexus 5X Build/MMB29P) AppleWebKit/537.36 (KHTML, like Gecko) Chrome/137.0.7151.68 Mobile Safari/537.36 (compatible; Googlebot/2.1; +http://www.google.com/bot.html)"
66.249.72.100 - - [22/Jun/2025:01:33:12 -0400] "GET /4169014718.htm HTTP/1.1" 200 23242 "-" "Mozilla/5.0 (Linux; Android 6.0.1; Nexus 5X Build/MMB29P) AppleWebKit/537.36 (KHTML, like Gecko) Chrome/137.0.7151.103 Mobile Safari/537.36 (compatible; Googlebot/2.1; +http://www.google.com/bot.html)"
66.249.72.100 - - [22/Jun/2025:01:33:15 -0400] "GET /store.php?shopdetail/14674235 HTTP/1.1" 200 20339 "-" "Mozilla/5.0 (Linux; Android 6.0.1; Nexus 5X Build/MMB29P) AppleWebKit/537.36 (KHTML, like Gecko) Chrome/137.0.7151.103 Mobile Safari/537.36 (compatible; GoogleOther)"
66.249.72.100 - - [22/Jun/2025:01:33:15 -0400] "GET /91448141689.htm HTTP/1.1" 200 19802 "-" "Mozilla/5.0 (Linux; Android 6.0.1; Nexus 5X Build/MMB29P) AppleWebKit/537.36 (KHTML, like Gecko) Chrome/137.0.7151.103 Mobile Safari/537.36 (compatible; Googlebot/2.1; +http://www.google.com/bot.html)"
66.249.72.100 - - [22/Jun/2025:01:33:19 -0400] "GET /item/0079796837.html HTTP/1.1" 200 21722 "-" "Mozilla/5.0 (Linux; Android 6.0.1; Nexus 5X Build/MMB29P) AppleWebKit/537.36 (KHTML, like Gecko) Chrome/137.0.7151.103 Mobile Safari/537.36 (compatible; Googlebot/2.1; +http://www.google.com/bot.html)"
66.249.72.100 - - [22/Jun/2025:01:33:19 -0400] "GET /item/0092722828.html HTTP/1.1" 200 20409 "-" "Mozilla/5.0 (Linux; Android 6.0.1; Nexus 5X Build/MMB29P) AppleWebKit/537.36 (KHTML, like Gecko) Chrome/137.0.7151.103 Mobile Safari/537.36 (compatible; Googlebot/2.1; +http://www.google.com/bot.html)"
66.249.72.100 - - [22/Jun/2025:01:33:20 -0400] "GET /31200128296.htm HTTP/1.1" 200 20564 "-" "Mozilla/5.0 (Linux; Android 6.0.1; Nexus 5X Build/MMB29P) AppleWebKit/537.36 (KHTML, like Gecko) Chrome/137.0.7151.103 Mobile Safari/537.36 (compatible; Googlebot/2.1; +http://www.google.com/bot.html)"
66.249.72.100 - - [22/Jun/2025:01:33:21 -0400] "GET /63644250532.htm HTTP/1.1" 200 20684 "-" "Mozilla/5.0 (Linux; Android 6.0.1; Nexus 5X Build/MMB29P) AppleWebKit/537.36 (KHTML, like Gecko) Chrome/137.0.7151.103 Mobile Safari/537.36 (compatible; Googlebot/2.1; +http://www.google.com/bot.html)"
66.249.72.100 - - [22/Jun/2025:01:33:23 -0400] "GET /63644137131.htm HTTP/1.1" 200 19919 "-" "Mozilla/5.0 (Linux; Android 6.0.1; Nexus 5X Build/MMB29P) AppleWebKit/537.36 (KHTML, like Gecko) Chrome/137.0.7151.103 Mobile Safari/537.36 (compatible; Googlebot/2.1; +http://www.google.com/bot.html)"
66.249.72.100 - - [22/Jun/2025:01:33:24 -0400] "GET /31200170430.htm HTTP/1.1" 200 20469 "-" "Mozilla/5.0 (Linux; Android 6.0.1; Nexus 5X Build/MMB29P) AppleWebKit/537.36 (KHTML, like Gecko) Chrome/137.0.7151.103 Mobile Safari/537.36 (compatible; Googlebot/2.1; +http://www.google.com/bot.html)"
66.249.72.100 - - [22/Jun/2025:01:33:24 -0400] "GET /63644226366.htm HTTP/1.1" 200 19565 "-" "Mozilla/5.0 (Linux; Android 6.0.1; Nexus 5X Build/MMB29P) AppleWebKit/537.36 (KHTML, like Gecko) Chrome/137.0.7151.103 Mobile Safari/537.36 (compatible; Googlebot/2.1; +http://www.google.com/bot.html)"
85.208.96.193 - - [22/Jun/2025:01:33:24 -0400] "GET /7338011212.htm HTTP/1.1" 404 22702 "-" "Mozilla/5.0 (compatible; SemrushBot/7~bl; +http://www.semrush.com/bot.html)"
66.249.72.101 - - [22/Jun/2025:01:33:26 -0400] "GET /70820197428.htm HTTP/1.1" 200 20518 "-" "Mozilla/5.0 (Linux; Android 6.0.1; Nexus 5X Build/MMB29P) AppleWebKit/537.36 (KHTML, like Gecko) Chrome/137.0.7151.103 Mobile Safari/537.36 (compatible; Googlebot/2.1; +http://www.google.com/bot.html)"
66.249.72.101 - - [22/Jun/2025:01:33:26 -0400] "POST /get-message-notify HTTP/1.1" 200 19475 "https://pointspadhaka.com/63644137131.htm" "Mozilla/5.0 (Linux; Android 6.0.1; Nexus 5X Build/MMB29P) AppleWebKit/537.36 (KHTML, like Gecko) Chrome/137.0.7151.68 Mobile Safari/537.36 (compatible; Googlebot/2.1; +http://www.google.com/bot.html)"
66.249.72.100 - - [22/Jun/2025:01:33:26 -0400] "GET /7082044558.htm HTTP/1.1" 200 21121 "-" "Mozilla/5.0 (Linux; Android 6.0.1; Nexus 5X Build/MMB29P) AppleWebKit/537.36 (KHTML, like Gecko) Chrome/137.0.7151.103 Mobile Safari/537.36 (compatible; Googlebot/2.1; +http://www.google.com/bot.html)"
66.249.72.100 - - [22/Jun/2025:01:33:27 -0400] "POST /get-message-notify HTTP/1.1" 200 19475 "https://pointspadhaka.com/63644226366.htm" "Mozilla/5.0 (Linux; Android 6.0.1; Nexus 5X Build/MMB29P) AppleWebKit/537.36 (KHTML, like Gecko) Chrome/137.0.7151.68 Mobile Safari/537.36 (compatible; Googlebot/2.1; +http://www.google.com/bot.html)"
185.191.171.16 - - [22/Jun/2025:01:33:29 -0400] "GET /4169044928.htm HTTP/1.1" 404 22708 "-" "Mozilla/5.0 (compatible; SemrushBot/7~bl; +http://www.semrush.com/bot.html)"
66.29.137.138 - - [22/Jun/2025:01:33:33 -0400] "POST /wp-cron.php?doing_wp_cron=1750570413.6212339401245117187500 HTTP/1.1" 200 0 "-" "WordPress/6.8.1; https://pointspadhaka.com"
185.191.171.9 - - [22/Jun/2025:01:33:32 -0400] "GET /3461327258.htm HTTP/1.1" 404 22702 "-" "Mozilla/5.0 (compatible; SemrushBot/7~bl; +http://www.semrush.com/bot.html)"
66.249.72.101 - - [22/Jun/2025:01:33:37 -0400] "GET /item/00984180656.html HTTP/1.1" 200 21566 "-" "Mozilla/5.0 (Linux; Android 6.0.1; Nexus 5X Build/MMB29P) AppleWebKit/537.36 (KHTML, like Gecko) Chrome/137.0.7151.103 Mobile Safari/537.36 (compatible; Googlebot/2.1; +http://www.google.com/bot.html)"
66.249.72.100 - - [22/Jun/2025:01:33:38 -0400] "GET /91448177514.htm HTTP/1.1" 200 21715 "-" "Mozilla/5.0 (Linux; Android 6.0.1; Nexus 5X Build/MMB29P) AppleWebKit/537.36 (KHTML, like Gecko) Chrome/137.0.7151.103 Mobile Safari/537.36 (compatible; Googlebot/2.1; +http://www.google.com/bot.html)"
85.208.96.200 - - [22/Jun/2025:01:33:37 -0400] "GET /4973231056.htm HTTP/1.1" 404 22708 "-" "Mozilla/5.0 (compatible; SemrushBot/7~bl; +http://www.semrush.com/bot.html)"
85.208.96.206 - - [22/Jun/2025:01:33:41 -0400] "GET /4973277505.htm HTTP/1.1" 404 22702 "-" "Mozilla/5.0 (compatible; SemrushBot/7~bl; +http://www.semrush.com/bot.html)"
66.249.72.101 - - [22/Jun/2025:01:33:43 -0400] "GET /63644282712.htm HTTP/1.1" 200 21843 "-" "Mozilla/5.0 (Linux; Android 6.0.1; Nexus 5X Build/MMB29P) AppleWebKit/537.36 (KHTML, like Gecko) Chrome/137.0.7151.103 Mobile Safari/537.36 (compatible; Googlebot/2.1; +http://www.google.com/bot.html)"
185.191.171.3 - - [22/Jun/2025:01:33:44 -0400] "GET /4973243191.htm HTTP/1.1" 404 22702 "-" "Mozilla/5.0 (compatible; SemrushBot/7~bl; +http://www.semrush.com/bot.html)"
66.249.72.100 - - [22/Jun/2025:01:33:47 -0400] "GET /store.php?shopdetail/43573435 HTTP/1.1" 200 19813 "-" "Mozilla/5.0 (Linux; Android 6.0.1; Nexus 5X Build/MMB29P) AppleWebKit/537.36 (KHTML, like Gecko) Chrome/137.0.7151.103 Mobile Safari/537.36 (compatible; Googlebot/2.1; +http://www.google.com/bot.html)"
66.249.72.102 - - [22/Jun/2025:01:33:49 -0400] "GET /91448105197.htm HTTP/1.1" 200 20877 "-" "Mozilla/5.0 (Linux; Android 6.0.1; Nexus 5X Build/MMB29P) AppleWebKit/537.36 (KHTML, like Gecko) Chrome/137.0.7151.103 Mobile Safari/537.36 (compatible; Googlebot/2.1; +http://www.google.com/bot.html)"
66.249.72.101 - - [22/Jun/2025:01:33:51 -0400] "GET /7082077015.htm HTTP/1.1" 200 19533 "-" "Mozilla/5.0 (Linux; Android 6.0.1; Nexus 5X Build/MMB29P) AppleWebKit/537.36 (KHTML, like Gecko) Chrome/137.0.7151.103 Mobile Safari/537.36 (compatible; Googlebot/2.1; +http://www.google.com/bot.html)"
66.249.72.101 - - [22/Jun/2025:01:33:55 -0400] "GET /store.php?shopdetail/207944535 HTTP/1.1" 200 20992 "-" "Mozilla/5.0 (Linux; Android 6.0.1; Nexus 5X Build/MMB29P) AppleWebKit/537.36 (KHTML, like Gecko) Chrome/137.0.7151.103 Mobile Safari/537.36 (compatible; Googlebot/2.1; +http://www.google.com/bot.html)"
52.167.144.188 - - [22/Jun/2025:01:33:56 -0400] "GET /item/0079791914.html HTTP/1.1" 200 19910 "-" "Mozilla/5.0 AppleWebKit/537.36 (KHTML, like Gecko; compatible; bingbot/2.0; +http://www.bing.com/bingbot.htm) Chrome/116.0.1938.76 Safari/537.36"
66.249.72.101 - - [22/Jun/2025:01:33:57 -0400] "GET /store.php?shopdetail/259826835 HTTP/1.1" 200 19402 "-" "Mozilla/5.0 (Linux; Android 6.0.1; Nexus 5X Build/MMB29P) AppleWebKit/537.36 (KHTML, like Gecko) Chrome/137.0.7151.103 Mobile Safari/537.36 (compatible; Googlebot/2.1; +http://www.google.com/bot.html)"
66.249.72.100 - - [22/Jun/2025:01:33:56 -0400] "POST /get-message-notify HTTP/1.1" 200 19475 "https://pointspadhaka.com/70820272077.htm" "Mozilla/5.0 (Linux; Android 6.0.1; Nexus 5X Build/MMB29P) AppleWebKit/537.36 (KHTML, like Gecko) Chrome/137.0.7151.68 Mobile Safari/537.36 (compatible; Googlebot/2.1; +http://www.google.com/bot.html)"
66.249.72.102 - - [22/Jun/2025:01:33:57 -0400] "GET /store.php?shopdetail/365714035 HTTP/1.1" 200 20035 "-" "Mozilla/5.0 (Linux; Android 6.0.1; Nexus 5X Build/MMB29P) AppleWebKit/537.36 (KHTML, like Gecko) Chrome/137.0.7151.103 Mobile Safari/537.36 (compatible; Googlebot/2.1; +http://www.google.com/bot.html)"
66.249.72.102 - - [22/Jun/2025:01:33:58 -0400] "GET /store.php?shopdetail/199975735 HTTP/1.1" 200 20248 "-" "Mozilla/5.0 (Linux; Android 6.0.1; Nexus 5X Build/MMB29P) AppleWebKit/537.36 (KHTML, like Gecko) Chrome/137.0.7151.103 Mobile Safari/537.36 (compatible; Googlebot/2.1; +http://www.google.com/bot.html)"
66.249.72.100 - - [22/Jun/2025:01:33:58 -0400] "GET /store.php?shopdetail/133880035 HTTP/1.1" 200 20497 "-" "Mozilla/5.0 (Linux; Android 6.0.1; Nexus 5X Build/MMB29P) AppleWebKit/537.36 (KHTML, like Gecko) Chrome/137.0.7151.103 Mobile Safari/537.36 (compatible; Googlebot/2.1; +http://www.google.com/bot.html)"
66.249.72.101 - - [22/Jun/2025:01:33:59 -0400] "GET /store.php?shopdetail/116137335 HTTP/1.1" 200 19796 "-" "Mozilla/5.0 (Linux; Android 6.0.1; Nexus 5X Build/MMB29P) AppleWebKit/537.36 (KHTML, like Gecko) Chrome/137.0.7151.103 Mobile Safari/537.36 (compatible; Googlebot/2.1; +http://www.google.com/bot.html)"
66.249.72.100 - - [22/Jun/2025:01:33:59 -0400] "GET /store.php?shopdetail/102830735 HTTP/1.1" 200 23618 "-" "Mozilla/5.0 (Linux; Android 6.0.1; Nexus 5X Build/MMB29P) AppleWebKit/537.36 (KHTML, like Gecko) Chrome/137.0.7151.103 Mobile Safari/537.36 (compatible; Googlebot/2.1; +http://www.google.com/bot.html)"
66.249.72.102 - - [22/Jun/2025:01:34:00 -0400] "GET /store.php?shopdetail/317384735 HTTP/1.1" 200 21106 "-" "Mozilla/5.0 (Linux; Android 6.0.1; Nexus 5X Build/MMB29P) AppleWebKit/537.36 (KHTML, like Gecko) Chrome/137.0.7151.103 Mobile Safari/537.36 (compatible; Googlebot/2.1; +http://www.google.com/bot.html)"
66.249.72.100 - - [22/Jun/2025:01:34:01 -0400] "GET /store.php?shopdetail/137115935 HTTP/1.1" 200 20049 "-" "Mozilla/5.0 (Linux; Android 6.0.1; Nexus 5X Build/MMB29P) AppleWebKit/537.36 (KHTML, like Gecko) Chrome/137.0.7151.103 Mobile Safari/537.36 (compatible; Googlebot/2.1; +http://www.google.com/bot.html)"
66.249.72.102 - - [22/Jun/2025:01:34:01 -0400] "GET /store.php?shopdetail/126850835 HTTP/1.1" 200 19843 "-" "Mozilla/5.0 (Linux; Android 6.0.1; Nexus 5X Build/MMB29P) AppleWebKit/537.36 (KHTML, like Gecko) Chrome/137.0.7151.103 Mobile Safari/537.36 (compatible; Googlebot/2.1; +http://www.google.com/bot.html)"
66.249.72.101 - - [22/Jun/2025:01:34:02 -0400] "GET /store.php?shopdetail/59339535 HTTP/1.1" 200 20983 "-" "Mozilla/5.0 (Linux; Android 6.0.1; Nexus 5X Build/MMB29P) AppleWebKit/537.36 (KHTML, like Gecko) Chrome/137.0.7151.103 Mobile Safari/537.36 (compatible; Googlebot/2.1; +http://www.google.com/bot.html)"
66.249.72.102 - - [22/Jun/2025:01:34:03 -0400] "GET /store.php?shopdetail/105331535 HTTP/1.1" 200 20539 "-" "Mozilla/5.0 (Linux; Android 6.0.1; Nexus 5X Build/MMB29P) AppleWebKit/537.36 (KHTML, like Gecko) Chrome/137.0.7151.103 Mobile Safari/537.36 (compatible; Googlebot/2.1; +http://www.google.com/bot.html)"
66.249.72.101 - - [22/Jun/2025:01:34:03 -0400] "GET /store.php?shopdetail/132888635 HTTP/1.1" 200 19768 "-" "Mozilla/5.0 (Linux; Android 6.0.1; Nexus 5X Build/MMB29P) AppleWebKit/537.36 (KHTML, like Gecko) Chrome/137.0.7151.103 Mobile Safari/537.36 (compatible; Googlebot/2.1; +http://www.google.com/bot.html)"
66.249.72.101 - - [22/Jun/2025:01:34:04 -0400] "GET /store.php?shopdetail/225365035 HTTP/1.1" 200 19844 "-" "Mozilla/5.0 (Linux; Android 6.0.1; Nexus 5X Build/MMB29P) AppleWebKit/537.36 (KHTML, like Gecko) Chrome/137.0.7151.103 Mobile Safari/537.36 (compatible; Googlebot/2.1; +http://www.google.com/bot.html)"
66.249.72.100 - - [22/Jun/2025:01:34:04 -0400] "POST /get-message-notify HTTP/1.1" 200 19475 "https://pointspadhaka.com/91448141689.htm" "Mozilla/5.0 (Linux; Android 6.0.1; Nexus 5X Build/MMB29P) AppleWebKit/537.36 (KHTML, like Gecko) Chrome/137.0.7151.68 Mobile Safari/537.36 (compatible; Googlebot/2.1; +http://www.google.com/bot.html)"
66.249.72.101 - - [22/Jun/2025:01:34:05 -0400] "GET /store.php?shopdetail/145127235 HTTP/1.1" 200 19844 "-" "Mozilla/5.0 (Linux; Android 6.0.1; Nexus 5X Build/MMB29P) AppleWebKit/537.36 (KHTML, like Gecko) Chrome/137.0.7151.103 Mobile Safari/537.36 (compatible; Googlebot/2.1; +http://www.google.com/bot.html)"
66.29.137.138 - - [22/Jun/2025:01:34:05 -0400] "POST /wp-cron.php?doing_wp_cron=1750570445.6950070858001708984375 HTTP/1.1" 200 0 "-" "WordPress/6.8.1; https://pointspadhaka.com"
185.191.171.16 - - [22/Jun/2025:01:34:04 -0400] "GET /2384071313.htm HTTP/1.1" 404 22708 "-" "Mozilla/5.0 (compatible; SemrushBot/7~bl; +http://www.semrush.com/bot.html)"
66.249.72.100 - - [22/Jun/2025:01:34:06 -0400] "GET /store.php?shopdetail/340915235 HTTP/1.1" 200 20275 "-" "Mozilla/5.0 (Linux; Android 6.0.1; Nexus 5X Build/MMB29P) AppleWebKit/537.36 (KHTML, like Gecko) Chrome/137.0.7151.103 Mobile Safari/537.36 (compatible; Googlebot/2.1; +http://www.google.com/bot.html)"
66.249.72.100 - - [22/Jun/2025:01:34:07 -0400] "GET /store.php?shopdetail/308317435 HTTP/1.1" 200 19474 "-" "Mozilla/5.0 (Linux; Android 6.0.1; Nexus 5X Build/MMB29P) AppleWebKit/537.36 (KHTML, like Gecko) Chrome/137.0.7151.103 Mobile Safari/537.36 (compatible; Googlebot/2.1; +http://www.google.com/bot.html)"
66.249.72.100 - - [22/Jun/2025:01:34:07 -0400] "GET /store.php?shopdetail/19669835 HTTP/1.1" 200 20114 "-" "Mozilla/5.0 (Linux; Android 6.0.1; Nexus 5X Build/MMB29P) AppleWebKit/537.36 (KHTML, like Gecko) Chrome/137.0.7151.103 Mobile Safari/537.36 (compatible; Googlebot/2.1; +http://www.google.com/bot.html)"
66.249.72.100 - - [22/Jun/2025:01:34:08 -0400] "GET /store.php?shopdetail/261407335 HTTP/1.1" 200 20604 "-" "Mozilla/5.0 (Linux; Android 6.0.1; Nexus 5X Build/MMB29P) AppleWebKit/537.36 (KHTML, like Gecko) Chrome/137.0.7151.103 Mobile Safari/537.36 (compatible; Googlebot/2.1; +http://www.google.com/bot.html)"
66.249.72.101 - - [22/Jun/2025:01:34:09 -0400] "GET /store.php?shopdetail/336740435 HTTP/1.1" 200 22273 "-" "Mozilla/5.0 (Linux; Android 6.0.1; Nexus 5X Build/MMB29P) AppleWebKit/537.36 (KHTML, like Gecko) Chrome/137.0.7151.103 Mobile Safari/537.36 (compatible; Googlebot/2.1; +http://www.google.com/bot.html)"
66.249.72.100 - - [22/Jun/2025:01:34:09 -0400] "GET /store.php?shopdetail/165410735 HTTP/1.1" 200 19290 "-" "Mozilla/5.0 (Linux; Android 6.0.1; Nexus 5X Build/MMB29P) AppleWebKit/537.36 (KHTML, like Gecko) Chrome/137.0.7151.103 Mobile Safari/537.36 (compatible; Googlebot/2.1; +http://www.google.com/bot.html)"
66.249.72.101 - - [22/Jun/2025:01:34:10 -0400] "GET /store.php?shopdetail/112533935 HTTP/1.1" 200 19759 "-" "Mozilla/5.0 (Linux; Android 6.0.1; Nexus 5X Build/MMB29P) AppleWebKit/537.36 (KHTML, like Gecko) Chrome/137.0.7151.103 Mobile Safari/537.36 (compatible; Googlebot/2.1; +http://www.google.com/bot.html)"
66.249.72.101 - - [22/Jun/2025:01:34:11 -0400] "GET /store.php?shopdetail/35609235 HTTP/1.1" 200 19930 "-" "Mozilla/5.0 (Linux; Android 6.0.1; Nexus 5X Build/MMB29P) AppleWebKit/537.36 (KHTML, like Gecko) Chrome/137.0.7151.103 Mobile Safari/537.36 (compatible; Googlebot/2.1; +http://www.google.com/bot.html)"
66.249.72.100 - - [22/Jun/2025:01:34:11 -0400] "GET /store.php?shopdetail/368828635 HTTP/1.1" 200 19635 "-" "Mozilla/5.0 (Linux; Android 6.0.1; Nexus 5X Build/MMB29P) AppleWebKit/537.36 (KHTML, like Gecko) Chrome/137.0.7151.103 Mobile Safari/537.36 (compatible; Googlebot/2.1; +http://www.google.com/bot.html)"
66.249.72.101 - - [22/Jun/2025:01:34:12 -0400] "GET /store.php?shopdetail/351096135 HTTP/1.1" 200 19836 "-" "Mozilla/5.0 (Linux; Android 6.0.1; Nexus 5X Build/MMB29P) AppleWebKit/537.36 (KHTML, like Gecko) Chrome/137.0.7151.103 Mobile Safari/537.36 (compatible; Googlebot/2.1; +http://www.google.com/bot.html)"
66.249.72.101 - - [22/Jun/2025:01:34:13 -0400] "GET /store.php?shopdetail/270801435 HTTP/1.1" 200 20035 "-" "Mozilla/5.0 (Linux; Android 6.0.1; Nexus 5X Build/MMB29P) AppleWebKit/537.36 (KHTML, like Gecko) Chrome/137.0.7151.103 Mobile Safari/537.36 (compatible; Googlebot/2.1; +http://www.google.com/bot.html)"
66.249.72.100 - - [22/Jun/2025:01:34:13 -0400] "GET /store.php?shopdetail/325685535 HTTP/1.1" 200 18722 "-" "Mozilla/5.0 (Linux; Android 6.0.1; Nexus 5X Build/MMB29P) AppleWebKit/537.36 (KHTML, like Gecko) Chrome/137.0.7151.103 Mobile Safari/537.36 (compatible; Googlebot/2.1; +http://www.google.com/bot.html)"
85.208.96.210 - - [22/Jun/2025:01:34:13 -0400] "GET /4973276671.htm HTTP/1.1" 404 22702 "-" "Mozilla/5.0 (compatible; SemrushBot/7~bl; +http://www.semrush.com/bot.html)"
66.249.72.100 - - [22/Jun/2025:01:34:14 -0400] "GET /store.php?shopdetail/268589035 HTTP/1.1" 200 20153 "-" "Mozilla/5.0 (Linux; Android 6.0.1; Nexus 5X Build/MMB29P) AppleWebKit/537.36 (KHTML, like Gecko) Chrome/137.0.7151.103 Mobile Safari/537.36 (compatible; Googlebot/2.1; +http://www.google.com/bot.html)"
66.249.72.100 - - [22/Jun/2025:01:34:15 -0400] "GET /store.php?shopdetail/28871535 HTTP/1.1" 200 20020 "-" "Mozilla/5.0 (Linux; Android 6.0.1; Nexus 5X Build/MMB29P) AppleWebKit/537.36 (KHTML, like Gecko) Chrome/137.0.7151.103 Mobile Safari/537.36 (compatible; Googlebot/2.1; +http://www.google.com/bot.html)"
66.249.72.100 - - [22/Jun/2025:01:34:15 -0400] "GET /store.php?shopdetail/98635135 HTTP/1.1" 200 20249 "-" "Mozilla/5.0 (Linux; Android 6.0.1; Nexus 5X Build/MMB29P) AppleWebKit/537.36 (KHTML, like Gecko) Chrome/137.0.7151.103 Mobile Safari/537.36 (compatible; Googlebot/2.1; +http://www.google.com/bot.html)"
66.249.72.100 - - [22/Jun/2025:01:34:16 -0400] "GET /store.php?shopdetail/112489635 HTTP/1.1" 200 20103 "-" "Mozilla/5.0 (Linux; Android 6.0.1; Nexus 5X Build/MMB29P) AppleWebKit/537.36 (KHTML, like Gecko) Chrome/137.0.7151.103 Mobile Safari/537.36 (compatible; GoogleOther)"
66.249.72.101 - - [22/Jun/2025:01:34:16 -0400] "GET /store.php?shopdetail/215343635 HTTP/1.1" 200 21511 "-" "Mozilla/5.0 (Linux; Android 6.0.1; Nexus 5X Build/MMB29P) AppleWebKit/537.36 (KHTML, like Gecko) Chrome/137.0.7151.103 Mobile Safari/537.36 (compatible; Googlebot/2.1; +http://www.google.com/bot.html)"
66.249.72.102 - - [22/Jun/2025:01:34:17 -0400] "GET /store.php?shopdetail/297712135 HTTP/1.1" 200 19987 "-" "Mozilla/5.0 (Linux; Android 6.0.1; Nexus 5X Build/MMB29P) AppleWebKit/537.36 (KHTML, like Gecko) Chrome/137.0.7151.103 Mobile Safari/537.36 (compatible; Googlebot/2.1; +http://www.google.com/bot.html)"
66.249.72.102 - - [22/Jun/2025:01:34:18 -0400] "GET /store.php?shopdetail/163360635 HTTP/1.1" 200 19661 "-" "Mozilla/5.0 (Linux; Android 6.0.1; Nexus 5X Build/MMB29P) AppleWebKit/537.36 (KHTML, like Gecko) Chrome/137.0.7151.103 Mobile Safari/537.36 (compatible; Googlebot/2.1; +http://www.google.com/bot.html)"
66.249.72.100 - - [22/Jun/2025:01:34:18 -0400] "GET /store.php?shopdetail/209615035 HTTP/1.1" 200 19607 "-" "Mozilla/5.0 (Linux; Android 6.0.1; Nexus 5X Build/MMB29P) AppleWebKit/537.36 (KHTML, like Gecko) Chrome/137.0.7151.103 Mobile Safari/537.36 (compatible; Googlebot/2.1; +http://www.google.com/bot.html)"
66.249.72.101 - - [22/Jun/2025:01:34:19 -0400] "GET /store.php?shopdetail/118175035 HTTP/1.1" 200 21699 "-" "Mozilla/5.0 (Linux; Android 6.0.1; Nexus 5X Build/MMB29P) AppleWebKit/537.36 (KHTML, like Gecko) Chrome/137.0.7151.103 Mobile Safari/537.36 (compatible; Googlebot/2.1; +http://www.google.com/bot.html)"
66.249.72.100 - - [22/Jun/2025:01:34:20 -0400] "GET /store.php?shopdetail/358189435 HTTP/1.1" 200 19765 "-" "Mozilla/5.0 (Linux; Android 6.0.1; Nexus 5X Build/MMB29P) AppleWebKit/537.36 (KHTML, like Gecko) Chrome/137.0.7151.103 Mobile Safari/537.36 (compatible; Googlebot/2.1; +http://www.google.com/bot.html)"
66.249.72.101 - - [22/Jun/2025:01:34:20 -0400] "GET /store.php?shopdetail/258384335 HTTP/1.1" 200 20789 "-" "Mozilla/5.0 (Linux; Android 6.0.1; Nexus 5X Build/MMB29P) AppleWebKit/537.36 (KHTML, like Gecko) Chrome/137.0.7151.103 Mobile Safari/537.36 (compatible; Googlebot/2.1; +http://www.google.com/bot.html)"
66.249.72.101 - - [22/Jun/2025:01:34:21 -0400] "GET /store.php?shopdetail/280601435 HTTP/1.1" 200 19551 "-" "Mozilla/5.0 (Linux; Android 6.0.1; Nexus 5X Build/MMB29P) AppleWebKit/537.36 (KHTML, like Gecko) Chrome/137.0.7151.103 Mobile Safari/537.36 (compatible; Googlebot/2.1; +http://www.google.com/bot.html)"
66.249.72.101 - - [22/Jun/2025:01:34:22 -0400] "GET /store.php?shopdetail/36088235 HTTP/1.1" 200 21569 "-" "Mozilla/5.0 (Linux; Android 6.0.1; Nexus 5X Build/MMB29P) AppleWebKit/537.36 (KHTML, like Gecko) Chrome/137.0.7151.103 Mobile Safari/537.36 (compatible; Googlebot/2.1; +http://www.google.com/bot.html)"
66.249.72.102 - - [22/Jun/2025:01:34:23 -0400] "GET /store.php?shopdetail/155029135 HTTP/1.1" 200 20650 "-" "Mozilla/5.0 (Linux; Android 6.0.1; Nexus 5X Build/MMB29P) AppleWebKit/537.36 (KHTML, like Gecko) Chrome/137.0.7151.103 Mobile Safari/537.36 (compatible; Googlebot/2.1; +http://www.google.com/bot.html)"
66.249.72.100 - - [22/Jun/2025:01:34:23 -0400] "GET /store.php?shopdetail/219396235 HTTP/1.1" 200 23161 "-" "Mozilla/5.0 (Linux; Android 6.0.1; Nexus 5X Build/MMB29P) AppleWebKit/537.36 (KHTML, like Gecko) Chrome/137.0.7151.103 Mobile Safari/537.36 (compatible; Googlebot/2.1; +http://www.google.com/bot.html)"
66.249.72.102 - - [22/Jun/2025:01:34:24 -0400] "GET /store.php?shopdetail/223724935 HTTP/1.1" 200 19856 "-" "Mozilla/5.0 (Linux; Android 6.0.1; Nexus 5X Build/MMB29P) AppleWebKit/537.36 (KHTML, like Gecko) Chrome/137.0.7151.103 Mobile Safari/537.36 (compatible; Googlebot/2.1; +http://www.google.com/bot.html)"
66.249.72.101 - - [22/Jun/2025:01:34:25 -0400] "GET /store.php?shopdetail/33575035 HTTP/1.1" 200 20297 "-" "Mozilla/5.0 (Linux; Android 6.0.1; Nexus 5X Build/MMB29P) AppleWebKit/537.36 (KHTML, like Gecko) Chrome/137.0.7151.103 Mobile Safari/537.36 (compatible; Googlebot/2.1; +http://www.google.com/bot.html)"
66.249.72.103 - - [22/Jun/2025:01:34:26 -0400] "GET /store.php?shopdetail/85547335 HTTP/1.1" 200 20378 "-" "Mozilla/5.0 (Linux; Android 6.0.1; Nexus 5X Build/MMB29P) AppleWebKit/537.36 (KHTML, like Gecko) Chrome/137.0.7151.103 Mobile Safari/537.36 (compatible; Googlebot/2.1; +http://www.google.com/bot.html)"
66.249.72.100 - - [22/Jun/2025:01:34:27 -0400] "GET /store.php?shopdetail/1603935 HTTP/1.1" 200 21394 "-" "Mozilla/5.0 (Linux; Android 6.0.1; Nexus 5X Build/MMB29P) AppleWebKit/537.36 (KHTML, like Gecko) Chrome/137.0.7151.103 Mobile Safari/537.36 (compatible; Googlebot/2.1; +http://www.google.com/bot.html)"
185.191.171.10 - - [22/Jun/2025:01:34:27 -0400] "GET /robots.txt HTTP/1.1" 200 233 "-" "Mozilla/5.0 (compatible; SemrushBot/7~bl; +http://www.semrush.com/bot.html)"
66.249.72.101 - - [22/Jun/2025:01:34:27 -0400] "GET /store.php?shopdetail/276681335 HTTP/1.1" 200 21792 "-" "Mozilla/5.0 (Linux; Android 6.0.1; Nexus 5X Build/MMB29P) AppleWebKit/537.36 (KHTML, like Gecko) Chrome/137.0.7151.103 Mobile Safari/537.36 (compatible; Googlebot/2.1; +http://www.google.com/bot.html)"
85.208.96.203 - - [22/Jun/2025:01:34:27 -0400] "GET /1746046943.htm HTTP/1.1" 404 22702 "-" "Mozilla/5.0 (compatible; SemrushBot/7~bl; +http://www.semrush.com/bot.html)"
66.249.72.102 - - [22/Jun/2025:01:34:28 -0400] "GET /store.php?shopdetail/67223835 HTTP/1.1" 200 19912 "-" "Mozilla/5.0 (Linux; Android 6.0.1; Nexus 5X Build/MMB29P) AppleWebKit/537.36 (KHTML, like Gecko) Chrome/137.0.7151.103 Mobile Safari/537.36 (compatible; Googlebot/2.1; +http://www.google.com/bot.html)"
66.249.72.101 - - [22/Jun/2025:01:34:29 -0400] "GET /store.php?shopdetail/109783535 HTTP/1.1" 200 19394 "-" "Mozilla/5.0 (Linux; Android 6.0.1; Nexus 5X Build/MMB29P) AppleWebKit/537.36 (KHTML, like Gecko) Chrome/137.0.7151.103 Mobile Safari/537.36 (compatible; Googlebot/2.1; +http://www.google.com/bot.html)"
66.249.72.100 - - [22/Jun/2025:01:34:29 -0400] "POST /get-message-notify HTTP/1.1" 200 19475 "https://pointspadhaka.com/store.php?shopdetail/297712135" "Mozilla/5.0 (Linux; Android 6.0.1; Nexus 5X Build/MMB29P) AppleWebKit/537.36 (KHTML, like Gecko) Chrome/137.0.7151.68 Mobile Safari/537.36 (compatible; Googlebot/2.1; +http://www.google.com/bot.html)"
66.249.72.101 - - [22/Jun/2025:01:34:30 -0400] "GET /store.php?shopdetail/84921935 HTTP/1.1" 200 20377 "-" "Mozilla/5.0 (Linux; Android 6.0.1; Nexus 5X Build/MMB29P) AppleWebKit/537.36 (KHTML, like Gecko) Chrome/137.0.7151.103 Mobile Safari/537.36 (compatible; Googlebot/2.1; +http://www.google.com/bot.html)"
66.249.72.101 - - [22/Jun/2025:01:34:30 -0400] "GET /store.php?shopdetail/344403335 HTTP/1.1" 200 19438 "-" "Mozilla/5.0 (Linux; Android 6.0.1; Nexus 5X Build/MMB29P) AppleWebKit/537.36 (KHTML, like Gecko) Chrome/137.0.7151.103 Mobile Safari/537.36 (compatible; Googlebot/2.1; +http://www.google.com/bot.html)"
66.249.72.100 - - [22/Jun/2025:01:34:31 -0400] "GET /store.php?shopdetail/32552335 HTTP/1.1" 200 19513 "-" "Mozilla/5.0 (Linux; Android 6.0.1; Nexus 5X Build/MMB29P) AppleWebKit/537.36 (KHTML, like Gecko) Chrome/137.0.7151.103 Mobile Safari/537.36 (compatible; Googlebot/2.1; +http://www.google.com/bot.html)"
66.249.72.101 - - [22/Jun/2025:01:34:32 -0400] "GET /store.php?shopdetail/70689435 HTTP/1.1" 200 20429 "-" "Mozilla/5.0 (Linux; Android 6.0.1; Nexus 5X Build/MMB29P) AppleWebKit/537.36 (KHTML, like Gecko) Chrome/137.0.7151.103 Mobile Safari/537.36 (compatible; Googlebot/2.1; +http://www.google.com/bot.html)"
85.208.96.200 - - [22/Jun/2025:01:34:32 -0400] "GET /4934934698.htm HTTP/1.1" 404 22702 "-" "Mozilla/5.0 (compatible; SemrushBot/7~bl; +http://www.semrush.com/bot.html)"
66.249.72.101 - - [22/Jun/2025:01:34:33 -0400] "GET /store.php?shopdetail/163586835 HTTP/1.1" 200 22530 "-" "Mozilla/5.0 (Linux; Android 6.0.1; Nexus 5X Build/MMB29P) AppleWebKit/537.36 (KHTML, like Gecko) Chrome/137.0.7151.103 Mobile Safari/537.36 (compatible; Googlebot/2.1; +http://www.google.com/bot.html)"
66.249.72.102 - - [22/Jun/2025:01:34:33 -0400] "GET /store.php?shopdetail/135586735 HTTP/1.1" 200 19925 "-" "Mozilla/5.0 (Linux; Android 6.0.1; Nexus 5X Build/MMB29P) AppleWebKit/537.36 (KHTML, like Gecko) Chrome/137.0.7151.103 Mobile Safari/537.36 (compatible; Googlebot/2.1; +http://www.google.com/bot.html)"
66.249.72.101 - - [22/Jun/2025:01:34:34 -0400] "GET /store.php?shopdetail/317786835 HTTP/1.1" 200 21002 "-" "Mozilla/5.0 (Linux; Android 6.0.1; Nexus 5X Build/MMB29P) AppleWebKit/537.36 (KHTML, like Gecko) Chrome/137.0.7151.103 Mobile Safari/537.36 (compatible; Googlebot/2.1; +http://www.google.com/bot.html)"
66.249.72.103 - - [22/Jun/2025:01:34:40 -0400] "GET /store.php?shopdetail/78769535 HTTP/1.1" 200 19990 "-" "Mozilla/5.0 (Linux; Android 6.0.1; Nexus 5X Build/MMB29P) AppleWebKit/537.36 (KHTML, like Gecko) Chrome/137.0.7151.103 Mobile Safari/537.36 (compatible; Googlebot/2.1; +http://www.google.com/bot.html)"
66.249.72.102 - - [22/Jun/2025:01:34:40 -0400] "POST /get-message-notify HTTP/1.1" 200 19475 "https://pointspadhaka.com/store.php?shopdetail/259826835" "Mozilla/5.0 (Linux; Android 6.0.1; Nexus 5X Build/MMB29P) AppleWebKit/537.36 (KHTML, like Gecko) Chrome/137.0.7151.68 Mobile Safari/537.36 (compatible; Googlebot/2.1; +http://www.google.com/bot.html)"
66.249.72.101 - - [22/Jun/2025:01:34:40 -0400] "POST /get-message-notify HTTP/1.1" 200 19475 "https://pointspadhaka.com/store.php?shopdetail/215343635" "Mozilla/5.0 (Linux; Android 6.0.1; Nexus 5X Build/MMB29P) AppleWebKit/537.36 (KHTML, like Gecko) Chrome/137.0.7151.68 Mobile Safari/537.36 (compatible; Googlebot/2.1; +http://www.google.com/bot.html)"
66.249.72.101 - - [22/Jun/2025:01:34:41 -0400] "GET /store.php?shopdetail/157531335 HTTP/1.1" 200 20425 "-" "Mozilla/5.0 (Linux; Android 6.0.1; Nexus 5X Build/MMB29P) AppleWebKit/537.36 (KHTML, like Gecko) Chrome/137.0.7151.103 Mobile Safari/537.36 (compatible; Googlebot/2.1; +http://www.google.com/bot.html)"
66.249.72.102 - - [22/Jun/2025:01:34:42 -0400] "GET /store.php?shopdetail/320436435 HTTP/1.1" 200 21155 "-" "Mozilla/5.0 (Linux; Android 6.0.1; Nexus 5X Build/MMB29P) AppleWebKit/537.36 (KHTML, like Gecko) Chrome/137.0.7151.103 Mobile Safari/537.36 (compatible; Googlebot/2.1; +http://www.google.com/bot.html)"
66.249.72.104 - - [22/Jun/2025:01:34:43 -0400] "GET /store.php?shopdetail/50662535 HTTP/1.1" 200 20904 "-" "Mozilla/5.0 (Linux; Android 6.0.1; Nexus 5X Build/MMB29P) AppleWebKit/537.36 (KHTML, like Gecko) Chrome/137.0.7151.103 Mobile Safari/537.36 (compatible; Googlebot/2.1; +http://www.google.com/bot.html)"
66.249.72.101 - - [22/Jun/2025:01:34:43 -0400] "GET /store.php?shopdetail/295189035 HTTP/1.1" 200 19079 "-" "Mozilla/5.0 (Linux; Android 6.0.1; Nexus 5X Build/MMB29P) AppleWebKit/537.36 (KHTML, like Gecko) Chrome/137.0.7151.103 Mobile Safari/537.36 (compatible; Googlebot/2.1; +http://www.google.com/bot.html)"
66.249.72.103 - - [22/Jun/2025:01:34:44 -0400] "GET /store.php?shopdetail/90147235 HTTP/1.1" 200 20278 "-" "Mozilla/5.0 (Linux; Android 6.0.1; Nexus 5X Build/MMB29P) AppleWebKit/537.36 (KHTML, like Gecko) Chrome/137.0.7151.103 Mobile Safari/537.36 (compatible; Googlebot/2.1; +http://www.google.com/bot.html)"
66.249.72.101 - - [22/Jun/2025:01:34:45 -0400] "GET /store.php?shopdetail/35864835 HTTP/1.1" 200 22471 "-" "Mozilla/5.0 (Linux; Android 6.0.1; Nexus 5X Build/MMB29P) AppleWebKit/537.36 (KHTML, like Gecko) Chrome/137.0.7151.103 Mobile Safari/537.36 (compatible; Googlebot/2.1; +http://www.google.com/bot.html)"
66.249.72.103 - - [22/Jun/2025:01:34:45 -0400] "GET /store.php?shopdetail/275988035 HTTP/1.1" 200 19661 "-" "Mozilla/5.0 (Linux; Android 6.0.1; Nexus 5X Build/MMB29P) AppleWebKit/537.36 (KHTML, like Gecko) Chrome/137.0.7151.103 Mobile Safari/537.36 (compatible; Googlebot/2.1; +http://www.google.com/bot.html)"
66.249.72.100 - - [22/Jun/2025:01:34:46 -0400] "GET /store.php?shopdetail/225004735 HTTP/1.1" 200 19844 "-" "Mozilla/5.0 (Linux; Android 6.0.1; Nexus 5X Build/MMB29P) AppleWebKit/537.36 (KHTML, like Gecko) Chrome/137.0.7151.103 Mobile Safari/537.36 (compatible; Googlebot/2.1; +http://www.google.com/bot.html)"
185.191.171.6 - - [22/Jun/2025:01:34:45 -0400] "GET /3737074384.htm HTTP/1.1" 404 22702 "-" "Mozilla/5.0 (compatible; SemrushBot/7~bl; +http://www.semrush.com/bot.html)"
66.249.72.100 - - [22/Jun/2025:01:34:47 -0400] "GET /store.php?shopdetail/163701635 HTTP/1.1" 200 20323 "-" "Mozilla/5.0 (Linux; Android 6.0.1; Nexus 5X Build/MMB29P) AppleWebKit/537.36 (KHTML, like Gecko) Chrome/137.0.7151.103 Mobile Safari/537.36 (compatible; Googlebot/2.1; +http://www.google.com/bot.html)"
66.249.72.104 - - [22/Jun/2025:01:34:47 -0400] "POST /get-message-notify HTTP/1.1" 200 19475 "https://pointspadhaka.com/63644282712.htm" "Mozilla/5.0 (Linux; Android 6.0.1; Nexus 5X Build/MMB29P) AppleWebKit/537.36 (KHTML, like Gecko) Chrome/137.0.7151.68 Mobile Safari/537.36 (compatible; Googlebot/2.1; +http://www.google.com/bot.html)"
66.249.72.103 - - [22/Jun/2025:01:34:47 -0400] "GET /store.php?shopdetail/241385035 HTTP/1.1" 200 21482 "-" "Mozilla/5.0 (Linux; Android 6.0.1; Nexus 5X Build/MMB29P) AppleWebKit/537.36 (KHTML, like Gecko) Chrome/137.0.7151.103 Mobile Safari/537.36 (compatible; Googlebot/2.1; +http://www.google.com/bot.html)"
66.249.72.101 - - [22/Jun/2025:01:34:48 -0400] "GET /store.php?shopdetail/335689035 HTTP/1.1" 200 18894 "-" "Mozilla/5.0 (Linux; Android 6.0.1; Nexus 5X Build/MMB29P) AppleWebKit/537.36 (KHTML, like Gecko) Chrome/137.0.7151.103 Mobile Safari/537.36 (compatible; Googlebot/2.1; +http://www.google.com/bot.html)"
66.249.72.103 - - [22/Jun/2025:01:34:49 -0400] "GET /store.php?shopdetail/349706335 HTTP/1.1" 200 18564 "-" "Mozilla/5.0 (Linux; Android 6.0.1; Nexus 5X Build/MMB29P) AppleWebKit/537.36 (KHTML, like Gecko) Chrome/137.0.7151.103 Mobile Safari/537.36 (compatible; Googlebot/2.1; +http://www.google.com/bot.html)"
66.249.72.105 - - [22/Jun/2025:01:34:50 -0400] "GET /store.php?shopdetail/34867735 HTTP/1.1" 200 19587 "-" "Mozilla/5.0 (Linux; Android 6.0.1; Nexus 5X Build/MMB29P) AppleWebKit/537.36 (KHTML, like Gecko) Chrome/137.0.7151.103 Mobile Safari/537.36 (compatible; Googlebot/2.1; +http://www.google.com/bot.html)"
66.249.72.102 - - [22/Jun/2025:01:34:50 -0400] "GET /store.php?shopdetail/97284835 HTTP/1.1" 200 20314 "-" "Mozilla/5.0 (Linux; Android 6.0.1; Nexus 5X Build/MMB29P) AppleWebKit/537.36 (KHTML, like Gecko) Chrome/137.0.7151.103 Mobile Safari/537.36 (compatible; Googlebot/2.1; +http://www.google.com/bot.html)"
66.249.72.105 - - [22/Jun/2025:01:34:51 -0400] "GET /store.php?shopdetail/366207235 HTTP/1.1" 200 19934 "-" "Mozilla/5.0 (Linux; Android 6.0.1; Nexus 5X Build/MMB29P) AppleWebKit/537.36 (KHTML, like Gecko) Chrome/137.0.7151.103 Mobile Safari/537.36 (compatible; Googlebot/2.1; +http://www.google.com/bot.html)"
66.249.72.102 - - [22/Jun/2025:01:34:51 -0400] "POST /get-message-notify HTTP/1.1" 200 19475 "https://pointspadhaka.com/store.php?shopdetail/320436435" "Mozilla/5.0 (Linux; Android 6.0.1; Nexus 5X Build/MMB29P) AppleWebKit/537.36 (KHTML, like Gecko) Chrome/137.0.7151.68 Mobile Safari/537.36 (compatible; Googlebot/2.1; +http://www.google.com/bot.html)"
66.249.72.102 - - [22/Jun/2025:01:34:52 -0400] "GET /store.php?shopdetail/233112935 HTTP/1.1" 200 23149 "-" "Mozilla/5.0 (Linux; Android 6.0.1; Nexus 5X Build/MMB29P) AppleWebKit/537.36 (KHTML, like Gecko) Chrome/137.0.7151.103 Mobile Safari/537.36 (compatible; Googlebot/2.1; +http://www.google.com/bot.html)"
66.249.72.104 - - [22/Jun/2025:01:34:53 -0400] "GET /store.php?shopdetail/66045535 HTTP/1.1" 200 19892 "-" "Mozilla/5.0 (Linux; Android 6.0.1; Nexus 5X Build/MMB29P) AppleWebKit/537.36 (KHTML, like Gecko) Chrome/137.0.7151.103 Mobile Safari/537.36 (compatible; Googlebot/2.1; +http://www.google.com/bot.html)"
66.249.72.103 - - [22/Jun/2025:01:34:53 -0400] "GET /store.php?shopdetail/125989135 HTTP/1.1" 200 21689 "-" "Mozilla/5.0 (Linux; Android 6.0.1; Nexus 5X Build/MMB29P) AppleWebKit/537.36 (KHTML, like Gecko) Chrome/137.0.7151.103 Mobile Safari/537.36 (compatible; Googlebot/2.1; +http://www.google.com/bot.html)"
