Current File : //proc/self/root/proc/self/root/home/gulsvnnd/access-logs/gulshanthaispadhaka.com
173.249.4.31 - - [23/Jun/2025:01:54:26 -0400] "GET /wp-content/uploads/ HTTP/1.1" 403 1242 "-" "Mozilla/5.0 (Linux; Android 7.0; SM-G892A Build/NRD90M; wv) AppleWebKit/537.36 (KHTML, like Gecko) Version/4.0 Chrome/60.0.3112.107 Mobile Safari/537.36"
173.249.4.31 - - [23/Jun/2025:01:54:28 -0400] "GET /wp-content/themes/ HTTP/1.1" 200 0 "-" "Mozilla/5.0 (Linux; Android 7.0; SM-G892A Build/NRD90M; wv) AppleWebKit/537.36 (KHTML, like Gecko) Version/4.0 Chrome/60.0.3112.107 Mobile Safari/537.36"
173.249.4.31 - - [23/Jun/2025:01:54:29 -0400] "GET /wp-content/plugins/ HTTP/1.1" 200 0 "-" "Mozilla/5.0 (Linux; Android 7.0; SM-G892A Build/NRD90M; wv) AppleWebKit/537.36 (KHTML, like Gecko) Version/4.0 Chrome/60.0.3112.107 Mobile Safari/537.36"
173.249.4.31 - - [23/Jun/2025:01:54:31 -0400] "GET /wp-content/cache/ HTTP/1.1" 200 0 "-" "Mozilla/5.0 (Linux; Android 7.0; SM-G892A Build/NRD90M; wv) AppleWebKit/537.36 (KHTML, like Gecko) Version/4.0 Chrome/60.0.3112.107 Mobile Safari/537.36"
66.29.137.138 - - [23/Jun/2025:01:54:50 -0400] "POST /wp-cron.php?doing_wp_cron=1750658090.2935190200805664062500 HTTP/1.1" 200 0 "-" "WordPress/6.8.1; https://gulshanthaispadhaka.com"
173.249.4.31 - - [23/Jun/2025:01:54:47 -0400] "GET /wp-content/backup/ HTTP/1.1" 404 27971 "-" "Mozilla/5.0 (Linux; Android 7.0; SM-G892A Build/NRD90M; wv) AppleWebKit/537.36 (KHTML, like Gecko) Version/4.0 Chrome/60.0.3112.107 Mobile Safari/537.36"
173.249.4.31 - - [23/Jun/2025:01:54:55 -0400] "GET /wp-content/backups/ HTTP/1.1" 404 27973 "-" "Mozilla/5.0 (Linux; Android 7.0; SM-G892A Build/NRD90M; wv) AppleWebKit/537.36 (KHTML, like Gecko) Version/4.0 Chrome/60.0.3112.107 Mobile Safari/537.36"
173.249.4.31 - - [23/Jun/2025:01:54:59 -0400] "GET /wp-content/temp/ HTTP/1.1" 404 27973 "-" "Mozilla/5.0 (Linux; Android 7.0; SM-G892A Build/NRD90M; wv) AppleWebKit/537.36 (KHTML, like Gecko) Version/4.0 Chrome/60.0.3112.107 Mobile Safari/537.36"
173.249.4.31 - - [23/Jun/2025:01:55:05 -0400] "GET /wp-content/upgrade/ HTTP/1.1" 403 1242 "-" "Mozilla/5.0 (Linux; Android 7.0; SM-G892A Build/NRD90M; wv) AppleWebKit/537.36 (KHTML, like Gecko) Version/4.0 Chrome/60.0.3112.107 Mobile Safari/537.36"
173.249.4.31 - - [23/Jun/2025:01:55:07 -0400] "GET /wp-includes/images/ HTTP/1.1" 403 1242 "-" "Mozilla/5.0 (Linux; Android 7.0; SM-G892A Build/NRD90M; wv) AppleWebKit/537.36 (KHTML, like Gecko) Version/4.0 Chrome/60.0.3112.107 Mobile Safari/537.36"
66.29.137.138 - - [23/Jun/2025:01:55:11 -0400] "POST /wp-cron.php?doing_wp_cron=1750658110.7816529273986816406250 HTTP/1.1" 200 0 "-" "WordPress/6.8.1; https://gulshanthaispadhaka.com"
173.249.4.31 - - [23/Jun/2025:01:55:08 -0400] "GET /images/ HTTP/1.1" 404 27974 "-" "Mozilla/5.0 (Linux; Android 7.0; SM-G892A Build/NRD90M; wv) AppleWebKit/537.36 (KHTML, like Gecko) Version/4.0 Chrome/60.0.3112.107 Mobile Safari/537.36"
173.249.4.31 - - [23/Jun/2025:01:55:14 -0400] "GET /assets/ HTTP/1.1" 404 27973 "-" "Mozilla/5.0 (Linux; Android 7.0; SM-G892A Build/NRD90M; wv) AppleWebKit/537.36 (KHTML, like Gecko) Version/4.0 Chrome/60.0.3112.107 Mobile Safari/537.36"
173.249.4.31 - - [23/Jun/2025:01:55:19 -0400] "GET /.well-known/ HTTP/1.1" 403 1242 "-" "Mozilla/5.0 (Linux; Android 7.0; SM-G892A Build/NRD90M; wv) AppleWebKit/537.36 (KHTML, like Gecko) Version/4.0 Chrome/60.0.3112.107 Mobile Safari/537.36"
173.249.4.31 - - [23/Jun/2025:01:55:20 -0400] "GET /tmp/ HTTP/1.1" 404 27972 "-" "Mozilla/5.0 (Linux; Android 7.0; SM-G892A Build/NRD90M; wv) AppleWebKit/537.36 (KHTML, like Gecko) Version/4.0 Chrome/60.0.3112.107 Mobile Safari/537.36"
173.249.4.31 - - [23/Jun/2025:01:55:25 -0400] "GET /public/ HTTP/1.1" 404 27974 "-" "Mozilla/5.0 (Linux; Android 7.0; SM-G892A Build/NRD90M; wv) AppleWebKit/537.36 (KHTML, like Gecko) Version/4.0 Chrome/60.0.3112.107 Mobile Safari/537.36"
173.249.4.31 - - [23/Jun/2025:01:55:29 -0400] "GET /wp-includes/ HTTP/1.1" 403 1242 "-" "Mozilla/5.0 (Linux; Android 7.0; SM-G892A Build/NRD90M; wv) AppleWebKit/537.36 (KHTML, like Gecko) Version/4.0 Chrome/60.0.3112.107 Mobile Safari/537.36"
66.29.137.138 - - [23/Jun/2025:01:55:32 -0400] "POST /wp-cron.php?doing_wp_cron=1750658132.1861670017242431640625 HTTP/1.1" 200 0 "-" "WordPress/6.8.1; https://gulshanthaispadhaka.com"
173.249.4.31 - - [23/Jun/2025:01:55:30 -0400] "GET /.well-knownold/ HTTP/1.1" 404 27974 "-" "Mozilla/5.0 (Linux; Android 7.0; SM-G892A Build/NRD90M; wv) AppleWebKit/537.36 (KHTML, like Gecko) Version/4.0 Chrome/60.0.3112.107 Mobile Safari/537.36"
66.29.137.138 - - [23/Jun/2025:01:55:40 -0400] "POST /wp-cron.php?doing_wp_cron=1750658140.0969960689544677734375 HTTP/1.1" 200 0 "-" "WordPress/6.8.1; https://gulshanthaispadhaka.com"
173.249.4.31 - - [23/Jun/2025:01:55:35 -0400] "GET /wp-admin/ HTTP/1.1" 302 0 "-" "Mozilla/5.0 (Linux; Android 7.0; SM-G892A Build/NRD90M; wv) AppleWebKit/537.36 (KHTML, like Gecko) Version/4.0 Chrome/60.0.3112.107 Mobile Safari/537.36"
173.249.4.31 - - [23/Jun/2025:01:55:41 -0400] "GET /backup/ HTTP/1.1" 404 27974 "-" "Mozilla/5.0 (Linux; Android 7.0; SM-G892A Build/NRD90M; wv) AppleWebKit/537.36 (KHTML, like Gecko) Version/4.0 Chrome/60.0.3112.107 Mobile Safari/537.36"
173.249.4.31 - - [23/Jun/2025:01:55:46 -0400] "GET /backups/ HTTP/1.1" 404 27973 "-" "Mozilla/5.0 (Linux; Android 7.0; SM-G892A Build/NRD90M; wv) AppleWebKit/537.36 (KHTML, like Gecko) Version/4.0 Chrome/60.0.3112.107 Mobile Safari/537.36"
173.249.4.31 - - [23/Jun/2025:01:55:51 -0400] "GET /temp/ HTTP/1.1" 404 27970 "-" "Mozilla/5.0 (Linux; Android 7.0; SM-G892A Build/NRD90M; wv) AppleWebKit/537.36 (KHTML, like Gecko) Version/4.0 Chrome/60.0.3112.107 Mobile Safari/537.36"
173.249.4.31 - - [23/Jun/2025:01:55:55 -0400] "GET /cache/ HTTP/1.1" 404 27971 "-" "Mozilla/5.0 (Linux; Android 7.0; SM-G892A Build/NRD90M; wv) AppleWebKit/537.36 (KHTML, like Gecko) Version/4.0 Chrome/60.0.3112.107 Mobile Safari/537.36"
173.249.4.31 - - [23/Jun/2025:01:55:59 -0400] "GET /uploads/ HTTP/1.1" 404 27971 "-" "Mozilla/5.0 (Linux; Android 7.0; SM-G892A Build/NRD90M; wv) AppleWebKit/537.36 (KHTML, like Gecko) Version/4.0 Chrome/60.0.3112.107 Mobile Safari/537.36"
173.249.4.31 - - [23/Jun/2025:01:56:01 -0400] "GET /files/ HTTP/1.1" 404 27973 "-" "Mozilla/5.0 (Linux; Android 7.0; SM-G892A Build/NRD90M; wv) AppleWebKit/537.36 (KHTML, like Gecko) Version/4.0 Chrome/60.0.3112.107 Mobile Safari/537.36"
173.249.4.31 - - [23/Jun/2025:01:56:04 -0400] "GET /media/ HTTP/1.1" 404 27974 "-" "Mozilla/5.0 (Linux; Android 7.0; SM-G892A Build/NRD90M; wv) AppleWebKit/537.36 (KHTML, like Gecko) Version/4.0 Chrome/60.0.3112.107 Mobile Safari/537.36"
66.29.137.138 - - [23/Jun/2025:01:56:09 -0400] "POST /wp-cron.php?doing_wp_cron=1750658169.0766599178314208984375 HTTP/1.1" 200 0 "-" "WordPress/6.8.1; https://gulshanthaispadhaka.com"
173.249.4.31 - - [23/Jun/2025:01:56:08 -0400] "GET /img/ HTTP/1.1" 404 27973 "-" "Mozilla/5.0 (Linux; Android 7.0; SM-G892A Build/NRD90M; wv) AppleWebKit/537.36 (KHTML, like Gecko) Version/4.0 Chrome/60.0.3112.107 Mobile Safari/537.36"
173.249.4.31 - - [23/Jun/2025:01:56:11 -0400] "GET /css/ HTTP/1.1" 404 27974 "-" "Mozilla/5.0 (Linux; Android 7.0; SM-G892A Build/NRD90M; wv) AppleWebKit/537.36 (KHTML, like Gecko) Version/4.0 Chrome/60.0.3112.107 Mobile Safari/537.36"
173.249.4.31 - - [23/Jun/2025:01:56:15 -0400] "GET /js/ HTTP/1.1" 404 27973 "-" "Mozilla/5.0 (Linux; Android 7.0; SM-G892A Build/NRD90M; wv) AppleWebKit/537.36 (KHTML, like Gecko) Version/4.0 Chrome/60.0.3112.107 Mobile Safari/537.36"
173.249.4.31 - - [23/Jun/2025:01:56:20 -0400] "GET /js/ HTTP/1.1" 404 27973 "-" "Mozilla/5.0 (Linux; Android 7.0; SM-G892A Build/NRD90M; wv) AppleWebKit/537.36 (KHTML, like Gecko) Version/4.0 Chrome/60.0.3112.107 Mobile Safari/537.36"
66.29.137.138 - - [23/Jun/2025:01:59:26 -0400] "POST /wp-cron.php?doing_wp_cron=1750658366.3922669887542724609375 HTTP/1.1" 200 0 "-" "WordPress/6.8.1; https://gulshanthaispadhaka.com"
165.22.222.185 - - [23/Jun/2025:01:59:12 -0400] "GET / HTTP/1.1" 301 0 "-" "Mozilla/5.0 (Windows NT 10.0; Win64; x64) AppleWebKit/537.36 (KHTML, like Gecko) Chrome/80.0.3987.149 Safari/537.36"
165.22.222.185 - - [23/Jun/2025:01:59:27 -0400] "GET /blog/wp-includes/wlwmanifest.xml HTTP/1.1" 404 116552 "-" "Mozilla/5.0 (Windows NT 10.0; Win64; x64) AppleWebKit/537.36 (KHTML, like Gecko) Chrome/80.0.3987.149 Safari/537.36"
66.29.137.138 - - [23/Jun/2025:01:59:33 -0400] "POST /wp-cron.php?doing_wp_cron=1750658373.3989078998565673828125 HTTP/1.1" 200 0 "-" "WordPress/6.8.1; https://gulshanthaispadhaka.com"
165.22.222.185 - - [23/Jun/2025:01:59:32 -0400] "GET /blog//?author=1 HTTP/1.1" 301 0 "-" "Mozilla/5.0 (Windows NT 10.0; Win64; x64) AppleWebKit/537.36 (KHTML, like Gecko) Chrome/80.0.3987.149 Safari/537.36"
165.22.222.185 - - [23/Jun/2025:01:59:34 -0400] "GET /blog//?author=2 HTTP/1.1" 301 0 "-" "Mozilla/5.0 (Windows NT 10.0; Win64; x64) AppleWebKit/537.36 (KHTML, like Gecko) Chrome/80.0.3987.149 Safari/537.36"
165.22.222.185 - - [23/Jun/2025:01:59:35 -0400] "GET /blog//wp-json/wp/v2/users/ HTTP/1.1" 301 0 "-" "Mozilla/5.0 (Windows NT 10.0; Win64; x64) AppleWebKit/537.36 (KHTML, like Gecko) Chrome/80.0.3987.149 Safari/537.36"
165.22.222.185 - - [23/Jun/2025:01:59:37 -0400] "GET /blog//wp-json/oembed/1.0/embed?url=http://gulshanthaispadhaka.com/blog/ HTTP/1.1" 301 0 "-" "Mozilla/5.0 (Windows NT 10.0; Win64; x64) AppleWebKit/537.36 (KHTML, like Gecko) Chrome/80.0.3987.149 Safari/537.36"
66.29.137.138 - - [23/Jun/2025:01:59:40 -0400] "POST /wp-cron.php?doing_wp_cron=1750658380.6015100479125976562500 HTTP/1.1" 200 0 "-" "WordPress/6.8.1; https://gulshanthaispadhaka.com"
165.22.222.185 - - [23/Jun/2025:01:59:39 -0400] "POST /blog//xmlrpc.php HTTP/1.1" 404 116484 "-" "Mozilla/5.0 (Windows NT 10.0; Win64; x64) AppleWebKit/537.36 (KHTML, like Gecko) Chrome/80.0.3987.149 Safari/537.36"
143.198.37.236 - - [23/Jun/2025:04:11:45 -0400] "GET / HTTP/1.1" 200 0 "-" "Mozilla/5.0 (X11; Linux x86_64) AppleWebKit/537.36 (KHTML, like Gecko) Chrome/137.0.0.0 Safari/537.36"
66.29.137.138 - - [23/Jun/2025:04:28:09 -0400] "POST /wp-cron.php?doing_wp_cron=1750667288.9727439880371093750000 HTTP/1.1" 200 0 "-" "WordPress/6.8.1; https://gulshanthaispadhaka.com"
101.42.117.179 - - [23/Jun/2025:04:27:52 -0400] "GET / HTTP/1.1" 301 0 "-" "Mozilla/5.0 (iPhone; CPU iPhone OS 13_2_3 like Mac OS X) AppleWebKit/605.1.15 (KHTML, like Gecko) Version/13.0.3 Mobile/15E148 Safari/604.1"
192.178.6.39 - - [23/Jun/2025:05:32:32 -0400] "GET /robots.txt HTTP/1.1" 200 120 "-" "Mozilla/5.0 (compatible; Googlebot/2.1; +http://www.google.com/bot.html)"
77.246.108.83 - - [23/Jun/2025:05:32:38 -0400] "GET /wp-json/wp/v2/users HTTP/1.1" 200 0 "http://gulshanthaispadhaka.com/wp-json/wp/v2/users" "Mozilla/5.0 (Windows NT 10.0; Win64; x64; rv:137.0) Gecko/20100101 Firefox/137.0"
66.29.137.138 - - [23/Jun/2025:05:32:53 -0400] "POST /wp-cron.php?doing_wp_cron=1750671173.2034590244293212890625 HTTP/1.1" 200 0 "-" "WordPress/6.8.1; https://gulshanthaispadhaka.com"
66.29.137.138 - - [23/Jun/2025:05:33:26 -0400] "POST /wp-cron.php?doing_wp_cron=1750671206.2975859642028808593750 HTTP/1.1" 200 0 "-" "WordPress/6.8.1; https://gulshanthaispadhaka.com"
66.29.137.138 - - [23/Jun/2025:05:33:26 -0400] "POST /wp-cron.php?doing_wp_cron=1750671206.3770959377288818359375 HTTP/1.1" 200 0 "-" "WordPress/6.8.1; https://gulshanthaispadhaka.com"
66.29.137.138 - - [23/Jun/2025:05:33:26 -0400] "POST /wp-cron.php?doing_wp_cron=1750671206.5733458995819091796875 HTTP/1.1" 200 0 "-" "WordPress/6.8.1; https://gulshanthaispadhaka.com"
192.178.6.40 - - [23/Jun/2025:05:33:25 -0400] "GET / HTTP/1.1" 301 0 "-" "Mozilla/5.0 (Linux; Android 6.0.1; Nexus 5X Build/MMB29P) AppleWebKit/537.36 (KHTML, like Gecko) Chrome/137.0.7151.103 Mobile Safari/537.36 (compatible; Googlebot/2.1; +http://www.google.com/bot.html)"
66.29.137.138 - - [23/Jun/2025:05:48:49 -0400] "POST /wp-cron.php?doing_wp_cron=1750672129.5623509883880615234375 HTTP/1.1" 200 0 "-" "WordPress/6.8.1; https://gulshanthaispadhaka.com"
43.157.156.190 - - [23/Jun/2025:05:48:22 -0400] "GET / HTTP/1.1" 301 0 "-" "Mozilla/5.0 (iPhone; CPU iPhone OS 13_2_3 like Mac OS X) AppleWebKit/605.1.15 (KHTML, like Gecko) Version/13.0.3 Mobile/15E148 Safari/604.1"
66.29.137.138 - - [23/Jun/2025:06:43:44 -0400] "POST /wp-cron.php?doing_wp_cron=1750675424.9122779369354248046875 HTTP/1.1" 200 0 "-" "WordPress/6.8.1; https://gulshanthaispadhaka.com"
66.29.137.138 - - [23/Jun/2025:06:43:45 -0400] "POST /wp-cron.php?doing_wp_cron=1750675425.1269469261169433593750 HTTP/1.1" 200 0 "-" "WordPress/6.8.1; https://gulshanthaispadhaka.com"
66.29.137.138 - - [23/Jun/2025:06:43:45 -0400] "POST /wp-cron.php?doing_wp_cron=1750675425.2778129577636718750000 HTTP/1.1" 200 0 "-" "WordPress/6.8.1; https://gulshanthaispadhaka.com"
49.51.245.241 - - [23/Jun/2025:06:43:40 -0400] "GET / HTTP/1.1" 301 0 "-" "Mozilla/5.0 (iPhone; CPU iPhone OS 13_2_3 like Mac OS X) AppleWebKit/605.1.15 (KHTML, like Gecko) Version/13.0.3 Mobile/15E148 Safari/604.1"
34.32.223.189 - - [23/Jun/2025:06:59:38 -0400] "GET /media/system/js/core.js HTTP/1.1" 200 0 "-" "Mozilla/5.0 (Macintosh; Intel Mac OS X 10_10_1) AppleWebKit/537.36 (KHTML, like Gecko) Chrome/39.0.2171.95 Safari/537.36"
66.29.137.138 - - [23/Jun/2025:06:59:52 -0400] "POST /wp-cron.php?doing_wp_cron=1750676392.4578440189361572265625 HTTP/1.1" 200 0 "-" "WordPress/6.8.1; https://gulshanthaispadhaka.com"
66.29.137.138 - - [23/Jun/2025:07:14:08 -0400] "POST /wp-cron.php?doing_wp_cron=1750677248.0346810817718505859375 HTTP/1.1" 200 0 "-" "WordPress/6.8.1; https://gulshanthaispadhaka.com"
18.119.11.56 - - [23/Jun/2025:07:14:05 -0400] "GET / HTTP/1.1" 301 0 "-" "python-requests/2.27.1"
66.29.137.138 - - [23/Jun/2025:07:35:22 -0400] "POST /wp-cron.php?doing_wp_cron=1750678522.2136330604553222656250 HTTP/1.1" 200 0 "-" "WordPress/6.8.1; https://gulshanthaispadhaka.com"
182.42.111.156 - - [23/Jun/2025:07:35:05 -0400] "GET / HTTP/1.1" 301 0 "-" "Mozilla/5.0 (iPhone; CPU iPhone OS 13_2_3 like Mac OS X) AppleWebKit/605.1.15 (KHTML, like Gecko) Version/13.0.3 Mobile/15E148 Safari/604.1"
31.14.75.36 - - [23/Jun/2025:09:29:58 -0400] "GET /blog/wp-login.php HTTP/1.1" 200 0 "-" "Mozilla/5.0"
66.29.137.138 - - [23/Jun/2025:09:30:19 -0400] "POST /wp-cron.php?doing_wp_cron=1750685419.1711769104003906250000 HTTP/1.1" 200 0 "-" "WordPress/6.8.1; https://gulshanthaispadhaka.com"
66.29.137.138 - - [23/Jun/2025:09:30:20 -0400] "POST /wp-cron.php?doing_wp_cron=1750685420.2246279716491699218750 HTTP/1.1" 200 0 "-" "WordPress/6.8.1; https://gulshanthaispadhaka.com"
66.29.137.138 - - [23/Jun/2025:09:30:20 -0400] "POST /wp-cron.php?doing_wp_cron=1750685420.8559210300445556640625 HTTP/1.1" 200 0 "-" "WordPress/6.8.1; https://gulshanthaispadhaka.com"
66.29.137.138 - - [23/Jun/2025:10:54:32 -0400] "POST /wp-cron.php?doing_wp_cron=1750690472.3983631134033203125000 HTTP/1.1" 200 0 "-" "WordPress/6.8.1; https://gulshanthaispadhaka.com"
66.29.137.138 - - [23/Jun/2025:10:54:32 -0400] "POST /wp-cron.php?doing_wp_cron=1750690472.6094279289245605468750 HTTP/1.1" 200 0 "-" "WordPress/6.8.1; https://gulshanthaispadhaka.com"
66.29.137.138 - - [23/Jun/2025:10:54:32 -0400] "POST /wp-cron.php?doing_wp_cron=1750690472.7656500339508056640625 HTTP/1.1" 200 0 "-" "WordPress/6.8.1; https://gulshanthaispadhaka.com"
182.42.105.144 - - [23/Jun/2025:10:54:27 -0400] "GET / HTTP/1.1" 301 0 "-" "Mozilla/5.0 (iPhone; CPU iPhone OS 13_2_3 like Mac OS X) AppleWebKit/605.1.15 (KHTML, like Gecko) Version/13.0.3 Mobile/15E148 Safari/604.1"
85.208.98.18 - - [23/Jun/2025:11:14:28 -0400] "GET /robots.txt HTTP/1.1" 200 139 "-" "Mozilla/5.0 (compatible; SemrushBot; +http://www.semrush.com/bot.html)"
66.29.137.138 - - [23/Jun/2025:12:20:36 -0400] "POST /wp-cron.php?doing_wp_cron=1750695636.6026849746704101562500 HTTP/1.1" 200 0 "-" "WordPress/6.8.1; https://gulshanthaispadhaka.com"
89.163.242.76 - - [23/Jun/2025:12:20:22 -0400] "GET /gdftps.php HTTP/1.1" 200 0 "www.google.com" "Mozlila/5.0 (Linux; Android 7.0; SM-G892A Bulid/NRD90M; wv) AppleWebKit/537.36 (KHTML, like Gecko) Version/4.0 Chrome/60.0.3112.107 Moblie Safari/537.36"
66.29.137.138 - - [23/Jun/2025:12:20:37 -0400] "POST /wp-cron.php?doing_wp_cron=1750695637.2235569953918457031250 HTTP/1.1" 200 0 "-" "WordPress/6.8.1; https://gulshanthaispadhaka.com"
66.29.137.138 - - [23/Jun/2025:12:20:37 -0400] "POST /wp-cron.php?doing_wp_cron=1750695637.5227200984954833984375 HTTP/1.1" 200 0 "-" "WordPress/6.8.1; https://gulshanthaispadhaka.com"
167.71.211.200 - - [23/Jun/2025:12:30:40 -0400] "GET /wp-content/plugins/litespeed-cache/readme.txt HTTP/1.1" 200 16624 "-" "Mozlila/5.0 (Linux; Android 7.0; SM-G892A Bulid/NRD90M; wv) AppleWebKit/537.36 (KHTML, like Gecko) Version/4.0 Chrome/60.0.3112.107 Moblie Safari/537.36"
66.29.137.138 - - [23/Jun/2025:12:35:52 -0400] "POST /wp-cron.php?doing_wp_cron=1750696552.4604120254516601562500 HTTP/1.1" 200 0 "-" "WordPress/6.8.1; https://gulshanthaispadhaka.com"
43.128.88.143 - - [23/Jun/2025:12:35:45 -0400] "GET / HTTP/1.1" 301 0 "https://google.com" "Mozilla/5.0 (Linux; Android 12; Pixel 6) AppleWebKit/537.36 (KHTML, like Gecko) Chrome/99.0.4844.58 Mobile Safari/537.36"
129.226.192.111 - - [23/Jun/2025:12:35:54 -0400] "GET / HTTP/1.1" 301 0 "https://google.com" "Mozilla/5.0 (Windows NT 10.0; WOW64) AppleWebKit/537.36 (KHTML, like Gecko) Chrome/118.0.5993 Safari/537.36"
43.156.168.214 - - [23/Jun/2025:12:36:04 -0400] "GET / HTTP/1.1" 301 0 "-" "Mozilla/5.0 (iPhone; CPU iPhone OS 13_2_3 like Mac OS X) AppleWebKit/605.1.15 (KHTML, like Gecko) Version/13.0.3 Mobile/15E148 Safari/604.1"
66.29.137.138 - - [23/Jun/2025:12:56:40 -0400] "POST /wp-cron.php?doing_wp_cron=1750697800.8435900211334228515625 HTTP/1.1" 200 0 "-" "WordPress/6.8.1; https://gulshanthaispadhaka.com"
40.69.202.202 - - [23/Jun/2025:12:56:37 -0400] "GET /autoload_classmap.php HTTP/1.1" 404 110976 "-" "-"
40.69.202.202 - - [23/Jun/2025:12:56:43 -0400] "GET /post.php HTTP/1.1" 404 110976 "-" "-"
40.69.202.202 - - [23/Jun/2025:12:56:43 -0400] "GET /1.php HTTP/1.1" 404 110976 "-" "-"
40.69.202.202 - - [23/Jun/2025:12:56:44 -0400] "GET /flower.php HTTP/1.1" 404 110976 "-" "-"
40.69.202.202 - - [23/Jun/2025:12:56:45 -0400] "GET /admin.php HTTP/1.1" 404 110976 "-" "-"
40.69.202.202 - - [23/Jun/2025:12:56:46 -0400] "GET /file.php HTTP/1.1" 404 110976 "-" "-"
40.69.202.202 - - [23/Jun/2025:12:56:47 -0400] "GET /meta.php HTTP/1.1" 404 110976 "-" "-"
40.69.202.202 - - [23/Jun/2025:12:56:47 -0400] "GET /index.php HTTP/1.1" 301 0 "-" "-"
40.69.202.202 - - [23/Jun/2025:12:56:49 -0400] "GET /about.php HTTP/1.1" 404 110976 "-" "-"
40.69.202.202 - - [23/Jun/2025:12:56:50 -0400] "GET /randkeyword.php HTTP/1.1" 404 110976 "-" "-"
40.69.202.202 - - [23/Jun/2025:12:56:51 -0400] "GET /goods.php HTTP/1.1" 404 110976 "-" "-"
40.69.202.202 - - [23/Jun/2025:12:56:51 -0400] "GET /hehe.php HTTP/1.1" 404 110976 "-" "-"
40.69.202.202 - - [23/Jun/2025:12:56:52 -0400] "GET /user.php HTTP/1.1" 404 110976 "-" "-"
40.69.202.202 - - [23/Jun/2025:12:56:53 -0400] "GET /wp-2019.php HTTP/1.1" 404 110976 "-" "-"
40.69.202.202 - - [23/Jun/2025:12:56:53 -0400] "GET /chosen.php HTTP/1.1" 404 110976 "-" "-"
40.69.202.202 - - [23/Jun/2025:12:56:54 -0400] "GET /functions.php HTTP/1.1" 404 110976 "-" "-"
40.69.202.202 - - [23/Jun/2025:12:56:55 -0400] "GET /cron.php HTTP/1.1" 404 110976 "-" "-"
40.69.202.202 - - [23/Jun/2025:12:56:56 -0400] "GET /edit.php HTTP/1.1" 404 110976 "-" "-"
40.69.202.202 - - [23/Jun/2025:12:56:57 -0400] "GET /gecko-new.php HTTP/1.1" 404 110976 "-" "-"
40.69.202.202 - - [23/Jun/2025:12:56:57 -0400] "GET /cookie.php HTTP/1.1" 404 110976 "-" "-"
40.69.202.202 - - [23/Jun/2025:12:56:58 -0400] "GET /xleet.php HTTP/1.1" 404 110976 "-" "-"
40.69.202.202 - - [23/Jun/2025:12:56:59 -0400] "GET /spip.php HTTP/1.1" 404 110976 "-" "-"
40.69.202.202 - - [23/Jun/2025:12:57:00 -0400] "GET /22.php HTTP/1.1" 404 110976 "-" "-"
40.69.202.202 - - [23/Jun/2025:12:57:00 -0400] "GET /room.php HTTP/1.1" 404 110976 "-" "-"
40.69.202.202 - - [23/Jun/2025:12:57:01 -0400] "GET /disagreed.php HTTP/1.1" 404 110976 "-" "-"
40.69.202.202 - - [23/Jun/2025:12:57:02 -0400] "GET /text.php HTTP/1.1" 404 110976 "-" "-"
40.69.202.202 - - [23/Jun/2025:12:57:03 -0400] "GET /alfa-rex.php HTTP/1.1" 404 110976 "-" "-"
40.69.202.202 - - [23/Jun/2025:12:57:03 -0400] "GET /alfa-rex.php7 HTTP/1.1" 404 110976 "-" "-"
40.69.202.202 - - [23/Jun/2025:12:57:04 -0400] "GET /feeds.php HTTP/1.1" 404 110976 "-" "-"
40.69.202.202 - - [23/Jun/2025:12:57:05 -0400] "GET /radio.php HTTP/1.1" 404 110976 "-" "-"
40.69.202.202 - - [23/Jun/2025:12:57:05 -0400] "GET /dropdown.php HTTP/1.1" 404 110976 "-" "-"
40.69.202.202 - - [23/Jun/2025:12:57:06 -0400] "GET /defaults.php HTTP/1.1" 404 110976 "-" "-"
40.69.202.202 - - [23/Jun/2025:12:57:07 -0400] "GET /system.php HTTP/1.1" 404 110976 "-" "-"
40.69.202.202 - - [23/Jun/2025:12:57:07 -0400] "GET /xmlrpc.php HTTP/1.1" 405 42 "-" "-"
40.69.202.202 - - [23/Jun/2025:12:57:08 -0400] "GET /xmlrpc.php0 HTTP/1.1" 404 110976 "-" "-"
40.69.202.202 - - [23/Jun/2025:12:57:08 -0400] "GET /colors.php HTTP/1.1" 404 110976 "-" "-"
66.29.137.138 - - [23/Jun/2025:12:57:09 -0400] "POST /wp-cron.php?doing_wp_cron=1750697829.5818428993225097656250 HTTP/1.1" 200 0 "-" "WordPress/6.8.1; https://gulshanthaispadhaka.com"
40.69.202.202 - - [23/Jun/2025:12:57:09 -0400] "GET /updates.php HTTP/1.1" 404 110976 "-" "-"
40.69.202.202 - - [23/Jun/2025:12:57:10 -0400] "GET /alfa-rex1.php HTTP/1.1" 404 110976 "-" "-"
40.69.202.202 - - [23/Jun/2025:12:57:11 -0400] "GET /wp-index.php HTTP/1.1" 404 110976 "-" "-"
40.69.202.202 - - [23/Jun/2025:12:57:12 -0400] "GET /wp-admin.php HTTP/1.1" 404 110976 "-" "-"
40.69.202.202 - - [23/Jun/2025:12:57:13 -0400] "GET /alfa.php HTTP/1.1" 404 110976 "-" "-"
40.69.202.202 - - [23/Jun/2025:12:57:15 -0400] "GET /alfanew.php7 HTTP/1.1" 404 110976 "-" "-"
40.69.202.202 - - [23/Jun/2025:12:57:17 -0400] "GET /locale.php HTTP/1.1" 404 110976 "-" "-"
40.69.202.202 - - [23/Jun/2025:12:57:18 -0400] "GET /wxo.php HTTP/1.1" 404 110976 "-" "-"
40.69.202.202 - - [23/Jun/2025:12:57:19 -0400] "GET /colour.php HTTP/1.1" 404 110976 "-" "-"
40.69.202.202 - - [23/Jun/2025:12:57:19 -0400] "GET /files.php HTTP/1.1" 404 110976 "-" "-"
40.69.202.202 - - [23/Jun/2025:12:57:20 -0400] "GET /install.php HTTP/1.1" 404 110976 "-" "-"
40.69.202.202 - - [23/Jun/2025:12:57:21 -0400] "GET /wp-contentt.php HTTP/1.1" 404 110976 "-" "-"
40.69.202.202 - - [23/Jun/2025:12:57:22 -0400] "GET /config.php7 HTTP/1.1" 404 110976 "-" "-"
40.69.202.202 - - [23/Jun/2025:12:57:22 -0400] "GET /config.php HTTP/1.1" 404 110976 "-" "-"
40.69.202.202 - - [23/Jun/2025:12:57:24 -0400] "GET /theme.php HTTP/1.1" 404 110976 "-" "-"
40.69.202.202 - - [23/Jun/2025:12:57:25 -0400] "GET /block-bindings.php HTTP/1.1" 404 110976 "-" "-"
40.69.202.202 - - [23/Jun/2025:12:57:27 -0400] "GET /class_api.php HTTP/1.1" 404 110976 "-" "-"
40.69.202.202 - - [23/Jun/2025:12:57:28 -0400] "GET /inputs.php HTTP/1.1" 404 110976 "-" "-"
40.69.202.202 - - [23/Jun/2025:12:57:28 -0400] "GET /root.php HTTP/1.1" 404 110976 "-" "-"
40.69.202.202 - - [23/Jun/2025:12:57:29 -0400] "GET /menu.php HTTP/1.1" 404 110976 "-" "-"
66.29.137.138 - - [23/Jun/2025:12:57:30 -0400] "POST /wp-cron.php?doing_wp_cron=1750697850.4248819351196289062500 HTTP/1.1" 200 0 "-" "WordPress/6.8.1; https://gulshanthaispadhaka.com"
40.69.202.202 - - [23/Jun/2025:12:57:30 -0400] "GET /plugin.php HTTP/1.1" 404 110976 "-" "-"
40.69.202.202 - - [23/Jun/2025:12:57:30 -0400] "GET /cloud.php HTTP/1.1" 404 110976 "-" "-"
40.69.202.202 - - [23/Jun/2025:12:57:31 -0400] "GET /configs.php HTTP/1.1" 404 110976 "-" "-"
40.69.202.202 - - [23/Jun/2025:12:57:32 -0400] "GET /wp-configs.php HTTP/1.1" 404 110976 "-" "-"
40.69.202.202 - - [23/Jun/2025:12:57:32 -0400] "GET /update.php HTTP/1.1" 404 110976 "-" "-"
40.69.202.202 - - [23/Jun/2025:12:57:33 -0400] "GET /2.php HTTP/1.1" 404 110976 "-" "-"
40.69.202.202 - - [23/Jun/2025:12:57:34 -0400] "GET /input.php HTTP/1.1" 404 110976 "-" "-"
40.69.202.202 - - [23/Jun/2025:12:57:34 -0400] "GET /aaa.php HTTP/1.1" 404 110976 "-" "-"
66.29.137.138 - - [23/Jun/2025:13:27:35 -0400] "POST /wp-cron.php?doing_wp_cron=1750699655.3517589569091796875000 HTTP/1.1" 200 0 "-" "WordPress/6.8.1; https://gulshanthaispadhaka.com"
66.29.137.138 - - [23/Jun/2025:13:27:35 -0400] "POST /wp-cron.php?doing_wp_cron=1750699655.5965390205383300781250 HTTP/1.1" 200 0 "-" "WordPress/6.8.1; https://gulshanthaispadhaka.com"
66.29.137.138 - - [23/Jun/2025:13:27:35 -0400] "POST /wp-cron.php?doing_wp_cron=1750699655.7050440311431884765625 HTTP/1.1" 200 0 "-" "WordPress/6.8.1; https://gulshanthaispadhaka.com"
194.35.13.67 - - [23/Jun/2025:13:27:30 -0400] "GET / HTTP/1.1" 301 0 "-" "Mozilla/5.0 (Macintosh; Intel Mac OS X 14_6) AppleWebKit/605.1.15 (KHTML, like Gecko) Version/17.5 Safari/605.1.15"
66.29.137.138 - - [23/Jun/2025:13:33:22 -0400] "POST /wp-cron.php?doing_wp_cron=1750700002.4774019718170166015625 HTTP/1.1" 200 0 "-" "WordPress/6.8.1; https://gulshanthaispadhaka.com"
43.135.145.73 - - [23/Jun/2025:13:33:19 -0400] "GET / HTTP/1.1" 301 0 "-" "Mozilla/5.0 (iPhone; CPU iPhone OS 13_2_3 like Mac OS X) AppleWebKit/605.1.15 (KHTML, like Gecko) Version/13.0.3 Mobile/15E148 Safari/604.1"
66.29.137.138 - - [23/Jun/2025:13:43:17 -0400] "POST /wp-cron.php?doing_wp_cron=1750700597.2590050697326660156250 HTTP/1.1" 200 0 "-" "WordPress/6.8.1; https://gulshanthaispadhaka.com"
85.208.98.18 - - [23/Jun/2025:13:43:15 -0400] "GET /robots.txt HTTP/1.1" 200 139 "-" "Mozilla/5.0 (compatible; SemrushBot; +http://www.semrush.com/bot.html)"
66.29.137.138 - - [23/Jun/2025:14:06:49 -0400] "POST /wp-cron.php?doing_wp_cron=1750702009.4789540767669677734375 HTTP/1.1" 200 0 "-" "WordPress/6.8.1; https://gulshanthaispadhaka.com"
122.51.104.231 - - [23/Jun/2025:14:06:45 -0400] "GET / HTTP/1.1" 301 0 "-" "Mozilla/5.0 (iPhone; CPU iPhone OS 13_2_3 like Mac OS X) AppleWebKit/605.1.15 (KHTML, like Gecko) Version/13.0.3 Mobile/15E148 Safari/604.1"
66.29.137.138 - - [23/Jun/2025:14:38:25 -0400] "POST /wp-cron.php?doing_wp_cron=1750703905.6356511116027832031250 HTTP/1.1" 200 0 "-" "WordPress/6.8.1; https://gulshanthaispadhaka.com"
66.29.137.138 - - [23/Jun/2025:14:38:25 -0400] "POST /wp-cron.php?doing_wp_cron=1750703905.8816370964050292968750 HTTP/1.1" 200 0 "-" "WordPress/6.8.1; https://gulshanthaispadhaka.com"
66.29.137.138 - - [23/Jun/2025:14:38:26 -0400] "POST /wp-cron.php?doing_wp_cron=1750703906.0995519161224365234375 HTTP/1.1" 200 0 "-" "WordPress/6.8.1; https://gulshanthaispadhaka.com"
34.59.234.50 - - [23/Jun/2025:14:38:19 -0400] "GET /media/system/js/core.js HTTP/1.1" 404 29336 "-" "Mozilla/5.0 (Macintosh; Intel Mac OS X 10_10_1) AppleWebKit/537.36 (KHTML, like Gecko) Chrome/39.0.2171.95 Safari/537.36"
34.59.234.50 - - [23/Jun/2025:14:38:28 -0400] "GET /wp-includes/js/jquery/jquery.js HTTP/1.1" 200 102492 "-" "Mozilla/5.0 (Macintosh; Intel Mac OS X 10_10_1) AppleWebKit/537.36 (KHTML, like Gecko) Chrome/39.0.2171.95 Safari/537.36"
66.29.137.138 - - [23/Jun/2025:15:07:22 -0400] "POST /wp-cron.php?doing_wp_cron=1750705642.0677249431610107421875 HTTP/1.1" 200 0 "-" "WordPress/6.8.1; https://gulshanthaispadhaka.com"
111.231.10.88 - - [23/Jun/2025:15:07:15 -0400] "GET / HTTP/1.1" 301 0 "-" "Mozilla/5.0 (Linux; Android 10; LIO-AN00 Build/HUAWEILIO-AN00; wv) MicroMessenger Weixin QQ AppleWebKit/537.36 (KHTML, like Gecko) Version/4.0 Chrome/78.0.3904.62 XWEB/2692 MMWEBSDK/200901 Mobile Safari/537.36"
66.29.137.138 - - [23/Jun/2025:15:12:34 -0400] "POST /wp-cron.php?doing_wp_cron=1750705954.5921540260314941406250 HTTP/1.1" 200 0 "-" "WordPress/6.8.1; https://gulshanthaispadhaka.com"
111.231.10.88 - - [23/Jun/2025:15:12:32 -0400] "GET / HTTP/1.1" 301 0 "-" "Mozilla/5.0 (Linux; Android 10; LIO-AN00 Build/HUAWEILIO-AN00; wv) MicroMessenger Weixin QQ AppleWebKit/537.36 (KHTML, like Gecko) Version/4.0 Chrome/78.0.3904.62 XWEB/2692 MMWEBSDK/200901 Mobile Safari/537.36"
103.77.107.216 - - [23/Jun/2025:16:23:55 -0400] "GET /sftp-config.json HTTP/1.1" 403 1242 "-" "Mozilla/5.0 (Macintosh; Intel Mac OS X 10.15; rv:77.0) Gecko/20100101 Firefox/77.0"
103.77.107.216 - - [23/Jun/2025:16:23:57 -0400] "GET /.vscode/sftp.json HTTP/1.1" 200 0 "-" "Mozilla/5.0 (Macintosh; Intel Mac OS X 10.15; rv:77.0) Gecko/20100101 Firefox/77.0"
66.29.137.138 - - [23/Jun/2025:16:24:01 -0400] "POST /wp-cron.php?doing_wp_cron=1750710241.8819921016693115234375 HTTP/1.1" 200 0 "-" "WordPress/6.8.1; https://gulshanthaispadhaka.com"
66.29.137.138 - - [23/Jun/2025:16:24:01 -0400] "POST /wp-cron.php?doing_wp_cron=1750710241.9747710227966308593750 HTTP/1.1" 200 0 "-" "WordPress/6.8.1; https://gulshanthaispadhaka.com"
66.29.137.138 - - [23/Jun/2025:16:24:02 -0400] "POST /wp-cron.php?doing_wp_cron=1750710242.0310440063476562500000 HTTP/1.1" 200 0 "-" "WordPress/6.8.1; https://gulshanthaispadhaka.com"
66.29.137.138 - - [23/Jun/2025:17:06:35 -0400] "POST /wp-cron.php?doing_wp_cron=1750712794.9947550296783447265625 HTTP/1.1" 200 0 "-" "WordPress/6.8.1; https://gulshanthaispadhaka.com"
180.102.134.69 - - [23/Jun/2025:17:06:28 -0400] "GET / HTTP/1.1" 301 0 "-" "Mozilla/5.0 (iPhone; CPU iPhone OS 13_2_3 like Mac OS X) AppleWebKit/605.1.15 (KHTML, like Gecko) Version/13.0.3 Mobile/15E148 Safari/604.1"
167.71.211.200 - - [23/Jun/2025:17:27:32 -0400] "GET /wp-content/plugins/litespeed-cache/readme.txt HTTP/1.1" 200 16624 "-" "Mozlila/5.0 (Linux; Android 7.0; SM-G892A Bulid/NRD90M; wv) AppleWebKit/537.36 (KHTML, like Gecko) Version/4.0 Chrome/60.0.3112.107 Moblie Safari/537.36"
85.208.98.18 - - [23/Jun/2025:17:35:19 -0400] "GET /robots.txt HTTP/1.1" 200 139 "-" "Mozilla/5.0 (compatible; SemrushBot; +http://www.semrush.com/bot.html)"
216.244.66.231 - - [23/Jun/2025:18:00:42 -0400] "GET /robots.txt HTTP/1.1" 200 241 "-" "Mozilla/5.0 (compatible; DotBot/1.2; +https://opensiteexplorer.org/dotbot; help@moz.com)"
66.29.137.138 - - [23/Jun/2025:18:07:12 -0400] "POST /wp-cron.php?doing_wp_cron=1750716431.9913730621337890625000 HTTP/1.1" 200 0 "-" "WordPress/6.8.1; https://gulshanthaispadhaka.com"
66.29.137.138 - - [23/Jun/2025:18:07:12 -0400] "POST /wp-cron.php?doing_wp_cron=1750716432.1218450069427490234375 HTTP/1.1" 200 0 "-" "WordPress/6.8.1; https://gulshanthaispadhaka.com"
66.29.137.138 - - [23/Jun/2025:18:07:12 -0400] "POST /wp-cron.php?doing_wp_cron=1750716432.1744239330291748046875 HTTP/1.1" 200 0 "-" "WordPress/6.8.1; https://gulshanthaispadhaka.com"
216.244.66.231 - - [23/Jun/2025:18:07:07 -0400] "GET / HTTP/1.1" 301 0 "-" "Mozilla/5.0 (compatible; DotBot/1.2; +https://opensiteexplorer.org/dotbot; help@moz.com)"
196.251.86.133 - - [23/Jun/2025:19:57:47 -0400] "POST /wp-plain.php HTTP/1.1" 200 0 "www.google.com" "Mozilla/5.0 (Linux; Android 7.0; SM-G892A Bulid/NRD90M; wv) AppleWebKit/537.36 (KHTML, like Gecko) Version/4.0 Chrome/60.0.3112.107 Moblie Safari/537.36"
196.251.86.133 - - [23/Jun/2025:19:57:47 -0400] "GET /wp-content/plugins/fix/up.php HTTP/1.1" 200 0 "-" "Mozilla/5.0 (Windows NT 10.0; Win64; x64) AppleWebKit/537.36 (KHTML, like Gecko) Chrome/85.0.4183.102 Safari/537.36"
196.251.86.133 - - [23/Jun/2025:19:57:47 -0400] "GET / HTTP/1.1" 200 0 "-" "Mozlila/5.0 (Linux; Android 7.0; SM-G892A Bulid/NRD90M; wv) AppleWebKit/537.36 (KHTML, like Gecko) Version/4.0 Chrome/60.0.3112.107 Moblie Safari/537.36"
196.251.86.133 - - [23/Jun/2025:19:57:47 -0400] "GET /wp-content/themes/seotheme/db.php?u HTTP/1.1" 200 0 "www.google.com" "Mozlila/5.0 (Linux; Android 7.0; SM-G892A Bulid/NRD90M; wv) AppleWebKit/537.36 (KHTML, like Gecko) Version/4.0 Chrome/60.0.3112.107 Moblie Safari/537.36"
196.251.86.133 - - [23/Jun/2025:19:57:59 -0400] "GET / HTTP/1.1" 200 0 "-" "Mozlila/5.0 (Linux; Android 7.0; SM-G892A Bulid/NRD90M; wv) AppleWebKit/537.36 (KHTML, like Gecko) Version/4.0 Chrome/60.0.3112.107 Moblie Safari/537.36"
196.251.86.133 - - [23/Jun/2025:19:57:59 -0400] "GET /wp-content/themes/seotheme/db.php?u HTTP/1.1" 200 0 "www.google.com" "Mozlila/5.0 (Linux; Android 7.0; SM-G892A Bulid/NRD90M; wv) AppleWebKit/537.36 (KHTML, like Gecko) Version/4.0 Chrome/60.0.3112.107 Moblie Safari/537.36"
196.251.86.133 - - [23/Jun/2025:19:57:59 -0400] "GET /wp-content/plugins/fix/up.php HTTP/1.1" 200 0 "-" "Mozilla/5.0 (Windows NT 10.0; Win64; x64) AppleWebKit/537.36 (KHTML, like Gecko) Chrome/85.0.4183.102 Safari/537.36"
196.251.86.133 - - [23/Jun/2025:19:58:12 -0400] "GET /wp-content/themes/seotheme/db.php?u HTTP/1.1" 200 0 "www.google.com" "Mozlila/5.0 (Linux; Android 7.0; SM-G892A Bulid/NRD90M; wv) AppleWebKit/537.36 (KHTML, like Gecko) Version/4.0 Chrome/60.0.3112.107 Moblie Safari/537.36"
196.251.86.133 - - [23/Jun/2025:19:58:12 -0400] "GET / HTTP/1.1" 200 0 "-" "Mozlila/5.0 (Linux; Android 7.0; SM-G892A Bulid/NRD90M; wv) AppleWebKit/537.36 (KHTML, like Gecko) Version/4.0 Chrome/60.0.3112.107 Moblie Safari/537.36"
196.251.86.133 - - [23/Jun/2025:19:58:12 -0400] "GET /wp-content/plugins/fix/up.php HTTP/1.1" 200 0 "-" "Mozilla/5.0 (Windows NT 10.0; Win64; x64) AppleWebKit/537.36 (KHTML, like Gecko) Chrome/85.0.4183.102 Safari/537.36"
196.251.86.133 - - [23/Jun/2025:19:57:47 -0400] "POST /ALFA_DATA/alfacgiapi/perl.alfa HTTP/1.1" 404 116494 "www.google.com" "Mozlila/5.0 (Linux; Android 7.0; SM-G892A Bulid/NRD90M; wv) AppleWebKit/537.36 (KHTML, like Gecko) Version/4.0 Chrome/60.0.3112.107 Moblie Safari/537.36"
196.251.86.133 - - [23/Jun/2025:19:58:25 -0400] "POST /alfacgiapi/perl.alfa HTTP/1.1" 404 110918 "www.google.com" "Mozlila/5.0 (Linux; Android 7.0; SM-G892A Bulid/NRD90M; wv) AppleWebKit/537.36 (KHTML, like Gecko) Version/4.0 Chrome/60.0.3112.107 Moblie Safari/537.36"
66.29.137.138 - - [23/Jun/2025:20:24:43 -0400] "POST /wp-cron.php?doing_wp_cron=1750724683.3560268878936767578125 HTTP/1.1" 200 0 "-" "WordPress/6.8.1; https://gulshanthaispadhaka.com"
43.158.91.71 - - [23/Jun/2025:20:24:43 -0400] "GET / HTTP/1.1" 301 0 "-" "Mozilla/5.0 (iPhone; CPU iPhone OS 13_2_3 like Mac OS X) AppleWebKit/605.1.15 (KHTML, like Gecko) Version/13.0.3 Mobile/15E148 Safari/604.1"
152.42.198.56 - - [23/Jun/2025:20:33:10 -0400] "GET /wp-content/plugins/litespeed-cache/readme.txt HTTP/1.1" 200 16624 "-" "Mozlila/5.0 (Linux; Android 7.0; SM-G892A Bulid/NRD90M; wv) AppleWebKit/537.36 (KHTML, like Gecko) Version/4.0 Chrome/60.0.3112.107 Moblie Safari/537.36"
66.29.137.138 - - [23/Jun/2025:21:24:41 -0400] "POST /wp-cron.php?doing_wp_cron=1750728281.4492020606994628906250 HTTP/1.1" 200 0 "-" "WordPress/6.8.1; https://gulshanthaispadhaka.com"
66.29.137.138 - - [23/Jun/2025:21:24:41 -0400] "POST /wp-cron.php?doing_wp_cron=1750728281.5442049503326416015625 HTTP/1.1" 200 0 "-" "WordPress/6.8.1; https://gulshanthaispadhaka.com"
66.29.137.138 - - [23/Jun/2025:21:24:41 -0400] "POST /wp-cron.php?doing_wp_cron=1750728281.6426420211791992187500 HTTP/1.1" 200 0 "-" "WordPress/6.8.1; https://gulshanthaispadhaka.com"
49.51.178.45 - - [23/Jun/2025:21:24:35 -0400] "GET / HTTP/1.1" 301 0 "-" "Mozilla/5.0 (iPhone; CPU iPhone OS 13_2_3 like Mac OS X) AppleWebKit/605.1.15 (KHTML, like Gecko) Version/13.0.3 Mobile/15E148 Safari/604.1"
66.29.137.138 - - [23/Jun/2025:23:02:29 -0400] "POST /wp-cron.php?doing_wp_cron=1750734149.0285429954528808593750 HTTP/1.1" 200 0 "-" "WordPress/6.8.1; https://gulshanthaispadhaka.com"
66.29.137.138 - - [23/Jun/2025:23:02:29 -0400] "POST /wp-cron.php?doing_wp_cron=1750734149.2995600700378417968750 HTTP/1.1" 200 0 "-" "WordPress/6.8.1; https://gulshanthaispadhaka.com"
66.29.137.138 - - [23/Jun/2025:23:02:29 -0400] "POST /wp-cron.php?doing_wp_cron=1750734149.3808510303497314453125 HTTP/1.1" 200 0 "-" "WordPress/6.8.1; https://gulshanthaispadhaka.com"
118.195.153.213 - - [23/Jun/2025:23:02:23 -0400] "GET / HTTP/1.1" 301 0 "-" "Mozilla/5.0 (iPhone; CPU iPhone OS 13_2_3 like Mac OS X) AppleWebKit/605.1.15 (KHTML, like Gecko) Version/13.0.3 Mobile/15E148 Safari/604.1"
66.29.137.138 - - [24/Jun/2025:02:15:50 -0400] "POST /wp-cron.php?doing_wp_cron=1750745750.3689370155334472656250 HTTP/1.1" 200 0 "-" "WordPress/6.8.1; https://gulshanthaispadhaka.com"
114.96.103.33 - - [24/Jun/2025:02:15:47 -0400] "GET / HTTP/1.1" 301 0 "-" "Mozilla/5.0 (iPhone; CPU iPhone OS 13_2_3 like Mac OS X) AppleWebKit/605.1.15 (KHTML, like Gecko) Version/13.0.3 Mobile/15E148 Safari/604.1"
66.29.137.138 - - [24/Jun/2025:02:26:15 -0400] "POST /wp-cron.php?doing_wp_cron=1750746375.7085390090942382812500 HTTP/1.1" 200 0 "-" "WordPress/6.8.1; https://gulshanthaispadhaka.com"
194.145.227.125 - - [24/Jun/2025:02:26:12 -0400] "GET /chart/php-ofc-library/ofc_upload_image.php HTTP/1.1" 404 116552 "-" "ALittle Client"
77.246.108.83 - - [24/Jun/2025:03:03:55 -0400] "GET /wp-json/wp/v2/users HTTP/1.1" 200 0 "http://gulshanthaispadhaka.com/wp-json/wp/v2/users" "Mozilla/5.0 (Windows NT 10.0; Win64; x64; rv:137.0) Gecko/20100101 Firefox/137.0"
66.29.137.138 - - [24/Jun/2025:03:04:04 -0400] "POST /wp-cron.php?doing_wp_cron=1750748644.4478631019592285156250 HTTP/1.1" 200 0 "-" "WordPress/6.8.1; https://gulshanthaispadhaka.com"
66.29.137.138 - - [24/Jun/2025:03:05:25 -0400] "POST /wp-cron.php?doing_wp_cron=1750748725.4136040210723876953125 HTTP/1.1" 200 0 "-" "WordPress/6.8.1; https://gulshanthaispadhaka.com"
66.29.137.138 - - [24/Jun/2025:03:05:25 -0400] "POST /wp-cron.php?doing_wp_cron=1750748725.5747809410095214843750 HTTP/1.1" 200 0 "-" "WordPress/6.8.1; https://gulshanthaispadhaka.com"
66.29.137.138 - - [24/Jun/2025:03:05:25 -0400] "POST /wp-cron.php?doing_wp_cron=1750748725.7812919616699218750000 HTTP/1.1" 200 0 "-" "WordPress/6.8.1; https://gulshanthaispadhaka.com"
198.235.24.196 - - [24/Jun/2025:03:05:24 -0400] "GET / HTTP/1.1" 301 0 "-" "Expanse, a Palo Alto Networks company, searches across the global IPv4 space multiple times per day to identify customers' presences on the Internet. If you would like to be excluded from our scans, please send IP addresses/domains to: scaninfo@paloaltonetworks.com"
192.178.6.39 - - [24/Jun/2025:03:16:12 -0400] "GET / HTTP/1.1" 301 0 "-" "Mozilla/5.0 (compatible; Googlebot/2.1; +http://www.google.com/bot.html)"
66.29.137.138 - - [24/Jun/2025:03:16:24 -0400] "POST /wp-cron.php?doing_wp_cron=1750749384.1450169086456298828125 HTTP/1.1" 200 0 "-" "WordPress/6.8.1; https://gulshanthaispadhaka.com"
192.178.6.38 - - [24/Jun/2025:03:16:12 -0400] "GET / HTTP/1.1" 301 0 "-" "Mozilla/5.0 (Linux; Android 6.0.1; Nexus 5X Build/MMB29P) AppleWebKit/537.36 (KHTML, like Gecko) Chrome/99.0.4844.84 Mobile Safari/537.36 (compatible; Googlebot/2.1; +http://www.google.com/bot.html)"
4.227.36.91 - - [24/Jun/2025:03:27:06 -0400] "GET /robots.txt HTTP/1.1" 200 120 "-" "Mozilla/5.0 AppleWebKit/537.36 (KHTML, like Gecko; compatible; GPTBot/1.2; +https://openai.com/gptbot)"
66.29.137.138 - - [24/Jun/2025:03:27:14 -0400] "POST /wp-cron.php?doing_wp_cron=1750750034.2949669361114501953125 HTTP/1.1" 200 0 "-" "WordPress/6.8.1; https://gulshanthaispadhaka.com"
4.227.36.91 - - [24/Jun/2025:03:27:06 -0400] "GET /robots.txt HTTP/1.1" 301 0 "-" "Mozilla/5.0 AppleWebKit/537.36 (KHTML, like Gecko; compatible; GPTBot/1.2; +https://openai.com/gptbot)"
4.227.36.91 - - [24/Jun/2025:03:27:15 -0400] "GET /robots.txt HTTP/1.1" 200 120 "http://www.gulshanthaispadhaka.com/robots.txt" "Mozilla/5.0 AppleWebKit/537.36 (KHTML, like Gecko; compatible; GPTBot/1.2; +https://openai.com/gptbot)"
20.171.207.158 - - [24/Jun/2025:03:27:15 -0400] "GET /humans.txt HTTP/1.1" 301 0 "-" "Mozilla/5.0 AppleWebKit/537.36 (KHTML, like Gecko; compatible; GPTBot/1.2; +https://openai.com/gptbot)"
20.171.207.88 - - [24/Jun/2025:03:27:16 -0400] "GET /wp-l0gin.php HTTP/1.1" 404 23707 "-" "Mozilla/5.0 AppleWebKit/537.36 (KHTML, like Gecko; compatible; GPTBot/1.2; +https://openai.com/gptbot)"
20.171.207.158 - - [24/Jun/2025:03:27:18 -0400] "GET /security.txt HTTP/1.1" 301 0 "-" "Mozilla/5.0 AppleWebKit/537.36 (KHTML, like Gecko; compatible; GPTBot/1.2; +https://openai.com/gptbot)"
20.171.207.88 - - [24/Jun/2025:03:27:18 -0400] "GET /cjfuns.php HTTP/1.1" 404 23707 "-" "Mozilla/5.0 AppleWebKit/537.36 (KHTML, like Gecko; compatible; GPTBot/1.2; +https://openai.com/gptbot)"
20.171.207.88 - - [24/Jun/2025:03:27:21 -0400] "GET /wp-seo.php HTTP/1.1" 404 23707 "-" "Mozilla/5.0 AppleWebKit/537.36 (KHTML, like Gecko; compatible; GPTBot/1.2; +https://openai.com/gptbot)"
20.171.207.88 - - [24/Jun/2025:03:27:23 -0400] "GET /archivarix.cms.php HTTP/1.1" 404 23707 "-" "Mozilla/5.0 AppleWebKit/537.36 (KHTML, like Gecko; compatible; GPTBot/1.2; +https://openai.com/gptbot)"
20.171.207.88 - - [24/Jun/2025:03:27:25 -0400] "GET /.well-known/pki-validation/cloud.php HTTP/1.1" 404 1251 "-" "Mozilla/5.0 AppleWebKit/537.36 (KHTML, like Gecko; compatible; GPTBot/1.2; +https://openai.com/gptbot)"
20.171.207.88 - - [24/Jun/2025:03:27:26 -0400] "GET / HTTP/1.1" 301 0 "-" "Mozilla/5.0 AppleWebKit/537.36 (KHTML, like Gecko; compatible; GPTBot/1.2; +https://openai.com/gptbot)"
66.29.137.138 - - [24/Jun/2025:03:27:30 -0400] "POST /wp-cron.php?doing_wp_cron=1750750050.0149939060211181640625 HTTP/1.1" 200 0 "-" "WordPress/6.8.1; https://gulshanthaispadhaka.com"
20.171.207.88 - - [24/Jun/2025:03:27:28 -0400] "GET /nf_tracking.php HTTP/1.1" 404 23707 "-" "Mozilla/5.0 AppleWebKit/537.36 (KHTML, like Gecko; compatible; GPTBot/1.2; +https://openai.com/gptbot)"
20.171.207.88 - - [24/Jun/2025:03:27:32 -0400] "GET /users.php HTTP/1.1" 404 23707 "-" "Mozilla/5.0 AppleWebKit/537.36 (KHTML, like Gecko; compatible; GPTBot/1.2; +https://openai.com/gptbot)"
20.171.207.88 - - [24/Jun/2025:03:27:35 -0400] "GET /wp-info.php HTTP/1.1" 404 23707 "-" "Mozilla/5.0 AppleWebKit/537.36 (KHTML, like Gecko; compatible; GPTBot/1.2; +https://openai.com/gptbot)"
20.171.207.88 - - [24/Jun/2025:03:27:38 -0400] "GET /class.api.php HTTP/1.1" 404 23707 "-" "Mozilla/5.0 AppleWebKit/537.36 (KHTML, like Gecko; compatible; GPTBot/1.2; +https://openai.com/gptbot)"
66.29.137.138 - - [24/Jun/2025:03:27:42 -0400] "POST /wp-cron.php?doing_wp_cron=1750750062.2171919345855712890625 HTTP/1.1" 200 0 "-" "WordPress/6.8.1; https://gulshanthaispadhaka.com"
20.171.207.88 - - [24/Jun/2025:03:27:41 -0400] "GET /wso.php HTTP/1.1" 404 23707 "-" "Mozilla/5.0 AppleWebKit/537.36 (KHTML, like Gecko; compatible; GPTBot/1.2; +https://openai.com/gptbot)"
20.171.207.88 - - [24/Jun/2025:03:27:44 -0400] "GET /humans.txt HTTP/1.1" 404 23707 "-" "Mozilla/5.0 AppleWebKit/537.36 (KHTML, like Gecko; compatible; GPTBot/1.2; +https://openai.com/gptbot)"
20.171.207.88 - - [24/Jun/2025:03:27:45 -0400] "GET /text.php HTTP/1.1" 404 23707 "-" "Mozilla/5.0 AppleWebKit/537.36 (KHTML, like Gecko; compatible; GPTBot/1.2; +https://openai.com/gptbot)"
20.171.207.88 - - [24/Jun/2025:03:27:47 -0400] "GET /my1.php HTTP/1.1" 404 23707 "-" "Mozilla/5.0 AppleWebKit/537.36 (KHTML, like Gecko; compatible; GPTBot/1.2; +https://openai.com/gptbot)"
20.171.207.88 - - [24/Jun/2025:03:27:48 -0400] "GET /dropdown.php HTTP/1.1" 404 23707 "-" "Mozilla/5.0 AppleWebKit/537.36 (KHTML, like Gecko; compatible; GPTBot/1.2; +https://openai.com/gptbot)"
20.171.207.88 - - [24/Jun/2025:03:27:50 -0400] "GET /classwithtostring.php HTTP/1.1" 404 23707 "-" "Mozilla/5.0 AppleWebKit/537.36 (KHTML, like Gecko; compatible; GPTBot/1.2; +https://openai.com/gptbot)"
20.171.207.88 - - [24/Jun/2025:03:27:52 -0400] "GET /security.txt HTTP/1.1" 404 23707 "-" "Mozilla/5.0 AppleWebKit/537.36 (KHTML, like Gecko; compatible; GPTBot/1.2; +https://openai.com/gptbot)"
20.171.207.88 - - [24/Jun/2025:03:27:54 -0400] "GET /install.php HTTP/1.1" 404 23707 "-" "Mozilla/5.0 AppleWebKit/537.36 (KHTML, like Gecko; compatible; GPTBot/1.2; +https://openai.com/gptbot)"
20.171.207.88 - - [24/Jun/2025:03:27:55 -0400] "GET /st.php HTTP/1.1" 404 23707 "-" "Mozilla/5.0 AppleWebKit/537.36 (KHTML, like Gecko; compatible; GPTBot/1.2; +https://openai.com/gptbot)"
20.171.207.88 - - [24/Jun/2025:03:27:57 -0400] "GET /ee.php HTTP/1.1" 404 23707 "-" "Mozilla/5.0 AppleWebKit/537.36 (KHTML, like Gecko; compatible; GPTBot/1.2; +https://openai.com/gptbot)"
20.171.207.88 - - [24/Jun/2025:03:27:59 -0400] "GET /wp-content/wso.php HTTP/1.1" 404 23707 "-" "Mozilla/5.0 AppleWebKit/537.36 (KHTML, like Gecko; compatible; GPTBot/1.2; +https://openai.com/gptbot)"
20.171.207.88 - - [24/Jun/2025:03:28:02 -0400] "GET /wp-content/mah.php HTTP/1.1" 404 23707 "-" "Mozilla/5.0 AppleWebKit/537.36 (KHTML, like Gecko; compatible; GPTBot/1.2; +https://openai.com/gptbot)"
20.171.207.88 - - [24/Jun/2025:03:28:04 -0400] "GET /delete3.php HTTP/1.1" 404 23707 "-" "Mozilla/5.0 AppleWebKit/537.36 (KHTML, like Gecko; compatible; GPTBot/1.2; +https://openai.com/gptbot)"
20.171.207.88 - - [24/Jun/2025:03:28:06 -0400] "GET /shellv3.php HTTP/1.1" 404 23707 "-" "Mozilla/5.0 AppleWebKit/537.36 (KHTML, like Gecko; compatible; GPTBot/1.2; +https://openai.com/gptbot)"
66.29.137.138 - - [24/Jun/2025:03:28:09 -0400] "POST /wp-cron.php?doing_wp_cron=1750750089.5740280151367187500000 HTTP/1.1" 200 0 "-" "WordPress/6.8.1; https://gulshanthaispadhaka.com"
20.171.207.88 - - [24/Jun/2025:03:28:09 -0400] "GET /alfanew.PHP7 HTTP/1.1" 404 23707 "-" "Mozilla/5.0 AppleWebKit/537.36 (KHTML, like Gecko; compatible; GPTBot/1.2; +https://openai.com/gptbot)"
20.171.207.88 - - [24/Jun/2025:03:28:10 -0400] "GET /wp-content/themes/twenty/twenty.php HTTP/1.1" 404 24854 "-" "Mozilla/5.0 AppleWebKit/537.36 (KHTML, like Gecko; compatible; GPTBot/1.2; +https://openai.com/gptbot)"
20.171.207.88 - - [24/Jun/2025:03:28:12 -0400] "GET /wp-admin/dropdown.php HTTP/1.1" 404 23707 "-" "Mozilla/5.0 AppleWebKit/537.36 (KHTML, like Gecko; compatible; GPTBot/1.2; +https://openai.com/gptbot)"
20.171.207.88 - - [24/Jun/2025:03:28:13 -0400] "GET /wp-content/upgrade-temp-backup/about.php HTTP/1.1" 404 24854 "-" "Mozilla/5.0 AppleWebKit/537.36 (KHTML, like Gecko; compatible; GPTBot/1.2; +https://openai.com/gptbot)"
20.171.207.88 - - [24/Jun/2025:03:28:14 -0400] "GET /cgi-bin/cgi-bin/about.php HTTP/1.1" 404 24855 "-" "Mozilla/5.0 AppleWebKit/537.36 (KHTML, like Gecko; compatible; GPTBot/1.2; +https://openai.com/gptbot)"
20.171.207.88 - - [24/Jun/2025:03:28:17 -0400] "GET /.well-known/acme-challenge/plugins.php HTTP/1.1" 404 24855 "-" "Mozilla/5.0 AppleWebKit/537.36 (KHTML, like Gecko; compatible; GPTBot/1.2; +https://openai.com/gptbot)"
20.171.207.88 - - [24/Jun/2025:03:28:19 -0400] "GET /.well-known/pki-validation/xmrlpc.php HTTP/1.1" 404 1251 "-" "Mozilla/5.0 AppleWebKit/537.36 (KHTML, like Gecko; compatible; GPTBot/1.2; +https://openai.com/gptbot)"
20.171.207.88 - - [24/Jun/2025:03:28:20 -0400] "GET /cgi-bin/cgi-bin/about.php7 HTTP/1.1" 404 24854 "-" "Mozilla/5.0 AppleWebKit/537.36 (KHTML, like Gecko; compatible; GPTBot/1.2; +https://openai.com/gptbot)"
20.171.207.88 - - [24/Jun/2025:03:28:23 -0400] "GET //wp-content/uploads/wpr-addons/forms/ HTTP/1.1" 301 0 "-" "Mozilla/5.0 AppleWebKit/537.36 (KHTML, like Gecko; compatible; GPTBot/1.2; +https://openai.com/gptbot)"
20.171.207.88 - - [24/Jun/2025:03:28:26 -0400] "GET /wp-content/uploads/wpr-addons/forms/ HTTP/1.1" 404 24854 "-" "Mozilla/5.0 AppleWebKit/537.36 (KHTML, like Gecko; compatible; GPTBot/1.2; +https://openai.com/gptbot)"
20.171.207.88 - - [24/Jun/2025:03:28:27 -0400] "GET /.well-known/acme-challenge/xmrlpc.php HTTP/1.1" 404 24855 "-" "Mozilla/5.0 AppleWebKit/537.36 (KHTML, like Gecko; compatible; GPTBot/1.2; +https://openai.com/gptbot)"
66.29.137.138 - - [24/Jun/2025:03:28:32 -0400] "POST /wp-cron.php?doing_wp_cron=1750750111.9166541099548339843750 HTTP/1.1" 200 0 "-" "WordPress/6.8.1; https://gulshanthaispadhaka.com"
20.171.207.88 - - [24/Jun/2025:03:28:30 -0400] "GET /wp-admin/maint/moon.php HTTP/1.1" 404 24854 "-" "Mozilla/5.0 AppleWebKit/537.36 (KHTML, like Gecko; compatible; GPTBot/1.2; +https://openai.com/gptbot)"
20.171.207.88 - - [24/Jun/2025:03:28:33 -0400] "GET /.well-known/acme-challenge/cloud.php HTTP/1.1" 404 24855 "-" "Mozilla/5.0 AppleWebKit/537.36 (KHTML, like Gecko; compatible; GPTBot/1.2; +https://openai.com/gptbot)"
20.171.207.88 - - [24/Jun/2025:03:28:36 -0400] "GET /wp-admin/js/about.php7 HTTP/1.1" 404 24855 "-" "Mozilla/5.0 AppleWebKit/537.36 (KHTML, like Gecko; compatible; GPTBot/1.2; +https://openai.com/gptbot)"
66.29.137.138 - - [24/Jun/2025:03:28:40 -0400] "POST /wp-cron.php?doing_wp_cron=1750750120.7573089599609375000000 HTTP/1.1" 200 0 "-" "WordPress/6.8.1; https://gulshanthaispadhaka.com"
20.171.207.88 - - [24/Jun/2025:03:28:39 -0400] "GET /.well-known/acme-challenge/install.php HTTP/1.1" 404 24855 "-" "Mozilla/5.0 AppleWebKit/537.36 (KHTML, like Gecko; compatible; GPTBot/1.2; +https://openai.com/gptbot)"
20.171.207.88 - - [24/Jun/2025:03:28:42 -0400] "GET /wp-admin/js/about.php HTTP/1.1" 404 24855 "-" "Mozilla/5.0 AppleWebKit/537.36 (KHTML, like Gecko; compatible; GPTBot/1.2; +https://openai.com/gptbot)"
20.171.207.88 - - [24/Jun/2025:03:28:45 -0400] "GET /wp-includes/certificates/plugins.php HTTP/1.1" 404 24855 "-" "Mozilla/5.0 AppleWebKit/537.36 (KHTML, like Gecko; compatible; GPTBot/1.2; +https://openai.com/gptbot)"
20.171.207.88 - - [24/Jun/2025:03:28:47 -0400] "GET /wp-content/plugins/Cache/Cache.php HTTP/1.1" 404 24855 "-" "Mozilla/5.0 AppleWebKit/537.36 (KHTML, like Gecko; compatible; GPTBot/1.2; +https://openai.com/gptbot)"
20.171.207.88 - - [24/Jun/2025:03:28:49 -0400] "GET //wp-content/patior/ HTTP/1.1" 301 0 "-" "Mozilla/5.0 AppleWebKit/537.36 (KHTML, like Gecko; compatible; GPTBot/1.2; +https://openai.com/gptbot)"
20.171.207.88 - - [24/Jun/2025:03:28:51 -0400] "GET /wp-content/patior/ HTTP/1.1" 404 23707 "-" "Mozilla/5.0 AppleWebKit/537.36 (KHTML, like Gecko; compatible; GPTBot/1.2; +https://openai.com/gptbot)"
20.171.207.88 - - [24/Jun/2025:03:28:52 -0400] "GET /wp-uploads-config.php HTTP/1.1" 404 23707 "-" "Mozilla/5.0 AppleWebKit/537.36 (KHTML, like Gecko; compatible; GPTBot/1.2; +https://openai.com/gptbot)"
20.171.207.88 - - [24/Jun/2025:03:28:56 -0400] "GET /wp-content/plugins/install.php HTTP/1.1" 404 24855 "-" "Mozilla/5.0 AppleWebKit/537.36 (KHTML, like Gecko; compatible; GPTBot/1.2; +https://openai.com/gptbot)"
