43.135.145.73 - - [23/Jun/2025:13:33:23 -0400] "GET / HTTP/1.1" 200 43013 "http://gulshanthaispadhaka.com" "Mozilla/5.0 (iPhone; CPU iPhone OS 13_2_3 like Mac OS X) AppleWebKit/605.1.15 (KHTML, like Gecko) Version/13.0.3 Mobile/15E148 Safari/604.1"
66.29.137.138 - - [23/Jun/2025:13:45:15 -0400] "POST /wp-cron.php?doing_wp_cron=1750700715.5945169925689697265625 HTTP/1.1" 200 0 "-" "WordPress/6.8.1; https://gulshanthaispadhaka.com"
66.29.137.138 - - [23/Jun/2025:13:45:13 -0400] "GET / HTTP/1.1" 200 199433 "-" "Softaculous"
66.29.137.138 - - [23/Jun/2025:13:45:16 -0400] "GET / HTTP/1.1" 200 199433 "-" "Softaculous"
66.29.137.138 - - [23/Jun/2025:13:56:54 -0400] "POST /wp-cron.php?doing_wp_cron=1750701414.4211010932922363281250 HTTP/1.1" 200 0 "-" "WordPress/6.8.1; https://gulshanthaispadhaka.com"
104.210.140.130 - - [23/Jun/2025:13:56:52 -0400] "GET /robots.txt HTTP/1.1" 200 120 "-" "Mozilla/5.0 (Macintosh; Intel Mac OS X 10_15_7) AppleWebKit/537.36 (KHTML, like Gecko) Chrome/131.0.0.0 Safari/537.36; compatible; OAI-SearchBot/1.0; +https://openai.com/searchbot"
122.51.104.231 - - [23/Jun/2025:14:06:50 -0400] "GET / HTTP/1.1" 200 43027 "http://www.gulshanthaispadhaka.com" "Mozilla/5.0 (iPhone; CPU iPhone OS 13_2_3 like Mac OS X) AppleWebKit/605.1.15 (KHTML, like Gecko) Version/13.0.3 Mobile/15E148 Safari/604.1"
111.231.10.88 - - [23/Jun/2025:15:07:24 -0400] "GET / HTTP/1.1" 200 43027 "http://gulshanthaispadhaka.com" "Mozilla/5.0 (Linux; Android 10; LIO-AN00 Build/HUAWEILIO-AN00; wv) MicroMessenger Weixin QQ AppleWebKit/537.36 (KHTML, like Gecko) Version/4.0 Chrome/78.0.3904.62 XWEB/2692 MMWEBSDK/200901 Mobile Safari/537.36"
111.231.10.88 - - [23/Jun/2025:15:12:39 -0400] "GET / HTTP/1.1" 200 43027 "http://gulshanthaispadhaka.com" "Mozilla/5.0 (Linux; Android 10; LIO-AN00 Build/HUAWEILIO-AN00; wv) MicroMessenger Weixin QQ AppleWebKit/537.36 (KHTML, like Gecko) Version/4.0 Chrome/78.0.3904.62 XWEB/2692 MMWEBSDK/200901 Mobile Safari/537.36"
57.141.4.18 - - [23/Jun/2025:15:36:03 -0400] "GET / HTTP/1.1" 200 199433 "-" "meta-externalagent/1.1 (+https://developers.facebook.com/docs/sharing/webmasters/crawler)"
66.29.137.138 - - [23/Jun/2025:16:26:12 -0400] "POST /wp-cron.php?doing_wp_cron=1750710372.7358400821685791015625 HTTP/1.1" 200 0 "-" "WordPress/6.8.1; https://gulshanthaispadhaka.com"
200.63.105.152 - - [23/Jun/2025:16:26:11 -0400] "GET /services-best-spa-in-gulshan/ HTTP/1.1" 200 34229 "-" "Mozilla/5.0 (iPhone; CPU iPhone OS 17_2 like Mac OS X) AppleWebKit/605.1.15 (KHTML, like Gecko) EdgiOS/119.0.2151.96 Version/17.0 Mobile/15E148 Safari/604.1"
18.136.0.106 - - [23/Jun/2025:16:59:58 -0400] "GET /wp-content/uploads/2020/02/massage-oil.jpg HTTP/1.1" 200 29514 "-" "Mozilla/5.0 (compatible; imageSpider; scrapedia-receive@bytedance.com)"
180.102.134.69 - - [23/Jun/2025:17:06:36 -0400] "GET / HTTP/1.1" 200 43016 "http://gulshanthaispadhaka.com" "Mozilla/5.0 (iPhone; CPU iPhone OS 13_2_3 like Mac OS X) AppleWebKit/605.1.15 (KHTML, like Gecko) Version/13.0.3 Mobile/15E148 Safari/604.1"
85.208.98.18 - - [23/Jun/2025:17:34:55 -0400] "GET / HTTP/1.1" 200 43016 "-" "Mozilla/5.0 (compatible; SemrushBot; +http://www.semrush.com/bot.html)"
85.208.98.18 - - [23/Jun/2025:17:35:20 -0400] "HEAD / HTTP/1.1" 200 0 "-" "Mozilla/5.0 (compatible; SemrushBot; +http://www.semrush.com/bot.html)"
66.29.137.138 - - [23/Jun/2025:19:21:44 -0400] "GET / HTTP/1.1" 200 199443 "-" "Mozilla/5.0 (Windows NT 10.0; Win64; x64; rv:122.0) Gecko/20100101 Firefox/122.0"
107.174.200.150 - - [23/Jun/2025:19:45:15 -0400] "GET /wp-content/uploads/2023/09/skin-deep.jpg HTTP/1.1" 200 92765 "https://www.google.com/" "Mozilla/5.0 (Macintosh; Intel Mac OS X 10_15_7) AppleWebKit/605.1.15 (KHTML, like Gecko) Version/14.0.3 Safari/605.1.15"
196.251.86.133 - - [23/Jun/2025:19:58:29 -0400] "GET /wp-content/themes/seotheme/db.php?u HTTP/1.1" 404 116576 "www.google.com" "Mozlila/5.0 (Linux; Android 7.0; SM-G892A Bulid/NRD90M; wv) AppleWebKit/537.36 (KHTML, like Gecko) Version/4.0 Chrome/60.0.3112.107 Moblie Safari/537.36"
196.251.86.133 - - [23/Jun/2025:19:58:35 -0400] "GET /wp-content/themes/seotheme/db.php?u HTTP/1.1" 404 116576 "www.google.com" "Mozlila/5.0 (Linux; Android 7.0; SM-G892A Bulid/NRD90M; wv) AppleWebKit/537.36 (KHTML, like Gecko) Version/4.0 Chrome/60.0.3112.107 Moblie Safari/537.36"
66.29.137.138 - - [23/Jun/2025:20:00:28 -0400] "POST /wp-cron.php?doing_wp_cron=1750723228.7715361118316650390625 HTTP/1.1" 200 0 "-" "WordPress/6.8.1; https://gulshanthaispadhaka.com"
18.191.39.191 - - [23/Jun/2025:20:00:26 -0400] "GET /wp-json/wp/v2/users/1 HTTP/1.1" 200 8115 "-" "Mozilla/5.0 (X11; Ubuntu; Linux i686; rv:28.0) Gecko/20100101 Firefox/28.0"
18.191.39.191 - - [23/Jun/2025:20:00:33 -0400] "GET / HTTP/1.1" 200 43016 "-" "Mozilla/5.0 (X11; Ubuntu; Linux i686; rv:28.0) Gecko/20100101 Firefox/28.0"
212.34.140.200 - - [23/Jun/2025:20:23:48 -0400] "GET / HTTP/1.1" 200 43016 "-" "Mozilla/5.0 (Macintosh; Intel Mac OS X 10_15_7) AppleWebKit/537.36 (KHTML, like Gecko) Chrome/133.0.0.0 Safari/537.36"
66.29.137.138 - - [23/Jun/2025:20:23:57 -0400] "POST /wp-cron.php?doing_wp_cron=1750724637.3073079586029052734375 HTTP/1.1" 200 0 "-" "WordPress/6.8.1; https://gulshanthaispadhaka.com"
212.34.140.200 - - [23/Jun/2025:20:23:49 -0400] "GET /comments/feed/ HTTP/1.1" 200 750 "-" "Mozilla/5.0 (Macintosh; Intel Mac OS X 10_15_7) AppleWebKit/537.36 (KHTML, like Gecko) Chrome/133.0.0.0 Safari/537.36"
212.34.140.200 - - [23/Jun/2025:20:23:58 -0400] "GET /contact/ HTTP/1.1" 200 34711 "-" "Mozilla/5.0 (Macintosh; Intel Mac OS X 10_15_7) AppleWebKit/537.36 (KHTML, like Gecko) Chrome/133.0.0.0 Safari/537.36"
43.158.91.71 - - [23/Jun/2025:20:24:45 -0400] "GET / HTTP/1.1" 200 43016 "http://www.gulshanthaispadhaka.com" "Mozilla/5.0 (iPhone; CPU iPhone OS 13_2_3 like Mac OS X) AppleWebKit/605.1.15 (KHTML, like Gecko) Version/13.0.3 Mobile/15E148 Safari/604.1"
4.227.36.91 - - [23/Jun/2025:20:56:39 -0400] "GET /robots.txt HTTP/1.1" 200 120 "-" "Mozilla/5.0 AppleWebKit/537.36 (KHTML, like Gecko; compatible; GPTBot/1.2; +https://openai.com/gptbot)"
66.29.137.138 - - [23/Jun/2025:20:56:45 -0400] "POST /wp-cron.php?doing_wp_cron=1750726605.3992969989776611328125 HTTP/1.1" 200 0 "-" "WordPress/6.8.1; https://gulshanthaispadhaka.com"
20.171.207.88 - - [23/Jun/2025:20:56:40 -0400] "GET /sitemap_index.xml HTTP/1.1" 200 289 "-" "Mozilla/5.0 AppleWebKit/537.36 (KHTML, like Gecko; compatible; GPTBot/1.2; +https://openai.com/gptbot)"
49.51.178.45 - - [23/Jun/2025:21:24:46 -0400] "GET / HTTP/1.1" 200 43016 "http://gulshanthaispadhaka.com" "Mozilla/5.0 (iPhone; CPU iPhone OS 13_2_3 like Mac OS X) AppleWebKit/605.1.15 (KHTML, like Gecko) Version/13.0.3 Mobile/15E148 Safari/604.1"
204.44.72.122 - - [23/Jun/2025:21:40:56 -0400] "GET /wp-content/uploads/2023/09/skin-deep.jpg HTTP/1.1" 200 92765 "https://www.google.com/" "Mozilla/5.0 (Windows NT 10.0; Win64; x64; rv:114.0) Gecko/20100101 Firefox/114.0"
51.222.253.8 - - [23/Jun/2025:21:46:53 -0400] "GET /robots.txt HTTP/1.1" 200 120 "-" "Mozilla/5.0 (compatible; AhrefsBot/7.0; +http://ahrefs.com/robot/)"
66.29.137.138 - - [23/Jun/2025:21:47:02 -0400] "POST /wp-cron.php?doing_wp_cron=1750729622.4012029170989990234375 HTTP/1.1" 200 0 "-" "WordPress/6.8.1; https://gulshanthaispadhaka.com"
51.222.253.19 - - [23/Jun/2025:21:46:54 -0400] "GET /sitemap_index.xml HTTP/1.1" 200 289 "-" "Mozilla/5.0 (compatible; AhrefsBot/7.0; +http://ahrefs.com/robot/)"
51.222.253.8 - - [23/Jun/2025:21:47:04 -0400] "GET /post-sitemap.xml HTTP/1.1" 200 350 "-" "Mozilla/5.0 (compatible; AhrefsBot/7.0; +http://ahrefs.com/robot/)"
51.222.253.3 - - [23/Jun/2025:21:47:06 -0400] "GET /page-sitemap.xml HTTP/1.1" 200 909 "-" "Mozilla/5.0 (compatible; AhrefsBot/7.0; +http://ahrefs.com/robot/)"
118.195.153.213 - - [23/Jun/2025:23:02:30 -0400] "GET / HTTP/1.1" 200 43016 "http://gulshanthaispadhaka.com" "Mozilla/5.0 (iPhone; CPU iPhone OS 13_2_3 like Mac OS X) AppleWebKit/605.1.15 (KHTML, like Gecko) Version/13.0.3 Mobile/15E148 Safari/604.1"
192.178.6.33 - - [23/Jun/2025:23:07:51 -0400] "GET /robots.txt HTTP/1.1" 200 120 "-" "Mozilla/5.0 (compatible; Googlebot/2.1; +http://www.google.com/bot.html)"
192.178.6.34 - - [23/Jun/2025:23:07:51 -0400] "GET / HTTP/1.1" 200 36526 "-" "Mozilla/5.0 (compatible; Googlebot/2.1; +http://www.google.com/bot.html)"
192.178.6.35 - - [23/Jun/2025:23:07:52 -0400] "GET /wp-content/plugins/elementor/assets/css/widget-image-box.min.css?ver=3.29.2 HTTP/1.1" 200 291 "https://gulshanthaispadhaka.com/" "Mozilla/5.0 AppleWebKit/537.36 (KHTML, like Gecko; compatible; Googlebot/2.1; +http://www.google.com/bot.html) Chrome/137.0.7151.68 Safari/537.36"
91.84.99.6 - - [23/Jun/2025:23:37:32 -0400] "GET / HTTP/1.1" 200 43016 "-" "Mozilla/5.0 (Macintosh; Intel Mac OS X 10_15_7) AppleWebKit/537.36 (KHTML, like Gecko) Chrome/133.0.0.0 Safari/537.36"
91.84.99.6 - - [23/Jun/2025:23:37:33 -0400] "GET /comments/feed/ HTTP/1.1" 200 750 "-" "Mozilla/5.0 (Macintosh; Intel Mac OS X 10_15_7) AppleWebKit/537.36 (KHTML, like Gecko) Chrome/133.0.0.0 Safari/537.36"
91.84.99.6 - - [23/Jun/2025:23:37:34 -0400] "GET /contact/ HTTP/1.1" 200 34711 "-" "Mozilla/5.0 (Macintosh; Intel Mac OS X 10_15_7) AppleWebKit/537.36 (KHTML, like Gecko) Chrome/133.0.0.0 Safari/537.36"
66.29.137.138 - - [24/Jun/2025:00:11:18 -0400] "POST /wp-cron.php?doing_wp_cron=1750738278.8068668842315673828125 HTTP/1.1" 200 0 "-" "WordPress/6.8.1; https://gulshanthaispadhaka.com"
66.29.137.138 - - [24/Jun/2025:00:11:19 -0400] "POST /wp-cron.php?doing_wp_cron=1750738279.0068330764770507812500 HTTP/1.1" 200 0 "-" "WordPress/6.8.1; https://gulshanthaispadhaka.com"
66.29.137.138 - - [24/Jun/2025:00:11:19 -0400] "POST /wp-cron.php?doing_wp_cron=1750738279.1107389926910400390625 HTTP/1.1" 200 0 "-" "WordPress/6.8.1; https://gulshanthaispadhaka.com"
205.210.31.230 - - [24/Jun/2025:00:11:13 -0400] "GET / HTTP/1.1" 301 0 "-" "Expanse, a Palo Alto Networks company, searches across the global IPv4 space multiple times per day to identify customers' presences on the Internet. If you would like to be excluded from our scans, please send IP addresses/domains to: scaninfo@paloaltonetworks.com"
52.45.29.57 - - [24/Jun/2025:00:41:49 -0400] "GET /robots.txt HTTP/1.1" 200 139 "-" "Mozilla/5.0 AppleWebKit/537.36 (KHTML, like Gecko; compatible; Amazonbot/0.1; +https://developer.amazon.com/support/amazonbot) Chrome/119.0.6045.214 Safari/537.36"
66.29.137.138 - - [24/Jun/2025:00:41:54 -0400] "POST /wp-cron.php?doing_wp_cron=1750740114.3968620300292968750000 HTTP/1.1" 200 0 "-" "WordPress/6.8.1; https://gulshanthaispadhaka.com"
52.44.148.203 - - [24/Jun/2025:00:41:49 -0400] "GET /hello-world/ HTTP/1.1" 200 32584 "-" "Mozilla/5.0 AppleWebKit/537.36 (KHTML, like Gecko; compatible; Amazonbot/0.1; +https://developer.amazon.com/support/amazonbot) Chrome/119.0.6045.214 Safari/537.36"
66.29.137.138 - - [24/Jun/2025:01:22:17 -0400] "POST /wp-cron.php?doing_wp_cron=1750742537.3257770538330078125000 HTTP/1.1" 200 0 "-" "WordPress/6.8.1; https://gulshanthaispadhaka.com"
51.222.253.8 - - [24/Jun/2025:01:22:11 -0400] "GET /sitemap_index.xml HTTP/1.1" 200 289 "-" "Mozilla/5.0 (compatible; AhrefsBot/7.0; +http://ahrefs.com/robot/)"
51.222.253.17 - - [24/Jun/2025:01:22:21 -0400] "GET /post-sitemap.xml HTTP/1.1" 200 350 "-" "Mozilla/5.0 (compatible; AhrefsBot/7.0; +http://ahrefs.com/robot/)"
51.222.253.4 - - [24/Jun/2025:01:22:24 -0400] "GET /page-sitemap.xml HTTP/1.1" 200 909 "-" "Mozilla/5.0 (compatible; AhrefsBot/7.0; +http://ahrefs.com/robot/)"
80.85.246.140 - - [24/Jun/2025:01:58:56 -0400] "GET / HTTP/1.1" 200 43016 "-" "Mozilla/5.0 (Macintosh; Intel Mac OS X 10_15_7) AppleWebKit/537.36 (KHTML, like Gecko) Chrome/133.0.0.0 Safari/537.36"
80.85.246.140 - - [24/Jun/2025:01:58:57 -0400] "GET /comments/feed/ HTTP/1.1" 200 750 "-" "Mozilla/5.0 (Macintosh; Intel Mac OS X 10_15_7) AppleWebKit/537.36 (KHTML, like Gecko) Chrome/133.0.0.0 Safari/537.36"
80.85.246.140 - - [24/Jun/2025:01:58:57 -0400] "GET /contact/ HTTP/1.1" 200 34711 "-" "Mozilla/5.0 (Macintosh; Intel Mac OS X 10_15_7) AppleWebKit/537.36 (KHTML, like Gecko) Chrome/133.0.0.0 Safari/537.36"
139.59.136.184 - - [24/Jun/2025:02:05:02 -0400] "GET / HTTP/1.1" 200 199443 "-" "-"
139.59.136.184 - - [24/Jun/2025:02:05:07 -0400] "GET / HTTP/1.1" 200 199443 "-" "Mozilla/5.0 (Linux; Android 6.0; HTC One M9 Build/MRA235444) AppleWebKit/537.36 (KHTML, like Gecko) Chrome/52.0.1109.98 Mobile Safari/537.3"
139.59.136.184 - - [24/Jun/2025:02:05:08 -0400] "GET /@vite/env HTTP/1.1" 200 0 "-" "Go-http-client/1.1"
139.59.136.184 - - [24/Jun/2025:02:05:11 -0400] "GET /actuator/env HTTP/1.1" 200 0 "-" "Go-http-client/1.1"
139.59.136.184 - - [24/Jun/2025:02:05:14 -0400] "GET /server HTTP/1.1" 200 0 "-" "Go-http-client/1.1"
66.29.137.138 - - [24/Jun/2025:02:05:19 -0400] "POST /wp-cron.php?doing_wp_cron=1750745119.6105051040649414062500 HTTP/1.1" 200 0 "-" "WordPress/6.8.1; https://gulshanthaispadhaka.com"
66.29.137.138 - - [24/Jun/2025:02:05:19 -0400] "POST /wp-cron.php?doing_wp_cron=1750745119.6112599372863769531250 HTTP/1.1" 200 0 "-" "WordPress/6.8.1; https://gulshanthaispadhaka.com"
66.29.137.138 - - [24/Jun/2025:02:05:19 -0400] "POST /wp-cron.php?doing_wp_cron=1750745119.6779420375823974609375 HTTP/1.1" 200 0 "-" "WordPress/6.8.1; https://gulshanthaispadhaka.com"
66.29.137.138 - - [24/Jun/2025:02:05:19 -0400] "POST /wp-cron.php?doing_wp_cron=1750745119.6774520874023437500000 HTTP/1.1" 200 0 "-" "WordPress/6.8.1; https://gulshanthaispadhaka.com"
139.59.136.184 - - [24/Jun/2025:02:05:17 -0400] "GET /.vscode/sftp.json HTTP/1.1" 200 0 "-" "Go-http-client/1.1"
66.29.137.138 - - [24/Jun/2025:02:05:19 -0400] "POST /wp-cron.php?doing_wp_cron=1750745119.7140169143676757812500 HTTP/1.1" 200 0 "-" "WordPress/6.8.1; https://gulshanthaispadhaka.com"
66.29.137.138 - - [24/Jun/2025:02:05:19 -0400] "POST /wp-cron.php?doing_wp_cron=1750745119.7865691184997558593750 HTTP/1.1" 200 0 "-" "WordPress/6.8.1; https://gulshanthaispadhaka.com"
66.29.137.138 - - [24/Jun/2025:02:05:19 -0400] "POST /wp-cron.php?doing_wp_cron=1750745119.7967350482940673828125 HTTP/1.1" 200 0 "-" "WordPress/6.8.1; https://gulshanthaispadhaka.com"
66.29.137.138 - - [24/Jun/2025:02:05:19 -0400] "POST /wp-cron.php?doing_wp_cron=1750745119.7949800491333007812500 HTTP/1.1" 200 0 "-" "WordPress/6.8.1; https://gulshanthaispadhaka.com"
66.29.137.138 - - [24/Jun/2025:02:05:19 -0400] "POST /wp-cron.php?doing_wp_cron=1750745119.8017210960388183593750 HTTP/1.1" 200 0 "-" "WordPress/6.8.1; https://gulshanthaispadhaka.com"
139.59.136.184 - - [24/Jun/2025:02:05:20 -0400] "GET /about HTTP/1.1" 301 0 "-" "Go-http-client/1.1"
139.59.136.184 - - [24/Jun/2025:02:05:21 -0400] "GET /debug/default/view?panel=config HTTP/1.1" 404 29302 "-" "Go-http-client/1.1"
139.59.136.184 - - [24/Jun/2025:02:05:22 -0400] "GET /v2/_catalog HTTP/1.1" 404 27931 "-" "Go-http-client/1.1"
139.59.136.184 - - [24/Jun/2025:02:05:23 -0400] "GET /ecp/Current/exporttool/microsoft.exchange.ediscovery.exporttool.application HTTP/1.1" 404 29301 "-" "Go-http-client/1.1"
139.59.136.184 - - [24/Jun/2025:02:05:25 -0400] "GET /login.action HTTP/1.1" 404 27931 "-" "Go-http-client/1.1"
139.59.136.184 - - [24/Jun/2025:02:05:26 -0400] "GET /_all_dbs HTTP/1.1" 404 27931 "-" "Mozilla/5.0 (l9scan/2.0.833313e2733313e29323e26363; +https://leakix.net)"
139.59.136.184 - - [24/Jun/2025:02:05:28 -0400] "GET /.DS_Store HTTP/1.1" 404 27930 "-" "Go-http-client/1.1"
139.59.136.184 - - [24/Jun/2025:02:05:29 -0400] "GET /.env HTTP/1.1" 403 1242 "-" "Go-http-client/1.1"
139.59.136.184 - - [24/Jun/2025:02:05:29 -0400] "GET /.git/config HTTP/1.1" 403 1242 "-" "Go-http-client/1.1"
66.29.137.138 - - [24/Jun/2025:02:05:30 -0400] "POST /wp-cron.php?doing_wp_cron=1750745130.7212619781494140625000 HTTP/1.1" 200 0 "-" "WordPress/6.8.1; https://gulshanthaispadhaka.com"
139.59.136.184 - - [24/Jun/2025:02:05:30 -0400] "GET /s/833313e2733313e29323e26363/_/;/META-INF/maven/com.atlassian.jira/jira-webapp-dist/pom.properties HTTP/1.1" 404 29302 "-" "Go-http-client/1.1"
139.59.136.184 - - [24/Jun/2025:02:05:31 -0400] "GET /config.json HTTP/1.1" 404 27931 "-" "Go-http-client/1.1"
139.59.136.184 - - [24/Jun/2025:02:05:33 -0400] "GET /telescope/requests HTTP/1.1" 404 27931 "-" "Go-http-client/1.1"
139.59.136.184 - - [24/Jun/2025:02:05:34 -0400] "GET /info.php HTTP/1.1" 404 27931 "-" "Go-http-client/1.1"
139.59.136.184 - - [24/Jun/2025:02:05:35 -0400] "GET /?rest_route=/wp/v2/users/ HTTP/1.1" 200 8117 "-" "Go-http-client/1.1"
114.96.103.33 - - [24/Jun/2025:02:15:51 -0400] "GET / HTTP/1.1" 200 43016 "http://www.gulshanthaispadhaka.com" "Mozilla/5.0 (iPhone; CPU iPhone OS 13_2_3 like Mac OS X) AppleWebKit/605.1.15 (KHTML, like Gecko) Version/13.0.3 Mobile/15E148 Safari/604.1"
45.228.148.52 - - [24/Jun/2025:02:15:55 -0400] "GET / HTTP/1.1" 200 36526 "-" "Mozilla/5.0 (Windows NT 10.0; Win64; x64) AppleWebKit/537.36 (KHTML, like Gecko) Chrome/122.0.0.0 Safari/537.36"
89.110.109.74 - - [24/Jun/2025:02:23:11 -0400] "GET / HTTP/1.1" 200 43016 "-" "Mozilla/5.0 (Macintosh; Intel Mac OS X 10_15_7) AppleWebKit/537.36 (KHTML, like Gecko) Chrome/133.0.0.0 Safari/537.36"
89.110.109.74 - - [24/Jun/2025:02:23:12 -0400] "GET /comments/feed/ HTTP/1.1" 200 750 "-" "Mozilla/5.0 (Macintosh; Intel Mac OS X 10_15_7) AppleWebKit/537.36 (KHTML, like Gecko) Chrome/133.0.0.0 Safari/537.36"
89.110.109.74 - - [24/Jun/2025:02:23:13 -0400] "GET /contact/ HTTP/1.1" 200 34711 "-" "Mozilla/5.0 (Macintosh; Intel Mac OS X 10_15_7) AppleWebKit/537.36 (KHTML, like Gecko) Chrome/133.0.0.0 Safari/537.36"
66.29.137.138 - - [24/Jun/2025:02:43:10 -0400] "POST /wp-cron.php?doing_wp_cron=1750747390.0975708961486816406250 HTTP/1.1" 200 0 "-" "WordPress/6.8.1; https://gulshanthaispadhaka.com"
45.157.54.23 - - [24/Jun/2025:02:43:06 -0400] "GET /wp-content/plugins/drag-and-drop-multiple-file-upload-contact-form-7/assets/css/dnd-upload-cf7.css HTTP/1.1" 404 116566 "-" "Mozilla/5.0 (Windows NT 10.0; Win64; x64) AppleWebKit/537.36 (KHTML, like Gecko) Chrome/127.0.0.0 Safari/537.36"
52.225.75.212 - - [24/Jun/2025:03:16:00 -0400] "GET /contact/ HTTP/1.1" 200 29280 "-" "Mozilla/5.0 AppleWebKit/537.36 (KHTML, like Gecko); compatible; ChatGPT-User/1.0; +https://openai.com/bot"
192.178.6.33 - - [24/Jun/2025:03:16:24 -0400] "GET / HTTP/1.1" 200 36526 "-" "Mozilla/5.0 (compatible; Googlebot/2.1; +http://www.google.com/bot.html)"
192.178.6.34 - - [24/Jun/2025:03:16:25 -0400] "GET / HTTP/1.1" 200 36526 "-" "Mozilla/5.0 (Linux; Android 6.0.1; Nexus 5X Build/MMB29P) AppleWebKit/537.36 (KHTML, like Gecko) Chrome/99.0.4844.84 Mobile Safari/537.36 (compatible; Googlebot/2.1; +http://www.google.com/bot.html)"
192.178.6.34 - - [24/Jun/2025:03:16:26 -0400] "GET /wp-content/plugins/elementor/assets/css/widget-image-box.min.css?ver=3.29.2 HTTP/1.1" 200 291 "https://gulshanthaispadhaka.com/" "Mozilla/5.0 AppleWebKit/537.36 (KHTML, like Gecko; compatible; Googlebot/2.1; +http://www.google.com/bot.html) Chrome/137.0.7151.68 Safari/537.36"
4.227.36.91 - - [24/Jun/2025:03:17:26 -0400] "GET /robots.txt HTTP/1.1" 200 120 "-" "Mozilla/5.0 AppleWebKit/537.36 (KHTML, like Gecko; compatible; GPTBot/1.2; +https://openai.com/gptbot)"
135.234.64.21 - - [24/Jun/2025:03:17:26 -0400] "GET /contact/ HTTP/1.1" 200 29280 "-" "Mozilla/5.0 (Macintosh; Intel Mac OS X 10_15_7) AppleWebKit/537.36 (KHTML, like Gecko) Chrome/131.0.0.0 Safari/537.36; compatible; OAI-SearchBot/1.0; +https://openai.com/searchbot"
66.29.137.138 - - [24/Jun/2025:03:17:31 -0400] "POST /wp-cron.php?doing_wp_cron=1750749450.8608980178833007812500 HTTP/1.1" 200 0 "-" "WordPress/6.8.1; https://gulshanthaispadhaka.com"
135.234.64.21 - - [24/Jun/2025:03:17:30 -0400] "GET /wp-json/oembed/1.0/embed?url=https%3A%2F%2Fgulshanthaispadhaka.com%2Fcontact%2F HTTP/1.1" 200 2465 "-" "Mozilla/5.0 (Macintosh; Intel Mac OS X 10_15_7) AppleWebKit/537.36 (KHTML, like Gecko) Chrome/131.0.0.0 Safari/537.36; compatible; OAI-SearchBot/1.0; +https://openai.com/searchbot"
20.171.207.88 - - [24/Jun/2025:03:17:31 -0400] "GET /?p=2449 HTTP/1.1" 301 0 "-" "Mozilla/5.0 AppleWebKit/537.36 (KHTML, like Gecko; compatible; GPTBot/1.2; +https://openai.com/gptbot)"
20.171.207.88 - - [24/Jun/2025:03:17:32 -0400] "GET /contact/ HTTP/1.1" 200 29280 "-" "Mozilla/5.0 AppleWebKit/537.36 (KHTML, like Gecko; compatible; GPTBot/1.2; +https://openai.com/gptbot)"
135.234.64.46 - - [24/Jun/2025:03:17:33 -0400] "GET /wp-json/oembed/1.0/embed?format=xml&url=https%3A%2F%2Fgulshanthaispadhaka.com%2Fcontact%2F HTTP/1.1" 200 1215 "-" "Mozilla/5.0 (Macintosh; Intel Mac OS X 10_15_7) AppleWebKit/537.36 (KHTML, like Gecko) Chrome/131.0.0.0 Safari/537.36; compatible; OAI-SearchBot/1.0; +https://openai.com/searchbot"
135.234.64.152 - - [24/Jun/2025:03:17:35 -0400] "GET /?p=2449 HTTP/1.1" 301 0 "-" "Mozilla/5.0 (Macintosh; Intel Mac OS X 10_15_7) AppleWebKit/537.36 (KHTML, like Gecko) Chrome/131.0.0.0 Safari/537.36; compatible; OAI-SearchBot/1.0; +https://openai.com/searchbot"
135.234.64.152 - - [24/Jun/2025:03:17:35 -0400] "GET /contact/ HTTP/1.1" 200 29280 "-" "Mozilla/5.0 (Macintosh; Intel Mac OS X 10_15_7) AppleWebKit/537.36 (KHTML, like Gecko) Chrome/131.0.0.0 Safari/537.36; compatible; OAI-SearchBot/1.0; +https://openai.com/searchbot"
20.171.207.88 - - [24/Jun/2025:03:17:33 -0400] "GET /wp-json/wp/v2/pages/2449 HTTP/1.1" 200 57948 "-" "Mozilla/5.0 AppleWebKit/537.36 (KHTML, like Gecko; compatible; GPTBot/1.2; +https://openai.com/gptbot)"
20.171.207.88 - - [24/Jun/2025:03:17:37 -0400] "GET /wp-json/oembed/1.0/embed?format=xml&url=https%3A%2F%2Fgulshanthaispadhaka.com%2Fcontact%2F HTTP/1.1" 200 1215 "-" "Mozilla/5.0 AppleWebKit/537.36 (KHTML, like Gecko; compatible; GPTBot/1.2; +https://openai.com/gptbot)"
135.234.64.138 - - [24/Jun/2025:03:17:38 -0400] "GET /wp-content/uploads/elementor/css/post-2449.css?ver=1698121201 HTTP/1.1" 200 907 "-" "Mozilla/5.0 (Macintosh; Intel Mac OS X 10_15_7) AppleWebKit/537.36 (KHTML, like Gecko) Chrome/131.0.0.0 Safari/537.36; compatible; OAI-SearchBot/1.0; +https://openai.com/searchbot"
135.234.64.46 - - [24/Jun/2025:03:17:40 -0400] "GET /wp-content/plugins/elementor/assets/css/widget-social-icons.min.css?ver=3.29.2 HTTP/1.1" 200 1069 "-" "Mozilla/5.0 (Macintosh; Intel Mac OS X 10_15_7) AppleWebKit/537.36 (KHTML, like Gecko) Chrome/131.0.0.0 Safari/537.36; compatible; OAI-SearchBot/1.0; +https://openai.com/searchbot"
135.234.64.26 - - [24/Jun/2025:03:17:42 -0400] "GET /wp-content/plugins/elementor/assets/lib/font-awesome/css/brands.min.css?ver=5.15.3 HTTP/1.1" 200 284 "-" "Mozilla/5.0 (Macintosh; Intel Mac OS X 10_15_7) AppleWebKit/537.36 (KHTML, like Gecko) Chrome/131.0.0.0 Safari/537.36; compatible; OAI-SearchBot/1.0; +https://openai.com/searchbot"
66.29.137.138 - - [24/Jun/2025:03:17:43 -0400] "POST /wp-cron.php?doing_wp_cron=1750749462.9464609622955322265625 HTTP/1.1" 200 0 "-" "WordPress/6.8.1; https://gulshanthaispadhaka.com"
20.171.207.88 - - [24/Jun/2025:03:17:42 -0400] "GET /contact/embed/ HTTP/1.1" 200 6400 "-" "Mozilla/5.0 AppleWebKit/537.36 (KHTML, like Gecko; compatible; GPTBot/1.2; +https://openai.com/gptbot)"
135.234.64.152 - - [24/Jun/2025:03:17:44 -0400] "GET /wp-json/wp/v2/pages/2449 HTTP/1.1" 200 57948 "-" "Mozilla/5.0 (Macintosh; Intel Mac OS X 10_15_7) AppleWebKit/537.36 (KHTML, like Gecko) Chrome/131.0.0.0 Safari/537.36; compatible; OAI-SearchBot/1.0; +https://openai.com/searchbot"
135.234.64.46 - - [24/Jun/2025:03:17:45 -0400] "GET /wp-content/plugins/elementor/assets/css/conditionals/apple-webkit.min.css?ver=3.29.2 HTTP/1.1" 200 472 "-" "Mozilla/5.0 (Macintosh; Intel Mac OS X 10_15_7) AppleWebKit/537.36 (KHTML, like Gecko) Chrome/131.0.0.0 Safari/537.36; compatible; OAI-SearchBot/1.0; +https://openai.com/searchbot"
20.171.207.88 - - [24/Jun/2025:03:17:46 -0400] "GET /wp-content/plugins/elementor/assets/lib/font-awesome/css/brands.min.css?ver=5.15.3 HTTP/1.1" 200 284 "-" "Mozilla/5.0 AppleWebKit/537.36 (KHTML, like Gecko; compatible; GPTBot/1.2; +https://openai.com/gptbot)"
135.234.64.147 - - [24/Jun/2025:03:17:46 -0400] "GET /wp-content/plugins/elementor/assets/css/widget-google_maps.min.css?ver=3.29.2 HTTP/1.1" 200 117 "-" "Mozilla/5.0 (Macintosh; Intel Mac OS X 10_15_7) AppleWebKit/537.36 (KHTML, like Gecko) Chrome/131.0.0.0 Safari/537.36; compatible; OAI-SearchBot/1.0; +https://openai.com/searchbot"
20.171.207.88 - - [24/Jun/2025:03:17:49 -0400] "GET /wp-content/plugins/elementor/assets/css/widget-social-icons.min.css?ver=3.29.2 HTTP/1.1" 200 1069 "-" "Mozilla/5.0 AppleWebKit/537.36 (KHTML, like Gecko; compatible; GPTBot/1.2; +https://openai.com/gptbot)"
20.171.207.88 - - [24/Jun/2025:03:17:52 -0400] "GET /wp-content/plugins/elementor/assets/css/widget-google_maps.min.css?ver=3.29.2 HTTP/1.1" 200 117 "-" "Mozilla/5.0 AppleWebKit/537.36 (KHTML, like Gecko; compatible; GPTBot/1.2; +https://openai.com/gptbot)"
20.171.207.88 - - [24/Jun/2025:03:17:55 -0400] "GET /wp-content/uploads/2017/03/spahero2-free-img.jpg HTTP/1.1" 200 17635 "-" "Mozilla/5.0 AppleWebKit/537.36 (KHTML, like Gecko; compatible; GPTBot/1.2; +https://openai.com/gptbot)"
20.171.207.88 - - [24/Jun/2025:03:17:57 -0400] "GET /wp-content/plugins/elementor/assets/css/conditionals/apple-webkit.min.css?ver=3.29.2 HTTP/1.1" 200 472 "-" "Mozilla/5.0 AppleWebKit/537.36 (KHTML, like Gecko; compatible; GPTBot/1.2; +https://openai.com/gptbot)"
20.171.207.88 - - [24/Jun/2025:03:17:59 -0400] "GET /wp-content/plugins/elementor/assets/lib/font-awesome/webfonts/fa-brands-400.ttf HTTP/1.1" 200 151368 "-" "Mozilla/5.0 AppleWebKit/537.36 (KHTML, like Gecko; compatible; GPTBot/1.2; +https://openai.com/gptbot)"
20.171.207.88 - - [24/Jun/2025:03:18:02 -0400] "GET /wp-content/plugins/elementor/assets/lib/font-awesome/webfonts/fa-brands-400.svg HTTP/1.1" 200 251755 "-" "Mozilla/5.0 AppleWebKit/537.36 (KHTML, like Gecko; compatible; GPTBot/1.2; +https://openai.com/gptbot)"
20.171.207.88 - - [24/Jun/2025:03:18:03 -0400] "GET /wp-content/plugins/elementor/assets/lib/font-awesome/webfonts/fa-brands-400.eot HTTP/1.1" 200 151556 "-" "Mozilla/5.0 AppleWebKit/537.36 (KHTML, like Gecko; compatible; GPTBot/1.2; +https://openai.com/gptbot)"
20.171.207.88 - - [24/Jun/2025:03:18:05 -0400] "GET /wp-content/plugins/elementor/assets/lib/font-awesome/webfonts/fa-brands-400.woff HTTP/1.1" 200 97804 "-" "Mozilla/5.0 AppleWebKit/537.36 (KHTML, like Gecko; compatible; GPTBot/1.2; +https://openai.com/gptbot)"
20.171.207.88 - - [24/Jun/2025:03:18:07 -0400] "GET /wp-content/plugins/elementor/assets/lib/font-awesome/webfonts/fa-brands-400.woff2 HTTP/1.1" 200 81612 "-" "Mozilla/5.0 AppleWebKit/537.36 (KHTML, like Gecko; compatible; GPTBot/1.2; +https://openai.com/gptbot)"
20.171.207.88 - - [24/Jun/2025:03:18:08 -0400] "GET /wp-includes/images/w-logo-blue.png HTTP/1.1" 200 3113 "-" "Mozilla/5.0 AppleWebKit/537.36 (KHTML, like Gecko; compatible; GPTBot/1.2; +https://openai.com/gptbot)"
20.171.207.88 - - [24/Jun/2025:03:27:28 -0400] "GET / HTTP/1.1" 200 36526 "-" "Mozilla/5.0 AppleWebKit/537.36 (KHTML, like Gecko; compatible; GPTBot/1.2; +https://openai.com/gptbot)"
192.178.6.34 - - [24/Jun/2025:03:42:08 -0400] "GET / HTTP/1.1" 200 36526 "-" "Mozilla/5.0 (Linux; Android 6.0.1; Nexus 5X Build/MMB29P) AppleWebKit/537.36 (KHTML, like Gecko) Chrome/137.0.7151.103 Mobile Safari/537.36 (compatible; Googlebot/2.1; +http://www.google.com/bot.html)"
43.156.168.214 - - [24/Jun/2025:03:42:13 -0400] "GET / HTTP/1.1" 200 43016 "http://www.gulshanthaispadhaka.com" "Mozilla/5.0 (iPhone; CPU iPhone OS 13_2_3 like Mac OS X) AppleWebKit/605.1.15 (KHTML, like Gecko) Version/13.0.3 Mobile/15E148 Safari/604.1"
192.178.6.33 - - [24/Jun/2025:03:42:19 -0400] "GET /wp-content/uploads/astra-addon/astra-addon-676ead02cae334-32155589.css?ver=4.3.1 HTTP/1.1" 200 2370 "https://gulshanthaispadhaka.com/" "Mozilla/5.0 (Linux; Android 6.0.1; Nexus 5X Build/MMB29P) AppleWebKit/537.36 (KHTML, like Gecko) Chrome/137.0.7151.68 Mobile Safari/537.36 (compatible; Googlebot/2.1; +http://www.google.com/bot.html)"
192.178.6.33 - - [24/Jun/2025:03:42:19 -0400] "GET /wp-content/plugins/elementor/assets/lib/eicons/css/elementor-icons.min.css?ver=5.40.0 HTTP/1.1" 200 3983 "https://gulshanthaispadhaka.com/" "Mozilla/5.0 (Linux; Android 6.0.1; Nexus 5X Build/MMB29P) AppleWebKit/537.36 (KHTML, like Gecko) Chrome/137.0.7151.68 Mobile Safari/537.36 (compatible; Googlebot/2.1; +http://www.google.com/bot.html)"
192.178.6.34 - - [24/Jun/2025:03:42:19 -0400] "GET /wp-content/uploads/elementor/google-fonts/css/robotoslab.css?ver=1742273807 HTTP/1.1" 200 718 "https://gulshanthaispadhaka.com/" "Mozilla/5.0 (Linux; Android 6.0.1; Nexus 5X Build/MMB29P) AppleWebKit/537.36 (KHTML, like Gecko) Chrome/137.0.7151.68 Mobile Safari/537.36 (compatible; Googlebot/2.1; +http://www.google.com/bot.html)"
192.178.6.34 - - [24/Jun/2025:03:42:20 -0400] "GET /wp-content/plugins/elementor/assets/lib/font-awesome/css/solid.min.css?ver=5.15.3 HTTP/1.1" 200 286 "https://gulshanthaispadhaka.com/" "Mozilla/5.0 (Linux; Android 6.0.1; Nexus 5X Build/MMB29P) AppleWebKit/537.36 (KHTML, like Gecko) Chrome/137.0.7151.68 Mobile Safari/537.36 (compatible; Googlebot/2.1; +http://www.google.com/bot.html)"
192.178.6.34 - - [24/Jun/2025:03:42:20 -0400] "GET /wp-content/plugins/elementor-pro/assets/css/frontend.min.css?ver=3.10.3 HTTP/1.1" 200 35936 "https://gulshanthaispadhaka.com/" "Mozilla/5.0 (Linux; Android 6.0.1; Nexus 5X Build/MMB29P) AppleWebKit/537.36 (KHTML, like Gecko) Chrome/137.0.7151.68 Mobile Safari/537.36 (compatible; Googlebot/2.1; +http://www.google.com/bot.html)"
192.178.6.33 - - [24/Jun/2025:03:42:20 -0400] "GET /wp-content/plugins/click-to-chat-for-whatsapp/new/inc/assets/css/main.css?ver=4.24 HTTP/1.1" 200 608 "https://gulshanthaispadhaka.com/" "Mozilla/5.0 (Linux; Android 6.0.1; Nexus 5X Build/MMB29P) AppleWebKit/537.36 (KHTML, like Gecko) Chrome/137.0.7151.68 Mobile Safari/537.36 (compatible; Googlebot/2.1; +http://www.google.com/bot.html)"
192.178.6.34 - - [24/Jun/2025:03:42:20 -0400] "GET /wp-content/plugins/elementor-pro/assets/js/preloaded-elements-handlers.min.js?ver=3.10.3 HTTP/1.1" 200 33605 "https://gulshanthaispadhaka.com/" "Mozilla/5.0 (Linux; Android 6.0.1; Nexus 5X Build/MMB29P) AppleWebKit/537.36 (KHTML, like Gecko) Chrome/137.0.7151.68 Mobile Safari/537.36 (compatible; Googlebot/2.1; +http://www.google.com/bot.html)"
192.178.6.33 - - [24/Jun/2025:03:42:21 -0400] "GET /wp-includes/js/jquery/ui/core.min.js?ver=1.13.3 HTTP/1.1" 200 6812 "https://gulshanthaispadhaka.com/" "Mozilla/5.0 (Linux; Android 6.0.1; Nexus 5X Build/MMB29P) AppleWebKit/537.36 (KHTML, like Gecko) Chrome/137.0.7151.68 Mobile Safari/537.36 (compatible; Googlebot/2.1; +http://www.google.com/bot.html)"
192.178.6.34 - - [24/Jun/2025:03:42:21 -0400] "GET /wp-content/plugins/elementor-pro/assets/js/frontend.min.js?ver=3.10.3 HTTP/1.1" 200 5542 "https://gulshanthaispadhaka.com/" "Mozilla/5.0 (Linux; Android 6.0.1; Nexus 5X Build/MMB29P) AppleWebKit/537.36 (KHTML, like Gecko) Chrome/137.0.7151.68 Mobile Safari/537.36 (compatible; Googlebot/2.1; +http://www.google.com/bot.html)"
192.178.6.33 - - [24/Jun/2025:03:42:21 -0400] "GET /wp-content/plugins/click-to-chat-for-whatsapp/new/inc/assets/js/app.js?ver=4.24 HTTP/1.1" 200 2993 "https://gulshanthaispadhaka.com/" "Mozilla/5.0 (Linux; Android 6.0.1; Nexus 5X Build/MMB29P) AppleWebKit/537.36 (KHTML, like Gecko) Chrome/137.0.7151.68 Mobile Safari/537.36 (compatible; Googlebot/2.1; +http://www.google.com/bot.html)"
192.178.6.33 - - [24/Jun/2025:03:42:23 -0400] "GET /wp-includes/js/dist/hooks.min.js?ver=4d63a3d491d11ffd8ac6 HTTP/1.1" 200 1571 "https://gulshanthaispadhaka.com/" "Mozilla/5.0 (Linux; Android 6.0.1; Nexus 5X Build/MMB29P) AppleWebKit/537.36 (KHTML, like Gecko) Chrome/137.0.7151.68 Mobile Safari/537.36 (compatible; Googlebot/2.1; +http://www.google.com/bot.html)"
192.178.6.34 - - [24/Jun/2025:03:42:23 -0400] "GET /wp-content/plugins/elementor/assets/js/frontend.min.js?ver=3.29.2 HTTP/1.1" 200 10288 "https://gulshanthaispadhaka.com/" "Mozilla/5.0 (Linux; Android 6.0.1; Nexus 5X Build/MMB29P) AppleWebKit/537.36 (KHTML, like Gecko) Chrome/137.0.7151.68 Mobile Safari/537.36 (compatible; Googlebot/2.1; +http://www.google.com/bot.html)"