20.171.207.105 - - [22/Jun/2025:01:36:43 -0400] "GET /search.php?zhHant%2Fproduct%2Fsurugaya%2F1112338806%3Fcampaign_uid=f64d716db5e979ed2f947dbaf4296895b951ae7f HTTP/1.1" 404 1251 "-" "Mozilla/5.0 AppleWebKit/537.36 (KHTML, like Gecko; compatible; GPTBot/1.2; +https://openai.com/gptbot)"
66.249.75.228 - - [22/Jun/2025:01:36:44 -0400] "GET /shopdetail/194014251 HTTP/1.1" 404 1251 "-" "Mozilla/5.0 (Linux; Android 6.0.1; Nexus 5X Build/MMB29P) AppleWebKit/537.36 (KHTML, like Gecko) Chrome/137.0.7151.103 Mobile Safari/537.36 (compatible; Googlebot/2.1; +http://www.google.com/bot.html)"
20.171.207.105 - - [22/Jun/2025:01:36:45 -0400] "GET /search.php?zhHant%2Fproduct%2Fsurugaya%2F1117452143%3Fcampaign_uid=f64d716db5e979ed2f947dbaf4296895b951ae7f HTTP/1.1" 404 1251 "-" "Mozilla/5.0 AppleWebKit/537.36 (KHTML, like Gecko; compatible; GPTBot/1.2; +https://openai.com/gptbot)"
66.249.75.8 - - [22/Jun/2025:01:36:45 -0400] "GET /pcmypage?callback=/product%2Fdetail%2t1078704867 HTTP/1.1" 404 1251 "-" "Mozilla/5.0 (Linux; Android 6.0.1; Nexus 5X Build/MMB29P) AppleWebKit/537.36 (KHTML, like Gecko) Chrome/137.0.7151.103 Mobile Safari/537.36 (compatible; Googlebot/2.1; +http://www.google.com/bot.html)"
66.249.75.228 - - [22/Jun/2025:01:36:46 -0400] "GET /shopdetail/281032452 HTTP/1.1" 404 1251 "-" "Mozilla/5.0 (Linux; Android 6.0.1; Nexus 5X Build/MMB29P) AppleWebKit/537.36 (KHTML, like Gecko) Chrome/137.0.7151.103 Mobile Safari/537.36 (compatible; Googlebot/2.1; +http://www.google.com/bot.html)"
20.171.207.105 - - [22/Jun/2025:01:36:46 -0400] "GET /search.php?zhHant%2Fproduct%2Fsurugaya%2F1110767942%3Fcampaign_uid=f64d716db5e979ed2f947dbaf4296895b951ae7f HTTP/1.1" 404 1251 "-" "Mozilla/5.0 AppleWebKit/537.36 (KHTML, like Gecko; compatible; GPTBot/1.2; +https://openai.com/gptbot)"
66.249.75.228 - - [22/Jun/2025:01:36:46 -0400] "GET /shopdetail/092023891 HTTP/1.1" 404 1251 "-" "Mozilla/5.0 (Linux; Android 6.0.1; Nexus 5X Build/MMB29P) AppleWebKit/537.36 (KHTML, like Gecko) Chrome/137.0.7151.103 Mobile Safari/537.36 (compatible; Googlebot/2.1; +http://www.google.com/bot.html)"
20.171.207.105 - - [22/Jun/2025:01:36:47 -0400] "GET /search.php?zhHant%2Fproduct%2Fsurugaya%2F1114747634%3Fcampaign_uid=f64d716db5e979ed2f947dbaf4296895b951ae7f HTTP/1.1" 404 1251 "-" "Mozilla/5.0 AppleWebKit/537.36 (KHTML, like Gecko; compatible; GPTBot/1.2; +https://openai.com/gptbot)"
20.171.207.105 - - [22/Jun/2025:01:36:48 -0400] "GET /search.php?zhHant%2Fproduct%2Fsurugaya%2F1110250543%3Fcampaign_uid=f64d716db5e979ed2f947dbaf4296895b951ae7f HTTP/1.1" 404 1251 "-" "Mozilla/5.0 AppleWebKit/537.36 (KHTML, like Gecko; compatible; GPTBot/1.2; +https://openai.com/gptbot)"
20.171.207.105 - - [22/Jun/2025:01:36:49 -0400] "GET /search.php?zhHant%2Fproduct%2Fsurugaya%2F1133351311%3Fcampaign_uid=f64d716db5e979ed2f947dbaf4296895b951ae7f HTTP/1.1" 404 1251 "-" "Mozilla/5.0 AppleWebKit/537.36 (KHTML, like Gecko; compatible; GPTBot/1.2; +https://openai.com/gptbot)"
20.171.207.105 - - [22/Jun/2025:01:36:50 -0400] "GET /search.php?zhHant%2Fproduct%2Fsurugaya%2F1133336150%3Fcampaign_uid=f64d716db5e979ed2f947dbaf4296895b951ae7f HTTP/1.1" 404 1251 "-" "Mozilla/5.0 AppleWebKit/537.36 (KHTML, like Gecko; compatible; GPTBot/1.2; +https://openai.com/gptbot)"
66.249.75.8 - - [22/Jun/2025:01:36:51 -0400] "GET /pcmypage?callback=/product%2Fdetail%2m1095524735 HTTP/1.1" 404 1251 "-" "Mozilla/5.0 (Linux; Android 6.0.1; Nexus 5X Build/MMB29P) AppleWebKit/537.36 (KHTML, like Gecko) Chrome/137.0.7151.103 Mobile Safari/537.36 (compatible; Googlebot/2.1; +http://www.google.com/bot.html)"
20.171.207.105 - - [22/Jun/2025:01:36:51 -0400] "GET /search.php?zhHant%2Fproduct%2Fsurugaya%2F1113825202%3Fcampaign_uid=f64d716db5e979ed2f947dbaf4296895b951ae7f HTTP/1.1" 404 1251 "-" "Mozilla/5.0 AppleWebKit/537.36 (KHTML, like Gecko; compatible; GPTBot/1.2; +https://openai.com/gptbot)"
20.171.207.105 - - [22/Jun/2025:01:36:53 -0400] "GET /search.php?zhHant%2Fproduct%2Fsurugaya%2F1115808183%3Fcampaign_uid=f64d716db5e979ed2f947dbaf4296895b951ae7f HTTP/1.1" 404 1251 "-" "Mozilla/5.0 AppleWebKit/537.36 (KHTML, like Gecko; compatible; GPTBot/1.2; +https://openai.com/gptbot)"
20.171.207.105 - - [22/Jun/2025:01:36:54 -0400] "GET /search.php?zhHant%2Fproduct%2Fsurugaya%2F1007412333%3Fcampaign_uid=f64d716db5e979ed2f947dbaf4296895b951ae7f HTTP/1.1" 404 1251 "-" "Mozilla/5.0 AppleWebKit/537.36 (KHTML, like Gecko; compatible; GPTBot/1.2; +https://openai.com/gptbot)"
20.171.207.105 - - [22/Jun/2025:01:36:55 -0400] "GET /search.php?zhHant%2Fproduct%2Fsurugaya%2F1118191889%3Fcampaign_uid=f64d716db5e979ed2f947dbaf4296895b951ae7f HTTP/1.1" 404 1251 "-" "Mozilla/5.0 AppleWebKit/537.36 (KHTML, like Gecko; compatible; GPTBot/1.2; +https://openai.com/gptbot)"
20.171.207.105 - - [22/Jun/2025:01:36:56 -0400] "GET /search.php?zhHant%2Fproduct%2Fsurugaya%2F1119109386%3Fcampaign_uid=f64d716db5e979ed2f947dbaf4296895b951ae7f HTTP/1.1" 404 1251 "-" "Mozilla/5.0 AppleWebKit/537.36 (KHTML, like Gecko; compatible; GPTBot/1.2; +https://openai.com/gptbot)"
20.171.207.105 - - [22/Jun/2025:01:36:57 -0400] "GET /search.php?zhHant%2Fproduct%2Fsurugaya%2F1114642120%3Fcampaign_uid=f64d716db5e979ed2f947dbaf4296895b951ae7f HTTP/1.1" 404 1251 "-" "Mozilla/5.0 AppleWebKit/537.36 (KHTML, like Gecko; compatible; GPTBot/1.2; +https://openai.com/gptbot)"
20.171.207.105 - - [22/Jun/2025:01:36:58 -0400] "GET /search.php?zhHant%2Fproduct%2Fsurugaya%2F1110150797%3Fcampaign_uid=f64d716db5e979ed2f947dbaf4296895b951ae7f HTTP/1.1" 404 1251 "-" "Mozilla/5.0 AppleWebKit/537.36 (KHTML, like Gecko; compatible; GPTBot/1.2; +https://openai.com/gptbot)"
20.171.207.105 - - [22/Jun/2025:01:36:59 -0400] "GET /search.php?zhHant%2Fproduct%2Fsurugaya%2F1116886868%3Fcampaign_uid=f64d716db5e979ed2f947dbaf4296895b951ae7f HTTP/1.1" 404 1251 "-" "Mozilla/5.0 AppleWebKit/537.36 (KHTML, like Gecko; compatible; GPTBot/1.2; +https://openai.com/gptbot)"
20.171.207.105 - - [22/Jun/2025:01:37:01 -0400] "GET /search.php?zhHant%2Fproduct%2Fsurugaya%2F1115695835%3Fcampaign_uid=f64d716db5e979ed2f947dbaf4296895b951ae7f HTTP/1.1" 404 1251 "-" "Mozilla/5.0 AppleWebKit/537.36 (KHTML, like Gecko; compatible; GPTBot/1.2; +https://openai.com/gptbot)"
20.171.207.105 - - [22/Jun/2025:01:37:02 -0400] "GET /search.php?zhHant%2Fproduct%2Fsurugaya%2F1118481274%3Fcampaign_uid=f64d716db5e979ed2f947dbaf4296895b951ae7f HTTP/1.1" 404 1251 "-" "Mozilla/5.0 AppleWebKit/537.36 (KHTML, like Gecko; compatible; GPTBot/1.2; +https://openai.com/gptbot)"
20.171.207.105 - - [22/Jun/2025:01:37:03 -0400] "GET /search.php?zhHant%2Fproduct%2Fsurugaya%2F1115695824%3Fcampaign_uid=f64d716db5e979ed2f947dbaf4296895b951ae7f HTTP/1.1" 404 1251 "-" "Mozilla/5.0 AppleWebKit/537.36 (KHTML, like Gecko; compatible; GPTBot/1.2; +https://openai.com/gptbot)"
20.171.207.105 - - [22/Jun/2025:01:37:04 -0400] "GET /search.php?zhHant%2Fproduct%2Fsurugaya%2F1130472000%3Fcampaign_uid=f64d716db5e979ed2f947dbaf4296895b951ae7f HTTP/1.1" 404 1251 "-" "Mozilla/5.0 AppleWebKit/537.36 (KHTML, like Gecko; compatible; GPTBot/1.2; +https://openai.com/gptbot)"
66.249.75.228 - - [22/Jun/2025:01:37:05 -0400] "GET /shopdetail/104003479 HTTP/1.1" 404 1251 "-" "Mozilla/5.0 (Linux; Android 6.0.1; Nexus 5X Build/MMB29P) AppleWebKit/537.36 (KHTML, like Gecko) Chrome/137.0.7151.103 Mobile Safari/537.36 (compatible; Googlebot/2.1; +http://www.google.com/bot.html)"
20.171.207.105 - - [22/Jun/2025:01:37:05 -0400] "GET /search.php?zhHant%2Fproduct%2Fsurugaya%2F1091455585%3Fcampaign_uid=f64d716db5e979ed2f947dbaf4296895b951ae7f HTTP/1.1" 404 1251 "-" "Mozilla/5.0 AppleWebKit/537.36 (KHTML, like Gecko; compatible; GPTBot/1.2; +https://openai.com/gptbot)"
66.249.75.228 - - [22/Jun/2025:01:37:05 -0400] "GET /shopdetail/029041874 HTTP/1.1" 404 1251 "-" "Mozilla/5.0 (Linux; Android 6.0.1; Nexus 5X Build/MMB29P) AppleWebKit/537.36 (KHTML, like Gecko) Chrome/137.0.7151.103 Mobile Safari/537.36 (compatible; Googlebot/2.1; +http://www.google.com/bot.html)"
66.249.75.227 - - [22/Jun/2025:01:37:06 -0400] "GET /shopdetail/145023568 HTTP/1.1" 404 1251 "-" "Mozilla/5.0 (Linux; Android 6.0.1; Nexus 5X Build/MMB29P) AppleWebKit/537.36 (KHTML, like Gecko) Chrome/137.0.7151.103 Mobile Safari/537.36 (compatible; Googlebot/2.1; +http://www.google.com/bot.html)"
20.171.207.105 - - [22/Jun/2025:01:37:06 -0400] "GET /search.php?zhHant%2Fproduct%2Fsurugaya%2F1055830009%3Fcampaign_uid=f64d716db5e979ed2f947dbaf4296895b951ae7f HTTP/1.1" 404 1251 "-" "Mozilla/5.0 AppleWebKit/537.36 (KHTML, like Gecko; compatible; GPTBot/1.2; +https://openai.com/gptbot)"
66.249.75.229 - - [22/Jun/2025:01:37:07 -0400] "GET /shopdetail/079035670 HTTP/1.1" 404 1251 "-" "Mozilla/5.0 (Linux; Android 6.0.1; Nexus 5X Build/MMB29P) AppleWebKit/537.36 (KHTML, like Gecko) Chrome/137.0.7151.103 Mobile Safari/537.36 (compatible; GoogleOther)"
20.171.207.105 - - [22/Jun/2025:01:37:08 -0400] "GET /search.php?zhHant%2Fproduct%2Fsurugaya%2F1110260830%3Fcampaign_uid=f64d716db5e979ed2f947dbaf4296895b951ae7f HTTP/1.1" 404 1251 "-" "Mozilla/5.0 AppleWebKit/537.36 (KHTML, like Gecko; compatible; GPTBot/1.2; +https://openai.com/gptbot)"
20.171.207.105 - - [22/Jun/2025:01:37:09 -0400] "GET /search.php?zhHant%2Fproduct%2Fsurugaya%2F1166617475%3Fcampaign_uid=f64d716db5e979ed2f947dbaf4296895b951ae7f HTTP/1.1" 404 1251 "-" "Mozilla/5.0 AppleWebKit/537.36 (KHTML, like Gecko; compatible; GPTBot/1.2; +https://openai.com/gptbot)"
20.171.207.105 - - [22/Jun/2025:01:37:10 -0400] "GET /search.php?zhHant%2Fproduct%2Fsurugaya%2F1090414447%3Fcampaign_uid=f64d716db5e979ed2f947dbaf4296895b951ae7f HTTP/1.1" 404 1251 "-" "Mozilla/5.0 AppleWebKit/537.36 (KHTML, like Gecko; compatible; GPTBot/1.2; +https://openai.com/gptbot)"
20.171.207.105 - - [22/Jun/2025:01:37:11 -0400] "GET /search.php?zhHant%2Fproduct%2Fsurugaya%2F1116962532%3Fcampaign_uid=f64d716db5e979ed2f947dbaf4296895b951ae7f HTTP/1.1" 404 1251 "-" "Mozilla/5.0 AppleWebKit/537.36 (KHTML, like Gecko; compatible; GPTBot/1.2; +https://openai.com/gptbot)"
20.171.207.105 - - [22/Jun/2025:01:37:12 -0400] "GET /search.php?zhHant%2Fproduct%2Fsurugaya%2F1111706998%3Fcampaign_uid=f64d716db5e979ed2f947dbaf4296895b951ae7f HTTP/1.1" 404 1251 "-" "Mozilla/5.0 AppleWebKit/537.36 (KHTML, like Gecko; compatible; GPTBot/1.2; +https://openai.com/gptbot)"
20.171.207.105 - - [22/Jun/2025:01:37:13 -0400] "GET /search.php?zhHant%2Fproduct%2Fsurugaya%2F1116785750%3Fcampaign_uid=f64d716db5e979ed2f947dbaf4296895b951ae7f HTTP/1.1" 404 1251 "-" "Mozilla/5.0 AppleWebKit/537.36 (KHTML, like Gecko; compatible; GPTBot/1.2; +https://openai.com/gptbot)"
20.171.207.105 - - [22/Jun/2025:01:37:15 -0400] "GET /search.php?zhHant%2Fproduct%2Fsurugaya%2F1114232610%3Fcampaign_uid=f64d716db5e979ed2f947dbaf4296895b951ae7f HTTP/1.1" 404 1251 "-" "Mozilla/5.0 AppleWebKit/537.36 (KHTML, like Gecko; compatible; GPTBot/1.2; +https://openai.com/gptbot)"
20.171.207.105 - - [22/Jun/2025:01:37:16 -0400] "GET /search.php?zhHant%2Fproduct%2Fsurugaya%2F1113090934%3Fcampaign_uid=f64d716db5e979ed2f947dbaf4296895b951ae7f HTTP/1.1" 404 1251 "-" "Mozilla/5.0 AppleWebKit/537.36 (KHTML, like Gecko; compatible; GPTBot/1.2; +https://openai.com/gptbot)"
20.171.207.105 - - [22/Jun/2025:01:37:17 -0400] "GET /search.php?zhHant%2Fproduct%2Fsurugaya%2F1119540334%3Fcampaign_uid=f64d716db5e979ed2f947dbaf4296895b951ae7f HTTP/1.1" 404 1251 "-" "Mozilla/5.0 AppleWebKit/537.36 (KHTML, like Gecko; compatible; GPTBot/1.2; +https://openai.com/gptbot)"
20.171.207.105 - - [22/Jun/2025:01:37:18 -0400] "GET /search.php?zhHant%2Fproduct%2Fsurugaya%2F1117448599%3Fcampaign_uid=f64d716db5e979ed2f947dbaf4296895b951ae7f HTTP/1.1" 404 1251 "-" "Mozilla/5.0 AppleWebKit/537.36 (KHTML, like Gecko; compatible; GPTBot/1.2; +https://openai.com/gptbot)"
20.171.207.105 - - [22/Jun/2025:01:37:19 -0400] "GET /search.php?zhHant%2Fproduct%2Fsurugaya%2F1111628327%3Fcampaign_uid=f64d716db5e979ed2f947dbaf4296895b951ae7f HTTP/1.1" 404 1251 "-" "Mozilla/5.0 AppleWebKit/537.36 (KHTML, like Gecko; compatible; GPTBot/1.2; +https://openai.com/gptbot)"
20.171.207.105 - - [22/Jun/2025:01:37:20 -0400] "GET /search.php?zhHant%2Fproduct%2Fsurugaya%2F1117029094%3Fcampaign_uid=f64d716db5e979ed2f947dbaf4296895b951ae7f HTTP/1.1" 404 1251 "-" "Mozilla/5.0 AppleWebKit/537.36 (KHTML, like Gecko; compatible; GPTBot/1.2; +https://openai.com/gptbot)"
20.171.207.105 - - [22/Jun/2025:01:37:21 -0400] "GET /search.php?zhHant%2Fproduct%2Fsurugaya%2F1122230988%3Fcampaign_uid=f64d716db5e979ed2f947dbaf4296895b951ae7f HTTP/1.1" 404 1251 "-" "Mozilla/5.0 AppleWebKit/537.36 (KHTML, like Gecko; compatible; GPTBot/1.2; +https://openai.com/gptbot)"
20.171.207.105 - - [22/Jun/2025:01:37:22 -0400] "GET /search.php?zhHant%2Fproduct%2Fsurugaya%2F1119907336%3Fcampaign_uid=f64d716db5e979ed2f947dbaf4296895b951ae7f HTTP/1.1" 404 1251 "-" "Mozilla/5.0 AppleWebKit/537.36 (KHTML, like Gecko; compatible; GPTBot/1.2; +https://openai.com/gptbot)"
20.171.207.105 - - [22/Jun/2025:01:37:24 -0400] "GET /search.php?zhHant%2Fproduct%2Fsurugaya%2F1133346911%3Fcampaign_uid=f64d716db5e979ed2f947dbaf4296895b951ae7f HTTP/1.1" 404 1251 "-" "Mozilla/5.0 AppleWebKit/537.36 (KHTML, like Gecko; compatible; GPTBot/1.2; +https://openai.com/gptbot)"
20.171.207.105 - - [22/Jun/2025:01:37:25 -0400] "GET /search.php?zhHant%2Fproduct%2Fsurugaya%2F1114094509%3Fcampaign_uid=f64d716db5e979ed2f947dbaf4296895b951ae7f HTTP/1.1" 404 1251 "-" "Mozilla/5.0 AppleWebKit/537.36 (KHTML, like Gecko; compatible; GPTBot/1.2; +https://openai.com/gptbot)"
20.171.207.105 - - [22/Jun/2025:01:37:26 -0400] "GET /search.php?zhHant%2Fproduct%2Fsurugaya%2F1118936486%3Fcampaign_uid=f64d716db5e979ed2f947dbaf4296895b951ae7f HTTP/1.1" 404 1251 "-" "Mozilla/5.0 AppleWebKit/537.36 (KHTML, like Gecko; compatible; GPTBot/1.2; +https://openai.com/gptbot)"
20.171.207.105 - - [22/Jun/2025:01:37:27 -0400] "GET /search.php?zhHant%2Fproduct%2Fsurugaya%2F1117490894%3Fcampaign_uid=f64d716db5e979ed2f947dbaf4296895b951ae7f HTTP/1.1" 404 1251 "-" "Mozilla/5.0 AppleWebKit/537.36 (KHTML, like Gecko; compatible; GPTBot/1.2; +https://openai.com/gptbot)"
20.171.207.105 - - [22/Jun/2025:01:37:28 -0400] "GET /search.php?zhHant%2Fproduct%2Fsurugaya%2F1122909999%3Fcampaign_uid=f64d716db5e979ed2f947dbaf4296895b951ae7f HTTP/1.1" 404 1251 "-" "Mozilla/5.0 AppleWebKit/537.36 (KHTML, like Gecko; compatible; GPTBot/1.2; +https://openai.com/gptbot)"
20.171.207.105 - - [22/Jun/2025:01:37:29 -0400] "GET /search.php?zhHant%2Fproduct%2Fsurugaya%2F1117098966%3Fcampaign_uid=f64d716db5e979ed2f947dbaf4296895b951ae7f HTTP/1.1" 404 1251 "-" "Mozilla/5.0 AppleWebKit/537.36 (KHTML, like Gecko; compatible; GPTBot/1.2; +https://openai.com/gptbot)"
20.171.207.105 - - [22/Jun/2025:01:37:30 -0400] "GET /search.php?zhHant%2Fproduct%2Fsurugaya%2F1112102453%3Fcampaign_uid=f64d716db5e979ed2f947dbaf4296895b951ae7f HTTP/1.1" 404 1251 "-" "Mozilla/5.0 AppleWebKit/537.36 (KHTML, like Gecko; compatible; GPTBot/1.2; +https://openai.com/gptbot)"
66.249.75.228 - - [22/Jun/2025:01:37:31 -0400] "GET /shopdetail/221019888 HTTP/1.1" 404 1251 "-" "Mozilla/5.0 (Linux; Android 6.0.1; Nexus 5X Build/MMB29P) AppleWebKit/537.36 (KHTML, like Gecko) Chrome/137.0.7151.103 Mobile Safari/537.36 (compatible; GoogleOther)"
20.171.207.105 - - [22/Jun/2025:01:37:32 -0400] "GET /search.php?zhHant%2Fproduct%2Fsurugaya%2F1112102351%3Fcampaign_uid=f64d716db5e979ed2f947dbaf4296895b951ae7f HTTP/1.1" 404 1251 "-" "Mozilla/5.0 AppleWebKit/537.36 (KHTML, like Gecko; compatible; GPTBot/1.2; +https://openai.com/gptbot)"
20.171.207.105 - - [22/Jun/2025:01:37:33 -0400] "GET /search.php?zhHant%2Fproduct%2Fsurugaya%2F1049997907%3Fcampaign_uid=f64d716db5e979ed2f947dbaf4296895b951ae7f HTTP/1.1" 404 1251 "-" "Mozilla/5.0 AppleWebKit/537.36 (KHTML, like Gecko; compatible; GPTBot/1.2; +https://openai.com/gptbot)"
20.171.207.105 - - [22/Jun/2025:01:37:34 -0400] "GET /search.php?zhHant%2Fproduct%2Fsurugaya%2F1115791298%3Fcampaign_uid=f64d716db5e979ed2f947dbaf4296895b951ae7f HTTP/1.1" 404 1251 "-" "Mozilla/5.0 AppleWebKit/537.36 (KHTML, like Gecko; compatible; GPTBot/1.2; +https://openai.com/gptbot)"
20.171.207.105 - - [22/Jun/2025:01:37:35 -0400] "GET /search.php?zhHant%2Fproduct%2Fsurugaya%2F1113124800%3Fcampaign_uid=f64d716db5e979ed2f947dbaf4296895b951ae7f HTTP/1.1" 404 1251 "-" "Mozilla/5.0 AppleWebKit/537.36 (KHTML, like Gecko; compatible; GPTBot/1.2; +https://openai.com/gptbot)"
20.171.207.105 - - [22/Jun/2025:01:37:36 -0400] "GET /search.php?zhHant%2Fproduct%2Fsurugaya%2F1117248581%3Fcampaign_uid=f64d716db5e979ed2f947dbaf4296895b951ae7f HTTP/1.1" 404 1251 "-" "Mozilla/5.0 AppleWebKit/537.36 (KHTML, like Gecko; compatible; GPTBot/1.2; +https://openai.com/gptbot)"
20.171.207.105 - - [22/Jun/2025:01:37:37 -0400] "GET /search.php?zhHant%2Fproduct%2Fsurugaya%2F1115544856%3Fcampaign_uid=f64d716db5e979ed2f947dbaf4296895b951ae7f HTTP/1.1" 404 1251 "-" "Mozilla/5.0 AppleWebKit/537.36 (KHTML, like Gecko; compatible; GPTBot/1.2; +https://openai.com/gptbot)"
20.171.207.105 - - [22/Jun/2025:01:37:39 -0400] "GET /search.php?zhHant%2Fproduct%2Fsurugaya%2F1112110364%3Fcampaign_uid=f64d716db5e979ed2f947dbaf4296895b951ae7f HTTP/1.1" 404 1251 "-" "Mozilla/5.0 AppleWebKit/537.36 (KHTML, like Gecko; compatible; GPTBot/1.2; +https://openai.com/gptbot)"
20.171.207.105 - - [22/Jun/2025:01:37:40 -0400] "GET /search.php?zhHant%2Fproduct%2Fsurugaya%2F1113112031%3Fcampaign_uid=f64d716db5e979ed2f947dbaf4296895b951ae7f HTTP/1.1" 404 1251 "-" "Mozilla/5.0 AppleWebKit/537.36 (KHTML, like Gecko; compatible; GPTBot/1.2; +https://openai.com/gptbot)"
20.171.207.105 - - [22/Jun/2025:01:37:41 -0400] "GET /search.php?zhHant%2Fproduct%2Fsurugaya%2F1117405674%3Fcampaign_uid=f64d716db5e979ed2f947dbaf4296895b951ae7f HTTP/1.1" 404 1251 "-" "Mozilla/5.0 AppleWebKit/537.36 (KHTML, like Gecko; compatible; GPTBot/1.2; +https://openai.com/gptbot)"
20.171.207.105 - - [22/Jun/2025:01:37:42 -0400] "GET /search.php?zhHant%2Fproduct%2Fsurugaya%2F1097111510%3Fcampaign_uid=f64d716db5e979ed2f947dbaf4296895b951ae7f HTTP/1.1" 404 1251 "-" "Mozilla/5.0 AppleWebKit/537.36 (KHTML, like Gecko; compatible; GPTBot/1.2; +https://openai.com/gptbot)"
20.171.207.105 - - [22/Jun/2025:01:37:43 -0400] "GET /search.php?zhHant%2Fproduct%2Fsurugaya%2F1066555118%3Fcampaign_uid=f64d716db5e979ed2f947dbaf4296895b951ae7f HTTP/1.1" 404 1251 "-" "Mozilla/5.0 AppleWebKit/537.36 (KHTML, like Gecko; compatible; GPTBot/1.2; +https://openai.com/gptbot)"
20.171.207.105 - - [22/Jun/2025:01:37:44 -0400] "GET /search.php?zhHant%2Fproduct%2Fsurugaya%2F1117098074%3Fcampaign_uid=f64d716db5e979ed2f947dbaf4296895b951ae7f HTTP/1.1" 404 1251 "-" "Mozilla/5.0 AppleWebKit/537.36 (KHTML, like Gecko; compatible; GPTBot/1.2; +https://openai.com/gptbot)"
20.171.207.105 - - [22/Jun/2025:01:37:46 -0400] "GET /search.php?zhHant%2Fproduct%2Fsurugaya%2F1117063886%3Fcampaign_uid=f64d716db5e979ed2f947dbaf4296895b951ae7f HTTP/1.1" 404 1251 "-" "Mozilla/5.0 AppleWebKit/537.36 (KHTML, like Gecko; compatible; GPTBot/1.2; +https://openai.com/gptbot)"
20.171.207.105 - - [22/Jun/2025:01:37:47 -0400] "GET /search.php?zhHant%2Fproduct%2Fsurugaya%2F1096811186%3Fcampaign_uid=f64d716db5e979ed2f947dbaf4296895b951ae7f HTTP/1.1" 404 1251 "-" "Mozilla/5.0 AppleWebKit/537.36 (KHTML, like Gecko; compatible; GPTBot/1.2; +https://openai.com/gptbot)"
20.171.207.105 - - [22/Jun/2025:01:37:48 -0400] "GET /search.php?zhHant%2Fproduct%2Fsurugaya%2F1041077111%3Fcampaign_uid=f64d716db5e979ed2f947dbaf4296895b951ae7f HTTP/1.1" 404 1251 "-" "Mozilla/5.0 AppleWebKit/537.36 (KHTML, like Gecko; compatible; GPTBot/1.2; +https://openai.com/gptbot)"
20.171.207.105 - - [22/Jun/2025:01:37:49 -0400] "GET /search.php?zhHant%2Fproduct%2Fsurugaya%2F1111324592%3Fcampaign_uid=f64d716db5e979ed2f947dbaf4296895b951ae7f HTTP/1.1" 404 1251 "-" "Mozilla/5.0 AppleWebKit/537.36 (KHTML, like Gecko; compatible; GPTBot/1.2; +https://openai.com/gptbot)"
20.171.207.105 - - [22/Jun/2025:01:37:50 -0400] "GET /search.php?zhHant%2Fproduct%2Fsurugaya%2F1116906489%3Fcampaign_uid=f64d716db5e979ed2f947dbaf4296895b951ae7f HTTP/1.1" 404 1251 "-" "Mozilla/5.0 AppleWebKit/537.36 (KHTML, like Gecko; compatible; GPTBot/1.2; +https://openai.com/gptbot)"
20.171.207.105 - - [22/Jun/2025:01:37:51 -0400] "GET /search.php?zhHant%2Fproduct%2Fsurugaya%2F1117124125%3Fcampaign_uid=f64d716db5e979ed2f947dbaf4296895b951ae7f HTTP/1.1" 404 1251 "-" "Mozilla/5.0 AppleWebKit/537.36 (KHTML, like Gecko; compatible; GPTBot/1.2; +https://openai.com/gptbot)"
20.171.207.105 - - [22/Jun/2025:01:37:52 -0400] "GET /search.php?zhHant%2Fproduct%2Fsurugaya%2F1116894596%3Fcampaign_uid=f64d716db5e979ed2f947dbaf4296895b951ae7f HTTP/1.1" 404 1251 "-" "Mozilla/5.0 AppleWebKit/537.36 (KHTML, like Gecko; compatible; GPTBot/1.2; +https://openai.com/gptbot)"
20.171.207.105 - - [22/Jun/2025:01:37:54 -0400] "GET /search.php?zhHant%2Fproduct%2Fsurugaya%2F1117512766%3Fcampaign_uid=f64d716db5e979ed2f947dbaf4296895b951ae7f HTTP/1.1" 404 1251 "-" "Mozilla/5.0 AppleWebKit/537.36 (KHTML, like Gecko; compatible; GPTBot/1.2; +https://openai.com/gptbot)"
20.171.207.105 - - [22/Jun/2025:01:37:55 -0400] "GET /search.php?zhHant%2Fproduct%2Fsurugaya%2F1117276358%3Fcampaign_uid=f64d716db5e979ed2f947dbaf4296895b951ae7f HTTP/1.1" 404 1251 "-" "Mozilla/5.0 AppleWebKit/537.36 (KHTML, like Gecko; compatible; GPTBot/1.2; +https://openai.com/gptbot)"
20.171.207.105 - - [22/Jun/2025:01:37:56 -0400] "GET /search.php?zhHant%2Fproduct%2Fsurugaya%2F1130005660%3Fcampaign_uid=f64d716db5e979ed2f947dbaf4296895b951ae7f HTTP/1.1" 404 1251 "-" "Mozilla/5.0 AppleWebKit/537.36 (KHTML, like Gecko; compatible; GPTBot/1.2; +https://openai.com/gptbot)"
43.153.74.75 - - [22/Jun/2025:01:37:56 -0400] "GET /wp-links-opml.php HTTP/1.1" 403 1242 "-" "Mozilla/5.0 (iPhone; CPU iPhone OS 13_2_3 like Mac OS X) AppleWebKit/605.1.15 (KHTML, like Gecko) Version/13.0.3 Mobile/15E148 Safari/604.1"
20.171.207.105 - - [22/Jun/2025:01:37:57 -0400] "GET /search.php?zhHant%2Fproduct%2Fsurugaya%2F1111870738%3Fcampaign_uid=f64d716db5e979ed2f947dbaf4296895b951ae7f HTTP/1.1" 404 1251 "-" "Mozilla/5.0 AppleWebKit/537.36 (KHTML, like Gecko; compatible; GPTBot/1.2; +https://openai.com/gptbot)"
20.171.207.105 - - [22/Jun/2025:01:37:58 -0400] "GET /search.php?zhHant%2Fproduct%2Fsurugaya%2F1118627184%3Fcampaign_uid=f64d716db5e979ed2f947dbaf4296895b951ae7f HTTP/1.1" 404 1251 "-" "Mozilla/5.0 AppleWebKit/537.36 (KHTML, like Gecko; compatible; GPTBot/1.2; +https://openai.com/gptbot)"
66.249.75.227 - - [22/Jun/2025:01:37:58 -0400] "GET /shopdetail/023007044 HTTP/1.1" 404 1251 "-" "Mozilla/5.0 (Linux; Android 6.0.1; Nexus 5X Build/MMB29P) AppleWebKit/537.36 (KHTML, like Gecko) Chrome/137.0.7151.103 Mobile Safari/537.36 (compatible; Googlebot/2.1; +http://www.google.com/bot.html)"
20.171.207.105 - - [22/Jun/2025:01:37:59 -0400] "GET /search.php?zhHant%2Fproduct%2Fsurugaya%2F1117044444%3Fcampaign_uid=f64d716db5e979ed2f947dbaf4296895b951ae7f HTTP/1.1" 404 1251 "-" "Mozilla/5.0 AppleWebKit/537.36 (KHTML, like Gecko; compatible; GPTBot/1.2; +https://openai.com/gptbot)"
20.171.207.105 - - [22/Jun/2025:01:38:00 -0400] "GET /search.php?zhHant%2Fproduct%2Fsurugaya%2F1084376669%3Fcampaign_uid=f64d716db5e979ed2f947dbaf4296895b951ae7f HTTP/1.1" 404 1251 "-" "Mozilla/5.0 AppleWebKit/537.36 (KHTML, like Gecko; compatible; GPTBot/1.2; +https://openai.com/gptbot)"
20.171.207.105 - - [22/Jun/2025:01:38:02 -0400] "GET /search.php?zhHant%2Fproduct%2Fsurugaya%2F1019994108%3Fcampaign_uid=f64d716db5e979ed2f947dbaf4296895b951ae7f HTTP/1.1" 404 1251 "-" "Mozilla/5.0 AppleWebKit/537.36 (KHTML, like Gecko; compatible; GPTBot/1.2; +https://openai.com/gptbot)"
20.171.207.105 - - [22/Jun/2025:01:38:03 -0400] "GET /search.php?zhHant%2Fproduct%2Fsurugaya%2F1113959207%3Fcampaign_uid=f64d716db5e979ed2f947dbaf4296895b951ae7f HTTP/1.1" 404 1251 "-" "Mozilla/5.0 AppleWebKit/537.36 (KHTML, like Gecko; compatible; GPTBot/1.2; +https://openai.com/gptbot)"
20.171.207.105 - - [22/Jun/2025:01:38:04 -0400] "GET /search.php?zhHant%2Fproduct%2Fsurugaya%2F1112760699%3Fcampaign_uid=f64d716db5e979ed2f947dbaf4296895b951ae7f HTTP/1.1" 404 1251 "-" "Mozilla/5.0 AppleWebKit/537.36 (KHTML, like Gecko; compatible; GPTBot/1.2; +https://openai.com/gptbot)"
20.171.207.105 - - [22/Jun/2025:01:38:05 -0400] "GET /search.php?zhHant%2Fproduct%2Fsurugaya%2F1110697695%3Fcampaign_uid=f64d716db5e979ed2f947dbaf4296895b951ae7f HTTP/1.1" 404 1251 "-" "Mozilla/5.0 AppleWebKit/537.36 (KHTML, like Gecko; compatible; GPTBot/1.2; +https://openai.com/gptbot)"
20.171.207.105 - - [22/Jun/2025:01:38:06 -0400] "GET /search.php?zhHant%2Fproduct%2Fsurugaya%2F1110092300%3Fcampaign_uid=f64d716db5e979ed2f947dbaf4296895b951ae7f HTTP/1.1" 404 1251 "-" "Mozilla/5.0 AppleWebKit/537.36 (KHTML, like Gecko; compatible; GPTBot/1.2; +https://openai.com/gptbot)"
20.171.207.105 - - [22/Jun/2025:01:38:07 -0400] "GET /search?category=65204&search_word= HTTP/1.1" 404 1251 "-" "Mozilla/5.0 AppleWebKit/537.36 (KHTML, like Gecko; compatible; GPTBot/1.2; +https://openai.com/gptbot)"
20.171.207.105 - - [22/Jun/2025:01:38:09 -0400] "GET /search?category=65201&search_word= HTTP/1.1" 404 1251 "-" "Mozilla/5.0 AppleWebKit/537.36 (KHTML, like Gecko; compatible; GPTBot/1.2; +https://openai.com/gptbot)"
20.171.207.105 - - [22/Jun/2025:01:38:10 -0400] "GET /search.php?items%2Fewhjv86%2F895%3Fkey=story HTTP/1.1" 404 1251 "-" "Mozilla/5.0 AppleWebKit/537.36 (KHTML, like Gecko; compatible; GPTBot/1.2; +https://openai.com/gptbot)"
20.171.207.105 - - [22/Jun/2025:01:38:11 -0400] "GET /search.php?items%2Fqvsgz89%2F808%3Fkey=story HTTP/1.1" 404 1251 "-" "Mozilla/5.0 AppleWebKit/537.36 (KHTML, like Gecko; compatible; GPTBot/1.2; +https://openai.com/gptbot)"
20.171.207.105 - - [22/Jun/2025:01:38:12 -0400] "GET /search.php?items%2Fzldjn35%2F282%3Fkey=story HTTP/1.1" 404 1251 "-" "Mozilla/5.0 AppleWebKit/537.36 (KHTML, like Gecko; compatible; GPTBot/1.2; +https://openai.com/gptbot)"
20.171.207.105 - - [22/Jun/2025:01:38:13 -0400] "GET /search.php?items%2Fapnjt1%2F72%3Fkey=ok HTTP/1.1" 404 1251 "-" "Mozilla/5.0 AppleWebKit/537.36 (KHTML, like Gecko; compatible; GPTBot/1.2; +https://openai.com/gptbot)"
20.171.207.105 - - [22/Jun/2025:01:38:14 -0400] "GET /wp-includes/html-api/class-wp-html-token.php HTTP/1.1" 403 1242 "-" "Mozilla/5.0 AppleWebKit/537.36 (KHTML, like Gecko; compatible; GPTBot/1.2; +https://openai.com/gptbot)"
66.249.75.227 - - [22/Jun/2025:01:38:14 -0400] "GET /shopdetail/102032541 HTTP/1.1" 404 1251 "-" "Mozilla/5.0 (Linux; Android 6.0.1; Nexus 5X Build/MMB29P) AppleWebKit/537.36 (KHTML, like Gecko) Chrome/137.0.7151.103 Mobile Safari/537.36 (compatible; GoogleOther)"
66.249.75.228 - - [22/Jun/2025:01:38:15 -0400] "GET /category/786_8953/1/listing HTTP/1.1" 404 1251 "-" "Mozilla/5.0 (Linux; Android 6.0.1; Nexus 5X Build/MMB29P) AppleWebKit/537.36 (KHTML, like Gecko) Chrome/137.0.7151.103 Mobile Safari/537.36 (compatible; GoogleOther)"
20.171.207.105 - - [22/Jun/2025:01:38:15 -0400] "GET /search.php?items%2Fhpunq9%2F222%3Fkey=hot HTTP/1.1" 404 1251 "-" "Mozilla/5.0 AppleWebKit/537.36 (KHTML, like Gecko; compatible; GPTBot/1.2; +https://openai.com/gptbot)"
20.171.207.105 - - [22/Jun/2025:01:38:17 -0400] "GET /search.php?items%2Fpppap78%2F39%3Fkey=guy HTTP/1.1" 404 1251 "-" "Mozilla/5.0 AppleWebKit/537.36 (KHTML, like Gecko; compatible; GPTBot/1.2; +https://openai.com/gptbot)"
20.171.207.105 - - [22/Jun/2025:01:38:18 -0400] "GET /wp-includes/bookmark-template.php HTTP/1.1" 403 1242 "-" "Mozilla/5.0 AppleWebKit/537.36 (KHTML, like Gecko; compatible; GPTBot/1.2; +https://openai.com/gptbot)"
66.249.75.227 - - [22/Jun/2025:01:38:18 -0400] "GET /shopdetail/267003214 HTTP/1.1" 404 1251 "-" "Mozilla/5.0 (Linux; Android 6.0.1; Nexus 5X Build/MMB29P) AppleWebKit/537.36 (KHTML, like Gecko) Chrome/137.0.7151.103 Mobile Safari/537.36 (compatible; Googlebot/2.1; +http://www.google.com/bot.html)"
66.249.75.8 - - [22/Jun/2025:01:38:19 -0400] "GET /pcmypage?callback=/product%2Fdetail%2h1039170381 HTTP/1.1" 404 1251 "-" "Mozilla/5.0 (Linux; Android 6.0.1; Nexus 5X Build/MMB29P) AppleWebKit/537.36 (KHTML, like Gecko) Chrome/137.0.7151.103 Mobile Safari/537.36 (compatible; Googlebot/2.1; +http://www.google.com/bot.html)"
20.171.207.105 - - [22/Jun/2025:01:38:19 -0400] "GET /search.php?category/66_474_8042/1 HTTP/1.1" 404 1251 "-" "Mozilla/5.0 AppleWebKit/537.36 (KHTML, like Gecko; compatible; GPTBot/1.2; +https://openai.com/gptbot)"
20.171.207.105 - - [22/Jun/2025:01:38:20 -0400] "GET /search.php?category/5_4631_4712/1 HTTP/1.1" 404 1251 "-" "Mozilla/5.0 AppleWebKit/537.36 (KHTML, like Gecko; compatible; GPTBot/1.2; +https://openai.com/gptbot)"
20.171.207.105 - - [22/Jun/2025:01:38:21 -0400] "GET /search.php?category/73_851_1063/1 HTTP/1.1" 404 1251 "-" "Mozilla/5.0 AppleWebKit/537.36 (KHTML, like Gecko; compatible; GPTBot/1.2; +https://openai.com/gptbot)"
66.249.75.2 - - [22/Jun/2025:01:38:21 -0400] "GET /pcmypage?callback=/product%2Fdetail%2B1104225629 HTTP/1.1" 404 1251 "-" "Mozilla/5.0 (Linux; Android 6.0.1; Nexus 5X Build/MMB29P) AppleWebKit/537.36 (KHTML, like Gecko) Chrome/137.0.7151.103 Mobile Safari/537.36 (compatible; Googlebot/2.1; +http://www.google.com/bot.html)"
20.171.207.105 - - [22/Jun/2025:01:38:22 -0400] "GET /search.php?category/21_770_7396/1 HTTP/1.1" 404 1251 "-" "Mozilla/5.0 AppleWebKit/537.36 (KHTML, like Gecko; compatible; GPTBot/1.2; +https://openai.com/gptbot)"
20.171.207.105 - - [22/Jun/2025:01:38:24 -0400] "GET /search.php?category/41_706_1292/1 HTTP/1.1" 404 1251 "-" "Mozilla/5.0 AppleWebKit/537.36 (KHTML, like Gecko; compatible; GPTBot/1.2; +https://openai.com/gptbot)"
20.171.207.105 - - [22/Jun/2025:01:38:25 -0400] "GET /search.php?category/15_307_2316/1 HTTP/1.1" 404 1251 "-" "Mozilla/5.0 AppleWebKit/537.36 (KHTML, like Gecko; compatible; GPTBot/1.2; +https://openai.com/gptbot)"
20.171.207.105 - - [22/Jun/2025:01:38:26 -0400] "GET /search.php?category/90_996_2503/1 HTTP/1.1" 404 1251 "-" "Mozilla/5.0 AppleWebKit/537.36 (KHTML, like Gecko; compatible; GPTBot/1.2; +https://openai.com/gptbot)"
20.171.207.105 - - [22/Jun/2025:01:38:27 -0400] "GET /search.php?category/12_304_6373/1 HTTP/1.1" 404 1251 "-" "Mozilla/5.0 AppleWebKit/537.36 (KHTML, like Gecko; compatible; GPTBot/1.2; +https://openai.com/gptbot)"
20.171.207.105 - - [22/Jun/2025:01:38:28 -0400] "GET /search.php?category/12_304_6833/1 HTTP/1.1" 404 1251 "-" "Mozilla/5.0 AppleWebKit/537.36 (KHTML, like Gecko; compatible; GPTBot/1.2; +https://openai.com/gptbot)"
20.171.207.105 - - [22/Jun/2025:01:38:29 -0400] "GET /search.php?items%2Fxhivf36%2F21231%3Fkey=exclusive HTTP/1.1" 404 1251 "-" "Mozilla/5.0 AppleWebKit/537.36 (KHTML, like Gecko; compatible; GPTBot/1.2; +https://openai.com/gptbot)"
20.171.207.105 - - [22/Jun/2025:01:38:31 -0400] "GET /wp-includes/certificates/ HTTP/1.1" 200 625 "-" "Mozilla/5.0 AppleWebKit/537.36 (KHTML, like Gecko; compatible; GPTBot/1.2; +https://openai.com/gptbot)"
20.171.207.105 - - [22/Jun/2025:01:38:32 -0400] "GET /search.php?items%2Favjxm56%2F775%3Fkey=I HTTP/1.1" 404 1251 "-" "Mozilla/5.0 AppleWebKit/537.36 (KHTML, like Gecko; compatible; GPTBot/1.2; +https://openai.com/gptbot)"
20.171.207.105 - - [22/Jun/2025:01:38:33 -0400] "GET /search.php?items%2Fghdco1%2F6004%3Fkey=I HTTP/1.1" 404 1251 "-" "Mozilla/5.0 AppleWebKit/537.36 (KHTML, like Gecko; compatible; GPTBot/1.2; +https://openai.com/gptbot)"
20.171.207.105 - - [22/Jun/2025:01:38:34 -0400] "GET /search.php?items%2Fwmfzc97%2F434%3Fkey=I HTTP/1.1" 404 1251 "-" "Mozilla/5.0 AppleWebKit/537.36 (KHTML, like Gecko; compatible; GPTBot/1.2; +https://openai.com/gptbot)"
20.171.207.105 - - [22/Jun/2025:01:38:35 -0400] "GET /search.php?items%2Falsba2%2F835%3Fkey=lip HTTP/1.1" 404 1251 "-" "Mozilla/5.0 AppleWebKit/537.36 (KHTML, like Gecko; compatible; GPTBot/1.2; +https://openai.com/gptbot)"
20.171.207.105 - - [22/Jun/2025:01:38:36 -0400] "GET /search.php?items%2Ftaacn5%2F432%3Fkey=aid HTTP/1.1" 404 1251 "-" "Mozilla/5.0 AppleWebKit/537.36 (KHTML, like Gecko; compatible; GPTBot/1.2; +https://openai.com/gptbot)"
20.171.207.105 - - [22/Jun/2025:01:38:38 -0400] "GET /search.php?items%2Fzqpri77%2F24%3Fkey=shy HTTP/1.1" 404 1251 "-" "Mozilla/5.0 AppleWebKit/537.36 (KHTML, like Gecko; compatible; GPTBot/1.2; +https://openai.com/gptbot)"
20.171.207.105 - - [22/Jun/2025:01:38:39 -0400] "GET /search.php?items%2Fkiffo35%2F72%3Fkey=ass HTTP/1.1" 404 1251 "-" "Mozilla/5.0 AppleWebKit/537.36 (KHTML, like Gecko; compatible; GPTBot/1.2; +https://openai.com/gptbot)"
20.171.207.105 - - [22/Jun/2025:01:38:40 -0400] "GET /search.php?items%2Foohop8%2F799%3Fkey=pen HTTP/1.1" 404 1251 "-" "Mozilla/5.0 AppleWebKit/537.36 (KHTML, like Gecko; compatible; GPTBot/1.2; +https://openai.com/gptbot)"
66.249.75.227 - - [22/Jun/2025:01:38:40 -0400] "GET /shopdetail/002010433 HTTP/1.1" 404 1251 "-" "Mozilla/5.0 (Linux; Android 6.0.1; Nexus 5X Build/MMB29P) AppleWebKit/537.36 (KHTML, like Gecko) Chrome/137.0.7151.103 Mobile Safari/537.36 (compatible; Googlebot/2.1; +http://www.google.com/bot.html)"
20.171.207.105 - - [22/Jun/2025:01:38:41 -0400] "GET /search.php?items%2Faeobq57%2F32%3Fkey=hat HTTP/1.1" 404 1251 "-" "Mozilla/5.0 AppleWebKit/537.36 (KHTML, like Gecko; compatible; GPTBot/1.2; +https://openai.com/gptbot)"
20.171.207.105 - - [22/Jun/2025:01:38:42 -0400] "GET /wp-includes/certificates/ca-bundle.crt HTTP/1.1" 200 236599 "-" "Mozilla/5.0 AppleWebKit/537.36 (KHTML, like Gecko; compatible; GPTBot/1.2; +https://openai.com/gptbot)"
20.171.207.105 - - [22/Jun/2025:01:38:43 -0400] "GET /search.php?items%2Fmfsux9%2F998%3Fkey=fee HTTP/1.1" 404 1251 "-" "Mozilla/5.0 AppleWebKit/537.36 (KHTML, like Gecko; compatible; GPTBot/1.2; +https://openai.com/gptbot)"
20.171.207.105 - - [22/Jun/2025:01:38:44 -0400] "GET /search.php?items%2Fmgyax2%2F543%3Fkey=aim HTTP/1.1" 404 1251 "-" "Mozilla/5.0 AppleWebKit/537.36 (KHTML, like Gecko; compatible; GPTBot/1.2; +https://openai.com/gptbot)"
20.171.207.105 - - [22/Jun/2025:01:38:46 -0400] "GET /search.php?items%2Fpawbx63%2F28%3Fkey=pat HTTP/1.1" 404 1251 "-" "Mozilla/5.0 AppleWebKit/537.36 (KHTML, like Gecko; compatible; GPTBot/1.2; +https://openai.com/gptbot)"
20.171.207.105 - - [22/Jun/2025:01:38:47 -0400] "GET /search.php?items%2Fssgyq34%2F53%3Fkey=man HTTP/1.1" 404 1251 "-" "Mozilla/5.0 AppleWebKit/537.36 (KHTML, like Gecko; compatible; GPTBot/1.2; +https://openai.com/gptbot)"
20.171.207.105 - - [22/Jun/2025:01:38:48 -0400] "GET /search.php?items%2Fdpejt9%2F210%3Fkey=yes HTTP/1.1" 404 1251 "-" "Mozilla/5.0 AppleWebKit/537.36 (KHTML, like Gecko; compatible; GPTBot/1.2; +https://openai.com/gptbot)"
20.171.207.105 - - [22/Jun/2025:01:38:49 -0400] "GET /search.php?items%2Fzqpri18%2F83%3Fkey=hit HTTP/1.1" 404 1251 "-" "Mozilla/5.0 AppleWebKit/537.36 (KHTML, like Gecko; compatible; GPTBot/1.2; +https://openai.com/gptbot)"
20.171.207.105 - - [22/Jun/2025:01:38:50 -0400] "GET /search.php?items%2Fhpunq8%2F223%3Fkey=rub HTTP/1.1" 404 1251 "-" "Mozilla/5.0 AppleWebKit/537.36 (KHTML, like Gecko; compatible; GPTBot/1.2; +https://openai.com/gptbot)"
20.171.207.105 - - [22/Jun/2025:01:38:51 -0400] "GET /search.php?items%2Fhbikp2%2F265%3Fkey=hug HTTP/1.1" 404 1251 "-" "Mozilla/5.0 AppleWebKit/537.36 (KHTML, like Gecko; compatible; GPTBot/1.2; +https://openai.com/gptbot)"
20.171.207.105 - - [22/Jun/2025:01:38:52 -0400] "GET /search.php?items%2Fkvste7%2F240%3Fkey=rim HTTP/1.1" 404 1251 "-" "Mozilla/5.0 AppleWebKit/537.36 (KHTML, like Gecko; compatible; GPTBot/1.2; +https://openai.com/gptbot)"
20.171.207.105 - - [22/Jun/2025:01:38:53 -0400] "GET /search.php?items%2Fncgir37%2F24%3Fkey=pen HTTP/1.1" 404 1251 "-" "Mozilla/5.0 AppleWebKit/537.36 (KHTML, like Gecko; compatible; GPTBot/1.2; +https://openai.com/gptbot)"
20.171.207.105 - - [22/Jun/2025:01:38:55 -0400] "GET /search.php?items%2Fecdhs3%2F740%3Fkey=wet HTTP/1.1" 404 1251 "-" "Mozilla/5.0 AppleWebKit/537.36 (KHTML, like Gecko; compatible; GPTBot/1.2; +https://openai.com/gptbot)"
20.171.207.105 - - [22/Jun/2025:01:38:56 -0400] "GET /search.php?items%2Fmtmdb2%2F643%3Fkey=dip HTTP/1.1" 404 1251 "-" "Mozilla/5.0 AppleWebKit/537.36 (KHTML, like Gecko; compatible; GPTBot/1.2; +https://openai.com/gptbot)"
20.171.207.105 - - [22/Jun/2025:01:38:57 -0400] "GET /search.php?items%2Fnnzlc32%2F77%3Fkey=sue HTTP/1.1" 404 1251 "-" "Mozilla/5.0 AppleWebKit/537.36 (KHTML, like Gecko; compatible; GPTBot/1.2; +https://openai.com/gptbot)"
66.249.75.227 - - [22/Jun/2025:01:38:58 -0400] "GET /shopdetail/234041047 HTTP/1.1" 404 1251 "-" "Mozilla/5.0 (Linux; Android 6.0.1; Nexus 5X Build/MMB29P) AppleWebKit/537.36 (KHTML, like Gecko) Chrome/137.0.7151.103 Mobile Safari/537.36 (compatible; GoogleOther)"
20.171.207.105 - - [22/Jun/2025:01:38:58 -0400] "GET /search.php?items%2Fmdkia8%2F837%3Fkey=cry HTTP/1.1" 404 1251 "-" "Mozilla/5.0 AppleWebKit/537.36 (KHTML, like Gecko; compatible; GPTBot/1.2; +https://openai.com/gptbot)"
20.171.207.105 - - [22/Jun/2025:01:38:59 -0400] "GET /search.php?items%2Faflos1%2F244%3Fkey=fee HTTP/1.1" 404 1251 "-" "Mozilla/5.0 AppleWebKit/537.36 (KHTML, like Gecko; compatible; GPTBot/1.2; +https://openai.com/gptbot)"
20.171.207.105 - - [22/Jun/2025:01:39:01 -0400] "GET /search.php?items%2Fxcbmx46%2F31%3Fkey=sex HTTP/1.1" 404 1251 "-" "Mozilla/5.0 AppleWebKit/537.36 (KHTML, like Gecko; compatible; GPTBot/1.2; +https://openai.com/gptbot)"
20.171.207.105 - - [22/Jun/2025:01:39:02 -0400] "GET /search.php?items%2Faeqga8%2F263%3Fkey=pro HTTP/1.1" 404 1251 "-" "Mozilla/5.0 AppleWebKit/537.36 (KHTML, like Gecko; compatible; GPTBot/1.2; +https://openai.com/gptbot)"
20.171.207.105 - - [22/Jun/2025:01:39:03 -0400] "GET /search.php?items%2Fivcag5%2F524%3Fkey=her HTTP/1.1" 404 1251 "-" "Mozilla/5.0 AppleWebKit/537.36 (KHTML, like Gecko; compatible; GPTBot/1.2; +https://openai.com/gptbot)"
20.171.207.105 - - [22/Jun/2025:01:39:04 -0400] "GET /search.php?items%2Fbciea11%2F82%3Fkey=Jew HTTP/1.1" 404 1251 "-" "Mozilla/5.0 AppleWebKit/537.36 (KHTML, like Gecko; compatible; GPTBot/1.2; +https://openai.com/gptbot)"
20.171.207.105 - - [22/Jun/2025:01:39:05 -0400] "GET /search.php?items%2Fflzpe1%2F772%3Fkey=car HTTP/1.1" 404 1251 "-" "Mozilla/5.0 AppleWebKit/537.36 (KHTML, like Gecko; compatible; GPTBot/1.2; +https://openai.com/gptbot)"
20.171.207.105 - - [22/Jun/2025:01:39:06 -0400] "GET /search.php?items%2Fxhyzh9%2F556%3Fkey=tea HTTP/1.1" 404 1251 "-" "Mozilla/5.0 AppleWebKit/537.36 (KHTML, like Gecko; compatible; GPTBot/1.2; +https://openai.com/gptbot)"
20.171.207.105 - - [22/Jun/2025:01:39:07 -0400] "GET /search.php?items%2Femqap1%2F256%3Fkey=dam HTTP/1.1" 404 1251 "-" "Mozilla/5.0 AppleWebKit/537.36 (KHTML, like Gecko; compatible; GPTBot/1.2; +https://openai.com/gptbot)"
20.171.207.105 - - [22/Jun/2025:01:39:09 -0400] "GET /search.php?items%2Fqnoge3%2F322%3Fkey=aid HTTP/1.1" 404 1251 "-" "Mozilla/5.0 AppleWebKit/537.36 (KHTML, like Gecko; compatible; GPTBot/1.2; +https://openai.com/gptbot)"
20.171.207.105 - - [22/Jun/2025:01:39:10 -0400] "GET /search.php?items%2Faqxhp32%2F91%3Fkey=art HTTP/1.1" 404 1251 "-" "Mozilla/5.0 AppleWebKit/537.36 (KHTML, like Gecko; compatible; GPTBot/1.2; +https://openai.com/gptbot)"
20.171.207.105 - - [22/Jun/2025:01:39:11 -0400] "GET /search.php?items%2Fptcys33%2F78%3Fkey=two HTTP/1.1" 404 1251 "-" "Mozilla/5.0 AppleWebKit/537.36 (KHTML, like Gecko; compatible; GPTBot/1.2; +https://openai.com/gptbot)"
20.171.207.105 - - [22/Jun/2025:01:39:12 -0400] "GET /search.php?items%2Fzfyaw20%2F23%3Fkey=put HTTP/1.1" 404 1251 "-" "Mozilla/5.0 AppleWebKit/537.36 (KHTML, like Gecko; compatible; GPTBot/1.2; +https://openai.com/gptbot)"
20.171.207.105 - - [22/Jun/2025:01:39:13 -0400] "GET /search.php?items%2Fssgyq57%2F30%3Fkey=its HTTP/1.1" 404 1251 "-" "Mozilla/5.0 AppleWebKit/537.36 (KHTML, like Gecko; compatible; GPTBot/1.2; +https://openai.com/gptbot)"
20.171.207.105 - - [22/Jun/2025:01:39:14 -0400] "GET /search.php?items%2Fzkaiq2%2F723%3Fkey=fan HTTP/1.1" 404 1251 "-" "Mozilla/5.0 AppleWebKit/537.36 (KHTML, like Gecko; compatible; GPTBot/1.2; +https://openai.com/gptbot)"
20.171.207.105 - - [22/Jun/2025:01:39:16 -0400] "GET /search.php?items%2Fyhahf9%2F762%3Fkey=mad HTTP/1.1" 404 1251 "-" "Mozilla/5.0 AppleWebKit/537.36 (KHTML, like Gecko; compatible; GPTBot/1.2; +https://openai.com/gptbot)"
20.171.207.105 - - [22/Jun/2025:01:39:17 -0400] "GET /search.php?items%2Fzxmez52%2F15%3Fkey=put HTTP/1.1" 404 1251 "-" "Mozilla/5.0 AppleWebKit/537.36 (KHTML, like Gecko; compatible; GPTBot/1.2; +https://openai.com/gptbot)"
20.171.207.105 - - [22/Jun/2025:01:39:18 -0400] "GET /search.php?items%2Fqmqwy1%2F132%3Fkey=add HTTP/1.1" 404 1251 "-" "Mozilla/5.0 AppleWebKit/537.36 (KHTML, like Gecko; compatible; GPTBot/1.2; +https://openai.com/gptbot)"
66.249.75.229 - - [22/Jun/2025:01:39:18 -0400] "GET /shopdetail/017015954 HTTP/1.1" 404 1251 "-" "Mozilla/5.0 (Linux; Android 6.0.1; Nexus 5X Build/MMB29P) AppleWebKit/537.36 (KHTML, like Gecko) Chrome/137.0.7151.103 Mobile Safari/537.36 (compatible; GoogleOther)"
20.171.207.105 - - [22/Jun/2025:01:39:19 -0400] "GET /search.php?items%2Fanlht32%2F81%3Fkey=leg HTTP/1.1" 404 1251 "-" "Mozilla/5.0 AppleWebKit/537.36 (KHTML, like Gecko; compatible; GPTBot/1.2; +https://openai.com/gptbot)"
20.171.207.105 - - [22/Jun/2025:01:39:20 -0400] "GET /search.php?items%2Fmftsl5%2F550%3Fkey=cue HTTP/1.1" 404 1251 "-" "Mozilla/5.0 AppleWebKit/537.36 (KHTML, like Gecko; compatible; GPTBot/1.2; +https://openai.com/gptbot)"
20.171.207.105 - - [22/Jun/2025:01:39:21 -0400] "GET /search.php?items%2Foiyoa8%2F443%3Fkey=dot HTTP/1.1" 404 1251 "-" "Mozilla/5.0 AppleWebKit/537.36 (KHTML, like Gecko; compatible; GPTBot/1.2; +https://openai.com/gptbot)"
20.171.207.105 - - [22/Jun/2025:01:39:22 -0400] "GET /search.php?items%2Fzxmez33%2F34%3Fkey=fit HTTP/1.1" 404 1251 "-" "Mozilla/5.0 AppleWebKit/537.36 (KHTML, like Gecko; compatible; GPTBot/1.2; +https://openai.com/gptbot)"
20.171.207.105 - - [22/Jun/2025:01:39:24 -0400] "GET /search.php?items%2Ftpcea89%2F16%3Fkey=lip HTTP/1.1" 404 1251 "-" "Mozilla/5.0 AppleWebKit/537.36 (KHTML, like Gecko; compatible; GPTBot/1.2; +https://openai.com/gptbot)"
20.171.207.105 - - [22/Jun/2025:01:39:25 -0400] "GET /search.php?items%2Fssgyq45%2F42%3Fkey=cab HTTP/1.1" 404 1251 "-" "Mozilla/5.0 AppleWebKit/537.36 (KHTML, like Gecko; compatible; GPTBot/1.2; +https://openai.com/gptbot)"
20.171.207.105 - - [22/Jun/2025:01:39:26 -0400] "GET /search.php?items%2Fksfkb8%2F887%3Fkey=act HTTP/1.1" 404 1251 "-" "Mozilla/5.0 AppleWebKit/537.36 (KHTML, like Gecko; compatible; GPTBot/1.2; +https://openai.com/gptbot)"
20.171.207.105 - - [22/Jun/2025:01:39:27 -0400] "GET /search.php?items%2Fceabr9%2F884%3Fkey=tip HTTP/1.1" 404 1251 "-" "Mozilla/5.0 AppleWebKit/537.36 (KHTML, like Gecko; compatible; GPTBot/1.2; +https://openai.com/gptbot)"
20.171.207.105 - - [22/Jun/2025:01:39:28 -0400] "GET /search.php?items%2Fbciea50%2F43%3Fkey=sad HTTP/1.1" 404 1251 "-" "Mozilla/5.0 AppleWebKit/537.36 (KHTML, like Gecko; compatible; GPTBot/1.2; +https://openai.com/gptbot)"
20.171.207.105 - - [22/Jun/2025:01:39:29 -0400] "GET /search.php?items%2Fttmuf9%2F932%3Fkey=man HTTP/1.1" 404 1251 "-" "Mozilla/5.0 AppleWebKit/537.36 (KHTML, like Gecko; compatible; GPTBot/1.2; +https://openai.com/gptbot)"
20.171.207.105 - - [22/Jun/2025:01:39:30 -0400] "GET /search.php?items%2Fanlht72%2F41%3Fkey=set HTTP/1.1" 404 1251 "-" "Mozilla/5.0 AppleWebKit/537.36 (KHTML, like Gecko; compatible; GPTBot/1.2; +https://openai.com/gptbot)"
20.171.207.105 - - [22/Jun/2025:01:39:32 -0400] "GET /search.php?items%2Foxsdx2%2F725%3Fkey=eat HTTP/1.1" 404 1251 "-" "Mozilla/5.0 AppleWebKit/537.36 (KHTML, like Gecko; compatible; GPTBot/1.2; +https://openai.com/gptbot)"
20.171.207.105 - - [22/Jun/2025:01:39:33 -0400] "GET /search.php?items%2Fmwbhy83%2F96%3Fkey=why HTTP/1.1" 404 1251 "-" "Mozilla/5.0 AppleWebKit/537.36 (KHTML, like Gecko; compatible; GPTBot/1.2; +https://openai.com/gptbot)"
20.171.207.105 - - [22/Jun/2025:01:39:34 -0400] "GET /search.php?items%2Fuugkr4%2F233%3Fkey=sin HTTP/1.1" 404 1251 "-" "Mozilla/5.0 AppleWebKit/537.36 (KHTML, like Gecko; compatible; GPTBot/1.2; +https://openai.com/gptbot)"
20.171.207.105 - - [22/Jun/2025:01:39:35 -0400] "GET /search.php?items%2Fljskk1%2F820%3Fkey=use HTTP/1.1" 404 1251 "-" "Mozilla/5.0 AppleWebKit/537.36 (KHTML, like Gecko; compatible; GPTBot/1.2; +https://openai.com/gptbot)"
20.171.207.105 - - [22/Jun/2025:01:39:36 -0400] "GET /search.php?items%2Faqxhp40%2F83%3Fkey=hat HTTP/1.1" 404 1251 "-" "Mozilla/5.0 AppleWebKit/537.36 (KHTML, like Gecko; compatible; GPTBot/1.2; +https://openai.com/gptbot)"
20.171.207.105 - - [22/Jun/2025:01:39:37 -0400] "GET /search.php?items%2Fplfav35%2F24%3Fkey=era HTTP/1.1" 404 1251 "-" "Mozilla/5.0 AppleWebKit/537.36 (KHTML, like Gecko; compatible; GPTBot/1.2; +https://openai.com/gptbot)"
20.171.207.105 - - [22/Jun/2025:01:39:38 -0400] "GET /search.php?items%2Fkcgjt12%2F39%3Fkey=cat HTTP/1.1" 404 1251 "-" "Mozilla/5.0 AppleWebKit/537.36 (KHTML, like Gecko; compatible; GPTBot/1.2; +https://openai.com/gptbot)"
20.171.207.105 - - [22/Jun/2025:01:39:40 -0400] "GET /search.php?items%2Fsaafg1%2F292%3Fkey=son HTTP/1.1" 404 1251 "-" "Mozilla/5.0 AppleWebKit/537.36 (KHTML, like Gecko; compatible; GPTBot/1.2; +https://openai.com/gptbot)"
20.171.207.105 - - [22/Jun/2025:01:39:41 -0400] "GET /search.php?items%2Fuigel8%2F987%3Fkey=see HTTP/1.1" 404 1251 "-" "Mozilla/5.0 AppleWebKit/537.36 (KHTML, like Gecko; compatible; GPTBot/1.2; +https://openai.com/gptbot)"
20.171.207.105 - - [22/Jun/2025:01:39:42 -0400] "GET /search.php?items%2Fceshy46%2F17%3Fkey=raw HTTP/1.1" 404 1251 "-" "Mozilla/5.0 AppleWebKit/537.36 (KHTML, like Gecko; compatible; GPTBot/1.2; +https://openai.com/gptbot)"
20.171.207.105 - - [22/Jun/2025:01:39:43 -0400] "GET /search.php?items%2Faeobq57%2F32%3Fkey=pit HTTP/1.1" 404 1251 "-" "Mozilla/5.0 AppleWebKit/537.36 (KHTML, like Gecko; compatible; GPTBot/1.2; +https://openai.com/gptbot)"
20.171.207.105 - - [22/Jun/2025:01:39:44 -0400] "GET /search.php?items%2Fceabr1%2F892%3Fkey=pin HTTP/1.1" 404 1251 "-" "Mozilla/5.0 AppleWebKit/537.36 (KHTML, like Gecko; compatible; GPTBot/1.2; +https://openai.com/gptbot)"
20.171.207.105 - - [22/Jun/2025:01:39:45 -0400] "GET /search.php?items%2Fhavkf2%2F401%3Fkey=pat HTTP/1.1" 404 1251 "-" "Mozilla/5.0 AppleWebKit/537.36 (KHTML, like Gecko; compatible; GPTBot/1.2; +https://openai.com/gptbot)"
20.171.207.105 - - [22/Jun/2025:01:39:46 -0400] "GET /search.php?items%2Fnzscp67%2F420%3Fkey=next HTTP/1.1" 404 1251 "-" "Mozilla/5.0 AppleWebKit/537.36 (KHTML, like Gecko; compatible; GPTBot/1.2; +https://openai.com/gptbot)"
20.171.207.105 - - [22/Jun/2025:01:39:48 -0400] "GET /search.php?items%2Fpphix89%2F560%3Fkey=next HTTP/1.1" 404 1251 "-" "Mozilla/5.0 AppleWebKit/537.36 (KHTML, like Gecko; compatible; GPTBot/1.2; +https://openai.com/gptbot)"
20.171.207.105 - - [22/Jun/2025:01:39:49 -0400] "GET /search.php?items%2Fkxaqb42%2F933%3Fkey=next HTTP/1.1" 404 1251 "-" "Mozilla/5.0 AppleWebKit/537.36 (KHTML, like Gecko; compatible; GPTBot/1.2; +https://openai.com/gptbot)"
20.171.207.105 - - [22/Jun/2025:01:39:50 -0400] "GET /search.php?items%2Fnfjbq6%2F579%3Fkey=organ HTTP/1.1" 404 1251 "-" "Mozilla/5.0 AppleWebKit/537.36 (KHTML, like Gecko; compatible; GPTBot/1.2; +https://openai.com/gptbot)"
20.171.207.105 - - [22/Jun/2025:01:39:51 -0400] "GET /search.php?items%2Fplnga8%2F901%3Fkey=round HTTP/1.1" 404 1251 "-" "Mozilla/5.0 AppleWebKit/537.36 (KHTML, like Gecko; compatible; GPTBot/1.2; +https://openai.com/gptbot)"
20.171.207.105 - - [22/Jun/2025:01:39:52 -0400] "GET /search.php?items%2Ffbdgd46%2F85%3Fkey=owner HTTP/1.1" 404 1251 "-" "Mozilla/5.0 AppleWebKit/537.36 (KHTML, like Gecko; compatible; GPTBot/1.2; +https://openai.com/gptbot)"
20.171.207.105 - - [22/Jun/2025:01:39:53 -0400] "GET /search.php?items%2Fxwmfn65%2F98%3Fkey=robot HTTP/1.1" 404 1251 "-" "Mozilla/5.0 AppleWebKit/537.36 (KHTML, like Gecko; compatible; GPTBot/1.2; +https://openai.com/gptbot)"
20.171.207.105 - - [22/Jun/2025:01:39:54 -0400] "GET /search.php?items%2Fficjd1%2F546%3Fkey=world HTTP/1.1" 404 1251 "-" "Mozilla/5.0 AppleWebKit/537.36 (KHTML, like Gecko; compatible; GPTBot/1.2; +https://openai.com/gptbot)"
20.171.207.105 - - [22/Jun/2025:01:39:56 -0400] "GET /search.php?items%2Fobtkw9%2F618%3Fkey=funny HTTP/1.1" 404 1251 "-" "Mozilla/5.0 AppleWebKit/537.36 (KHTML, like Gecko; compatible; GPTBot/1.2; +https://openai.com/gptbot)"
66.249.75.2 - - [22/Jun/2025:01:39:57 -0400] "GET /shopdetail/085049862 HTTP/1.1" 404 1251 "-" "Mozilla/5.0 (Linux; Android 6.0.1; Nexus 5X Build/MMB29P) AppleWebKit/537.36 (KHTML, like Gecko) Chrome/137.0.7151.103 Mobile Safari/537.36 (compatible; Googlebot/2.1; +http://www.google.com/bot.html)"
20.171.207.105 - - [22/Jun/2025:01:39:57 -0400] "GET /search.php?items%2Fnfjbq5%2F580%3Fkey=labor HTTP/1.1" 404 1251 "-" "Mozilla/5.0 AppleWebKit/537.36 (KHTML, like Gecko; compatible; GPTBot/1.2; +https://openai.com/gptbot)"
20.171.207.105 - - [22/Jun/2025:01:39:58 -0400] "GET /search.php?items%2Fiuzft15%2F80%3Fkey=young HTTP/1.1" 404 1251 "-" "Mozilla/5.0 AppleWebKit/537.36 (KHTML, like Gecko; compatible; GPTBot/1.2; +https://openai.com/gptbot)"
20.171.207.105 - - [22/Jun/2025:01:39:59 -0400] "GET /search.php?items%2Fzfuux75%2F10%3Fkey=orbit HTTP/1.1" 404 1251 "-" "Mozilla/5.0 AppleWebKit/537.36 (KHTML, like Gecko; compatible; GPTBot/1.2; +https://openai.com/gptbot)"
66.249.75.1 - - [22/Jun/2025:01:39:59 -0400] "GET /pcmypage?callback=/product%2Fdetail%2v1097231127 HTTP/1.1" 404 1251 "-" "Mozilla/5.0 (Linux; Android 6.0.1; Nexus 5X Build/MMB29P) AppleWebKit/537.36 (KHTML, like Gecko) Chrome/137.0.7151.103 Mobile Safari/537.36 (compatible; Googlebot/2.1; +http://www.google.com/bot.html)"
20.171.207.105 - - [22/Jun/2025:01:40:00 -0400] "GET /search.php?items%2Fbfmxl1%2F568%3Fkey=novel HTTP/1.1" 404 1251 "-" "Mozilla/5.0 AppleWebKit/537.36 (KHTML, like Gecko; compatible; GPTBot/1.2; +https://openai.com/gptbot)"
20.171.207.105 - - [22/Jun/2025:01:40:01 -0400] "GET /search.php?items%2Fxwmfn84%2F79%3Fkey=blank HTTP/1.1" 404 1251 "-" "Mozilla/5.0 AppleWebKit/537.36 (KHTML, like Gecko; compatible; GPTBot/1.2; +https://openai.com/gptbot)"
